000
CXUS55 KALY 010710
CF6POU
PRELIMINARY LOCAL CLIMATOLOGICAL DATA (WS FORM: F-6)
STATION: POUGHKEEPSIE NY
MONTH: MARCH
YEAR: 2021
LATITUDE: 41 37 N
LONGITUDE: 73 53 W
TEMPERATURE IN F: :PCPN: SNOW: WIND :SUNSHINE: SKY :PK WND
================================================================================
1 2 3 4 5 6A 6B 7 8 9 10 11 12 13 14 15 16 17 18
12Z AVG MX 2MIN
DY MAX MIN AVG DEP HDD CDD WTR SNW DPTH SPD SPD DIR MIN PSBL S-S WX SPD DR
================================================================================
1 45 25 35 3 30 0 0.19 M M 9.2 31 290 M M 8 18 47 290
2 30 18 24 -8 41 0 0.00 M M 13.2 29 290 M M 0 42 290
3 49 20 35 3 30 0 0.00 M M 6.2 15 240 M M 3 20 260
4 41 25 33 0 32 0 0.00 M M 9.7 24 310 M M 6 32 290
5 35 22 29 -4 36 0 0.00 M M 10.7 23 280 M M 2 30 280
6 32 24 28 -5 37 0 T M M 7.7 16 300 M M 10 25 300
7 40 19 30 -4 35 0 0.00 M M 4.0 15 300 M M 3 19 330
8 41 14 28 -6 37 0 0.00 M M 2.3 12 340 M M 1 16 330
9 61 28 45 11 20 0 0.00 M M 4.7 18 280 M M 1 8 23 280
10 58 23 41 7 24 0 0.00 M M 3.6 13 170 M M 0 18 220
11 71 35 53 18 12 0 0.00 M M 3.8 16 170 M M 4 18 20 180
12 63 44 54 19 11 0 0.00 M M 10.6 26 290 M M 2 40 290
13 47 30 39 3 26 0 0.00 M M 9.3 22 350 M M 0 34 320
14 49 27 38 2 27 0 T M M 13.8 31 300 M M 5 8 42 330
15 36 20 28 -8 37 0 0.00 M M 9.5 25 330 M M 0 35 330
16 36 18 27 -10 38 0 T M M 2.7 10 230 M M 5 13 250
17 46 31 39 2 26 0 0.00 M M 2.5 10 240 M M 10 1 13 210
18 45 38 42 5 23 0 0.83 M M 7.3 24 360 M M 10 1 34 360
19 42 24 33 -5 32 0 0.00 M M 14.1 30 10 M M 1 41 20
20 59 19 39 1 26 0 0.00 M M 1.0 7 310 M M 0 9 220
21 65 23 44 6 21 0 0.00 M M 0.9 8 310 M M 0 11 230
22 65 27 46 7 19 0 0.00 M M 2.5 13 250 M M 0 16 250
23 68 28 48 9 17 0 0.00 M M 1.9 13 220 M M 0 15 220
24 59 37 48 8 17 0 0.34 M M 1.6 10 120 M M 7 1 17 130
25 73 50 62 22 3 0 0.02 M M 3.8 10 240 M M 6 12 14 260
26 80 53 67 27 0 2 0.02 M M 13.4 35 240 M M 8 1 46 260
27 64 40 52 11 13 0 0.00 M M 5.5 16 270 M M 2 22 250
28 56 48 52 11 13 0 0.68 M M 6.3 20 290 M M 8 1 31 280
29 53 31 42 0 23 0 T M M 11.9 32 270 M M 4 47 280
30 62 26 44 2 21 0 0.00 M M 6.3 17 150 M M 0 25 140
31 60 46 53 11 12 0 0.07 M M 5.6 25 360 M M 7 18 33 10
================================================================================
SM 1631 913 739 2 2.15 M 205.6 M 113
================================================================================
AV 52.6 29.5 6.6 FASTST M M 4 MAX(MPH)
MISC ----> 35 240 47 280
================================================================================
NOTES:
# LAST OF SEVERAL OCCURRENCES
COLUMN 17 PEAK WIND IN M.P.H.
PRELIMINARY LOCAL CLIMATOLOGICAL DATA (WS FORM: F-6) , PAGE 2
STATION: POUGHKEEPSIE NY
MONTH: MARCH
YEAR: 2021
LATITUDE: 41 37 N
LONGITUDE: 73 53 W
[TEMPERATURE DATA] [PRECIPITATION DATA] SYMBOLS USED IN COLUMN 16
AVERAGE MONTHLY: 41.0 TOTAL FOR MONTH: 2.15 1 = FOG OR MIST
DPTR FM NORMAL: 4.2 DPTR FM NORMAL: -1.42 2 = FOG REDUCING VISIBILITY
HIGHEST: 80 ON 26 GRTST 24HR 0.83 ON 18-18 TO 1/4 MILE OR LESS
LOWEST: 14 ON 8 3 = THUNDER
SNOW, ICE PELLETS, HAIL 4 = ICE PELLETS
TOTAL MONTH: M 5 = HAIL
GRTST 24HR M ON M 6 = FREEZING RAIN OR DRIZZLE
GRTST DEPTH: M ON M 7 = DUSTSTORM OR SANDSTORM:
VSBY 1/2 MILE OR LESS
8 = SMOKE OR HAZE
[NO. OF DAYS WITH] [WEATHER - DAYS WITH] 9 = BLOWING SNOW
X = TORNADO
MAX 32 OR BELOW: 2 0.01 INCH OR MORE: 7
MAX 90 OR ABOVE: 0 0.10 INCH OR MORE: 4
MIN 32 OR BELOW: 22 0.50 INCH OR MORE: 2
MIN 0 OR BELOW: 0 1.00 INCH OR MORE: 0
[HDD (BASE 65) ]
TOTAL THIS MO. 739 CLEAR (SCALE 0-3) 17
DPTR FM NORMAL -135 PTCLDY (SCALE 4-7) 11
TOTAL FM JUL 1 4890 CLOUDY (SCALE 8-10) 3
DPTR FM NORMAL -554
[CDD (BASE 65) ]
TOTAL THIS MO. 2
DPTR FM NORMAL 2 [PRESSURE DATA]
TOTAL FM JAN 1 2 HIGHEST SLP M ON M
DPTR FM NORMAL 2 LOWEST SLP 29.40 ON 28
[REMARKS]
#FINAL-03-21#