000
CXUS56 KFGZ 010910
CF6PRC
PRELIMINARY LOCAL CLIMATOLOGICAL DATA (WS FORM: F-6)
STATION: PRESCOTT AZ AIRPORT
MONTH: DECEMBER
YEAR: 2022
LATITUDE: 34 39 N
LONGITUDE: 112 26 W
TEMPERATURE IN F: :PCPN: SNOW: WIND :SUNSHINE: SKY :PK WND
================================================================================
1 2 3 4 5 6A 6B 7 8 9 10 11 12 13 14 15 16 17 18
12Z AVG MX 2MIN
DY MAX MIN AVG DEP HDD CDD WTR SNW DPTH SPD SPD DIR MIN PSBL S-S WX SPD DR
================================================================================
1 59 27 43 2 22 0 0.00 M M 7.0 18 190 M M 0 25 210
2 55 37 46 5 19 0 0.00 M M 6.2 16 150 M M 4 21 150
3 58 33 46 5 19 0 T M M 6.2 20 140 M M 4 1 24 140
4 60 41 51 11 14 0 0.01 M M 6.2 14 220 M M 6 12 17 200
5 55 34 45 5 20 0 0.00 M M 8.1 21 230 M M 5 12 26 240
6 55 40 48 8 17 0 0.00 M M 7.6 18 190 M M 6 24 220
7 50 27 39 -1 26 0 0.00 M M 6.8 20 230 M M 5 25 220
8 52 18 35 -5 30 0 0.00 M M 3.9 12 130 M M 0 14 130
9 54 20 37 -2 28 0 0.00 M M 3.8 10 190 M M 0 12 190
10 58 20 39 0 26 0 0.00 M M 4.3 16 140 M M 0 19 130
11 55 26 41 2 24 0 T M M 11.8 29 190 M M 2 38 200
12 41 21 31 -8 34 0 0.50 M M 5.8 24 190 M M 6 128 32 200
13 33 16 25 -14 40 0 0.02 M M 3.9 10 250 M M 5 12 14 300
14 39 13 26 -12 39 0 0.00 M M 4.6 12 310 M M 0 14 310
15 44 18 31 -7 34 0 0.00 M M 5.7 12 340 M M 0 17 330
16 43 18 31 -7 34 0 0.00 M M 4.3 13 310 M M 0 15 310
17 46 14 30 -8 35 0 0.00 M M 3.7 10 200 M M 0 12 190
18 49 25 37 -1 28 0 0.00 M M 3.1 10 360 M M 2 12 20
19 51 20 36 -2 29 0 0.00 M M 3.4 12 200 M M 0 13 190
20 51 24 38 0 27 0 0.00 M M 2.5 10 180 M M 0 12 180
21 55 22 39 1 26 0 0.00 M M 4.7 14 340 M M 0 17 330
22 57 23 40 2 25 0 0.00 M M 3.8 10 200 M M 0 13 320
23 60 30 45 7 20 0 0.00 M M 3.4 10 190 M M 0 12 350
24 61 27 44 6 21 0 0.00 M M 6.0 18 340 M M 0 22 350
25 63 29 46 8 19 0 0.00 M M 3.9 10 200 M M 0 11 200
26 66 29 48 10 17 0 0.00 M M 3.3 9 140 M M 0 11 10
27 62 34 48 10 17 0 0.01 M M 8.8 25 220 M M 4 34 210
28 47 36 42 4 23 0 0.30 M M 8.9 20 230 M M 7 1 24 230
29 47 30 39 1 26 0 0.05 M M 5.7 16 180 M M 6 12 22 200
30 47 36 42 4 23 0 T M M 4.9 13 180 M M 9 12 18 190
31 49 42 46 8 19 0 0.00 M M 8.7 20 190 M M 10 1 26 190
================================================================================
SM 1622 830 781 0 0.89 M 171.0 M 81
================================================================================
AV 52.3 26.8 5.5 FASTST M M 3 MAX(MPH)
MISC ----> 29 190 38 200
================================================================================
NOTES:
# LAST OF SEVERAL OCCURRENCES
COLUMN 17 PEAK WIND IN M.P.H.
PRELIMINARY LOCAL CLIMATOLOGICAL DATA (WS FORM: F-6) , PAGE 2
STATION: PRESCOTT AZ AIRPORT
MONTH: DECEMBER
YEAR: 2022
LATITUDE: 34 39 N
LONGITUDE: 112 26 W
[TEMPERATURE DATA] [PRECIPITATION DATA] SYMBOLS USED IN COLUMN 16
AVERAGE MONTHLY: 39.5 TOTAL FOR MONTH: 0.89 1 = FOG OR MIST
DPTR FM NORMAL: 0.6 DPTR FM NORMAL: -0.10 2 = FOG REDUCING VISIBILITY
HIGHEST: 66 ON 26 GRTST 24HR 0.50 ON 11-12 TO 1/4 MILE OR LESS
LOWEST: 13 ON 14 3 = THUNDER
SNOW, ICE PELLETS, HAIL 4 = ICE PELLETS
TOTAL MONTH: M 5 = HAIL
GRTST 24HR M ON M 6 = FREEZING RAIN OR DRIZZLE
GRTST DEPTH: M ON M 7 = DUSTSTORM OR SANDSTORM:
VSBY 1/2 MILE OR LESS
8 = SMOKE OR HAZE
[NO. OF DAYS WITH] [WEATHER - DAYS WITH] 9 = BLOWING SNOW
X = TORNADO
MAX 32 OR BELOW: 0 0.01 INCH OR MORE: 6
MAX 90 OR ABOVE: 0 0.10 INCH OR MORE: 2
MIN 32 OR BELOW: 22 0.50 INCH OR MORE: 1
MIN 0 OR BELOW: 0 1.00 INCH OR MORE: 0
[HDD (BASE 65) ]
TOTAL THIS MO. 781 CLEAR (SCALE 0-3) 18
DPTR FM NORMAL -30 PTCLDY (SCALE 4-7) 11
TOTAL FM JUL 1 1707 CLOUDY (SCALE 8-10) 2
DPTR FM NORMAL 98
[CDD (BASE 65) ]
TOTAL THIS MO. 0
DPTR FM NORMAL 0 [PRESSURE DATA]
TOTAL FM JAN 1 1111 HIGHEST SLP M ON M
DPTR FM NORMAL 43 LOWEST SLP 29.62 ON 11
[REMARKS]
#FINAL-12-22#