948
CXUS56 KFGZ 010900
CF6PRC
PRELIMINARY LOCAL CLIMATOLOGICAL DATA (WS FORM: F-6)
STATION: PRESCOTT AZ AIRPORT
MONTH: MAY
YEAR: 2020
LATITUDE: 34 39 N
LONGITUDE: 112 26 W
TEMPERATURE IN F: :PCPN: SNOW: WIND :SUNSHINE: SKY :PK WND
================================================================================
1 2 3 4 5 6A 6B 7 8 9 10 11 12 13 14 15 16 17 18
12Z AVG MX 2MIN
DY MAX MIN AVG DEP HDD CDD WTR SNW DPTH SPD SPD DIR MIN PSBL S-S WX SPD DR
================================================================================
1 81 45 63 6 2 0 0.00 M M 8.5 20 210 M M 0 27 170
2 78 51 65 8 0 0 0.00 M M 10.3 24 220 M M 0 33 230
3 78 46 62 4 3 0 0.00 M M 11.1 26 230 M M 0 34 240
4 80 44 62 4 3 0 0.00 M M 5.6 14 20 M M 0 18 20
5 85 46 66 8 0 1 0.00 0.0 0 6.3 14 250 M M 0 19 250
6 87 48 68 9 0 3 0.00 0.0 0 8.1 18 250 M M 0 23 200
7 86 49 68 9 0 3 0.00 M M 8.1 20 250 M M 0 28 310
8 84 53 69 10 0 4 0.00 M M 7.7 23 230 M M 0 27 250
9 83 52 68 8 0 3 0.00 M M 7.9 22 240 M M 0 30 240
10 80 56 68 8 0 3 0.08 M M 10.4 23 280 M M 2 3 28 220
11 80 52 66 6 0 1 0.01 M M 10.8 28 230 M M 1 3 36 240
12 75 47 61 1 4 0 0.00 M M 10.9 29 230 M M 0 44 240
13 72 48 60 -1 5 0 0.00 M M 10.5 23 230 M M 0 32 180
14 74 46 60 -1 5 0 0.00 M M 7.7 17 230 M M 0 23 200
15 77 47 62 1 3 0 0.00 M M 6.2 17 250 M M 0 22 270
16 81 49 65 3 0 0 0.00 M M 6.9 17 250 M M 0 23 270
17 79 50 65 3 0 0 0.00 M M 10.8 25 230 M M 0 30 230
18 78 46 62 0 3 0 0.00 M M 10.9 24 180 M M 0 34 220
19 71 46 59 -4 6 0 0.00 M M 12.8 32 200 M M 0 41 210
20 69 36 53 -10 12 0 0.00 M M 6.7 17 250 M M 0 24 300
21 74 39 57 -6 8 0 0.00 M M 5.1 13 330 M M 0 18 310
22 75 45 60 -3 5 0 0.00 M M 10.7 26 230 M M 0 33 230
23 74 52 63 -1 2 0 0.00 M M 9.9 24 230 M M 0 29 230
24 77 46 62 -2 3 0 0.00 M M 8.3 18 330 M M 0 30 340
25 79 44 62 -2 3 0 0.00 M M 7.4 17 20 M M 0 23 360
26 86 45 66 1 0 1 0.00 M M 5.8 15 280 M M 0 19 280
27 91 55 73 8 0 8 0.00 M M 7.1 17 240 M M 0 24 240
28 93 57 75 10 0 10 0.00 M M 5.3 17 250 M M 0 22 270
29 94 58 76 10 0 11 0.00 M M 7.8 22 220 M M 0 28 230
30 90 61 76 10 0 11 0.00 M M 11.0 25 210 M M 0 33 220
31 88 64 76 10 0 11 0.00 0.0 0 11.6 24 220 M M 0 31 200
================================================================================
SM 2499 1523 67 70 0.09 0.0 268.2 M 3
================================================================================
AV 80.6 49.1 8.7 FASTST M M 0 MAX(MPH)
MISC ----> # 32 200 # 44 240
================================================================================
NOTES:
# LAST OF SEVERAL OCCURRENCES
COLUMN 17 PEAK WIND IN M.P.H.
PRELIMINARY LOCAL CLIMATOLOGICAL DATA (WS FORM: F-6) , PAGE 2
STATION: PRESCOTT AZ AIRPORT
MONTH: MAY
YEAR: 2020
LATITUDE: 34 39 N
LONGITUDE: 112 26 W
[TEMPERATURE DATA] [PRECIPITATION DATA] SYMBOLS USED IN COLUMN 16
AVERAGE MONTHLY: 64.9 TOTAL FOR MONTH: 0.09 1 = FOG OR MIST
DPTR FM NORMAL: 3.3 DPTR FM NORMAL: -0.37 2 = FOG REDUCING VISIBILITY
HIGHEST: 94 ON 29 GRTST 24HR 0.08 ON 10-10 TO 1/4 MILE OR LESS
LOWEST: 36 ON 20 3 = THUNDER
SNOW, ICE PELLETS, HAIL 4 = ICE PELLETS
TOTAL MONTH: 0.0 INCH 5 = HAIL
GRTST 24HR 0.0 6 = FREEZING RAIN OR DRIZZLE
GRTST DEPTH: 0 7 = DUSTSTORM OR SANDSTORM:
VSBY 1/2 MILE OR LESS
8 = SMOKE OR HAZE
[NO. OF DAYS WITH] [WEATHER - DAYS WITH] 9 = BLOWING SNOW
X = TORNADO
MAX 32 OR BELOW: 0 0.01 INCH OR MORE: 2
MAX 90 OR ABOVE: 4 0.10 INCH OR MORE: 0
MIN 32 OR BELOW: 0 0.50 INCH OR MORE: 0
MIN 0 OR BELOW: 0 1.00 INCH OR MORE: 0
[HDD (BASE 65) ]
TOTAL THIS MO. 67 CLEAR (SCALE 0-3) 31
DPTR FM NORMAL -77 PTCLDY (SCALE 4-7) 0
TOTAL FM JUL 1 3992 CLOUDY (SCALE 8-10) 0
DPTR FM NORMAL -271
[CDD (BASE 65) ]
TOTAL THIS MO. 70
DPTR FM NORMAL 30 [PRESSURE DATA]
TOTAL FM JAN 1 80 HIGHEST SLP M ON M
DPTR FM NORMAL 38 LOWEST SLP 29.72 ON M
[REMARKS]
#FINAL-05-20#