000
CXUS54 KFWD 010141
CF6PRX
PRELIMINARY LOCAL CLIMATOLOGICAL DATA (WS FORM: F-6)
STATION: PARIS
MONTH: DECEMBER
YEAR: 2020
LATITUDE: 33 37 N
LONGITUDE: 95 27 W
TEMPERATURE IN F: :PCPN: SNOW: WIND :SUNSHINE: SKY :PK WND
================================================================================
1 2 3 4 5 6A 6B 7 8 9 10 11 12 13 14 15 16 17 18
12Z AVG MX 2MIN
DY MAX MIN AVG DEP HDD CDD WTR SNW DPTH SPD SPD DIR MIN PSBL S-S WX SPD DR
================================================================================
1 58 22 40 -8 25 0 0.00 M M 8.5 17 180 M M 0 23 180
2 46 42 44 -4 21 0 0.95 M M 10.5 17 120 M M 10 1 M M
3 48 39 44 -4 21 0 T M M 8.0 13 320 M M 10 1 M M
4 54 33 44 -3 21 0 0.00 M M 6.3 12 260 M M 3 M M
5 63 31 47 0 18 0 0.00 M M 5.2 9 260 M M 0 M M
6 59 39 49 2 16 0 0.02 M M 9.0 15 320 M M 4 M M
7 59 34 47 1 18 0 0.00 M M 6.7 12 320 M M 0 M M
8 69 34 52 6 13 0 0.00 M M 5.9 13 280 M M 0 M M
9 78 35 57 11 8 0 0.00 M M 5.5 12 210 M M 0 M M
10 76 37 57 11 8 0 0.00 M M 9.4 18 180 M M 0 23 200
11 62 45 54 9 11 0 0.16 M M 9.0 17 310 M M 6 1 M M
12 51 36 44 -1 21 0 0.00 M M 8.3 13 330 M M 1 M M
13 40 33 37 -8 28 0 0.81 M M 12.5 23 330 M M 9 1 29 330
14 49 28 39 -6 26 0 0.00 M M 7.4 18 330 M M 2 1 23 330
15 35 29 32 -12 33 0 0.09 M M 8.6 16 100 M M 8 1 M M
16 39 28 34 -10 31 0 0.00 M M 7.4 16 320 M M 9 M M
17 57 24 41 -3 24 0 0.00 M M 5.4 12 260 M M 0 M M
18 57 30 44 0 21 0 0.00 M M 9.7 15 160 M M 3 M M
19 52 36 44 0 21 0 0.00 M M 5.9 17 120 M M 9 12 M M
20 61 30 46 2 19 0 0.00 M M 4.9 14 290 M M 2 12 M M
21 70 33 52 8 13 0 0.00 M M 6.1 14 250 M M 0 M M
22 70 37 54 11 11 0 0.00 M M 9.7 17 170 M M 2 26 170
23 71 34 53 10 12 0 0.00 M M 19.1 29 330 M M 5 41 340
24 48 26 37 -6 28 0 0.00 M M 13.6 24 290 M M 0 33 340
25 53 27 40 -3 25 0 0.00 M M 5.2 8 160 M M 0 M M
26 68 29 49 6 16 0 0.00 M M 8.8 13 230 M M 0 18 230
27 70 45 58 15 7 0 0.00 M M 13.8 29 210 M M 0 40 210
28 62 38 50 7 15 0 T M M 10.4 15 90 M M 4 M M
29 66 47 57 14 8 0 0.00 M M 13.6 21 120 M M 8 25 110
30 59 39 49 6 16 0 0.57 M M 14.4 22 340 M M 10 1 31 350
31 43 36 40 -3 25 0 2.80 M M 14.0 21 50 M M 10 1 30 50
================================================================================
SM 1793 1056 580 0 5.40 M 282.8 M 115
================================================================================
AV 57.8 34.1 9.1 FASTST M M 4 MAX(MPH)
MISC ----> 29 210 41 340
================================================================================
NOTES:
# LAST OF SEVERAL OCCURRENCES
COLUMN 17 PEAK WIND IN M.P.H.
PRELIMINARY LOCAL CLIMATOLOGICAL DATA (WS FORM: F-6) , PAGE 2
STATION: PARIS
MONTH: DECEMBER
YEAR: 2020
LATITUDE: 33 37 N
LONGITUDE: 95 27 W
[TEMPERATURE DATA] [PRECIPITATION DATA] SYMBOLS USED IN COLUMN 16
AVERAGE MONTHLY: 46.0 TOTAL FOR MONTH: 5.40 1 = FOG OR MIST
DPTR FM NORMAL: 1.3 DPTR FM NORMAL: 1.41 2 = FOG REDUCING VISIBILITY
HIGHEST: 78 ON 9 GRTST 24HR 2.80 ON 31-31 TO 1/4 MILE OR LESS
LOWEST: 22 ON 1 3 = THUNDER
SNOW, ICE PELLETS, HAIL 4 = ICE PELLETS
TOTAL MONTH: M 5 = HAIL
GRTST 24HR M ON M 6 = FREEZING RAIN OR DRIZZLE
GRTST DEPTH: M ON M 7 = DUSTSTORM OR SANDSTORM:
VSBY 1/2 MILE OR LESS
8 = SMOKE OR HAZE
[NO. OF DAYS WITH] [WEATHER - DAYS WITH] 9 = BLOWING SNOW
X = TORNADO
MAX 32 OR BELOW: 0 0.01 INCH OR MORE: 7
MAX 90 OR ABOVE: 0 0.10 INCH OR MORE: 5
MIN 32 OR BELOW: 11 0.50 INCH OR MORE: 4
MIN 0 OR BELOW: 0 1.00 INCH OR MORE: 1
[HDD (BASE 65) ]
TOTAL THIS MO. 580 CLEAR (SCALE 0-3) 18
DPTR FM NORMAL -50 PTCLDY (SCALE 4-7) 5
TOTAL FM JUL 1 989 CLOUDY (SCALE 8-10) 8
DPTR FM NORMAL -76
[CDD (BASE 65) ]
TOTAL THIS MO. 0
DPTR FM NORMAL -3 [PRESSURE DATA]
TOTAL FM JAN 1 2019 HIGHEST SLP 30.43 ON 14
DPTR FM NORMAL -523 LOWEST SLP 29.81 ON 23
[REMARKS]
#FINAL-12-20#