000
CXUS55 KALY 010710
CF6PSF
PRELIMINARY LOCAL CLIMATOLOGICAL DATA (WS FORM: F-6)
STATION: PITTSFIELD MA
MONTH: JUNE
YEAR: 2023
LATITUDE: 42 25 N
LONGITUDE: 73 18 W
TEMPERATURE IN F: :PCPN: SNOW: WIND :SUNSHINE: SKY :PK WND
================================================================================
1 2 3 4 5 6A 6B 7 8 9 10 11 12 13 14 15 16 17 18
12Z AVG MX 2MIN
DY MAX MIN AVG DEP HDD CDD WTR SNW DPTH SPD SPD DIR MIN PSBL S-S WX SPD DR
================================================================================
1 87 48 68 8 0 3 0.00 M M 2.8 13 290 M M 0 16 300
2 90 55 73 13 0 8 0.40 M M 3.2 20 30 M M 2 13 26 20
3 63 48 56 -5 9 0 0.01 M M 6.0 15 60 M M 10 128 21 50
4 59 46 53 -8 12 0 0.00 M M 6.2 17 330 M M 8 24 320
5 70 47 59 -2 6 0 0.00 M M 7.0 20 340 M M 6 28 340
6 67 47 57 -5 8 0 0.25 M M 7.6 22 30 M M 4 138 31 30
7 62 45 54 -8 11 0 T M M 7.6 16 300 M M 8 18 23 300
8 62 44 53 -9 12 0 T M M 5.5 10 280 M M 8 18 13 280
9 66 43 55 -7 10 0 T M M 3.6 18 330 M M 9 12 24 350
10 69 48 59 -3 6 0 0.00 M M 4.8 15 280 M M 6 1 19 270
11 79 45 62 -1 3 0 T M M 3.0 14 150 M M 1 12 17 160
12 78 60 69 6 0 4 T M M 7.0 23 130 M M 5 18 30 130
13 70 51 61 -2 4 0 0.22 M M 5.6 20 290 M M 7 1 24 270
14 71 49 60 -4 5 0 1.08 M M 4.1 20 260 M M 8 123 25 140
15 75 56 66 2 0 1 0.06 M M 8.1 15 280 M M 6 1 20 300
16 68 51 60 -4 5 0 0.28 M M 2.6 10 360 M M 6 1 12 220
17 63 57 60 -4 5 0 0.20 M M 6.5 15 280 M M 10 1 19 290
18 71 52 62 -3 3 0 0.02 M M 6.7 14 340 M M 9 1 19 330
19 76 49 63 -2 2 0 0.00 M M 2.7 9 120 M M 5 12 13 320
20 79 56 68 3 0 3 0.00 M M 3.8 16 110 M M 8 21 110
21 73 53 63 -2 2 0 0.00 M M 5.8 15 120 M M 6 21 130
22 76 48 62 -4 3 0 0.00 M M 4.7 12 120 M M 0 1 16 90
23 79 54 67 1 0 2 0.13 M M 4.4 15 150 M M 6 1 20 150
24 76 66 71 5 0 6 1.29 M M 5.0 15 230 M M 8 13 19 230
25 85 64 75 9 0 10 1.03 M M 2.7 12 130 M M 7 1238 15 130
26 77 64 71 5 0 6 0.76 M M 4.0 16 260 M M 9 123 23 120
27 75 60 68 1 0 3 0.48 M M 6.9 15 190 M M 6 13 23 200
28 75 60 68 1 0 3 0.09 M M 6.9 16 270 M M 9 13 22 270
29 77 59 68 1 0 3 0.00 M M 4.5 13 280 M M 7 18 18 280
30 82 57 70 3 0 5 0.00 M M 1.4 14 160 M M 4 128 17 170
================================================================================
SM 2200 1582 106 57 6.30 M 150.7 M 188
================================================================================
AV 73.3 52.7 5.0 FASTST M M 6 MAX(MPH)
MISC ----> 23 130 31 30
================================================================================
NOTES:
# LAST OF SEVERAL OCCURRENCES
COLUMN 17 PEAK WIND IN M.P.H.
PRELIMINARY LOCAL CLIMATOLOGICAL DATA (WS FORM: F-6) , PAGE 2
STATION: PITTSFIELD MA
MONTH: JUNE
YEAR: 2023
LATITUDE: 42 25 N
LONGITUDE: 73 18 W
[TEMPERATURE DATA] [PRECIPITATION DATA] SYMBOLS USED IN COLUMN 16
AVERAGE MONTHLY: 63.0 TOTAL FOR MONTH: 6.30 1 = FOG OR MIST
DPTR FM NORMAL: -0.9 DPTR FM NORMAL: 1.72 2 = FOG REDUCING VISIBILITY
HIGHEST: 90 ON 2 GRTST 24HR 1.78 ON 24-25 TO 1/4 MILE OR LESS
LOWEST: 43 ON 9 3 = THUNDER
SNOW, ICE PELLETS, HAIL 4 = ICE PELLETS
TOTAL MONTH: M 5 = HAIL
GRTST 24HR M ON M 6 = FREEZING RAIN OR DRIZZLE
GRTST DEPTH: M ON M 7 = DUSTSTORM OR SANDSTORM:
VSBY 1/2 MILE OR LESS
8 = SMOKE OR HAZE
[NO. OF DAYS WITH] [WEATHER - DAYS WITH] 9 = BLOWING SNOW
X = TORNADO
MAX 32 OR BELOW: 0 0.01 INCH OR MORE: 15
MAX 90 OR ABOVE: 1 0.10 INCH OR MORE: 11
MIN 32 OR BELOW: 0 0.50 INCH OR MORE: 4
MIN 0 OR BELOW: 0 1.00 INCH OR MORE: 3
[HDD (BASE 65) ]
TOTAL THIS MO. 106 CLEAR (SCALE 0-3) 4
DPTR FM NORMAL 12 PTCLDY (SCALE 4-7) 19
TOTAL FM JUL 1 6446 CLOUDY (SCALE 8-10) 7
DPTR FM NORMAL -777
[CDD (BASE 65) ]
TOTAL THIS MO. 57
DPTR FM NORMAL -2 [PRESSURE DATA]
TOTAL FM JAN 1 64 HIGHEST SLP M ON M
DPTR FM NORMAL -11 LOWEST SLP 29.40 ON 14
[REMARKS]
#FINAL-06-23#