000
CXUS54 KHGX 011510
CF6PSX
PRELIMINARY LOCAL CLIMATOLOGICAL DATA (WS FORM: F-6)
STATION: PALACIOS
MONTH: NOVEMBER
YEAR: 2022
LATITUDE: 28 43 N
LONGITUDE: 96 15 W
TEMPERATURE IN F: :PCPN: SNOW: WIND :SUNSHINE: SKY :PK WND
================================================================================
1 2 3 4 5 6A 6B 7 8 9 10 11 12 13 14 15 16 17 18
12Z AVG MX 2MIN
DY MAX MIN AVG DEP HDD CDD WTR SNW DPTH SPD SPD DIR MIN PSBL S-S WX SPD DR
================================================================================
1 68 61 65 -4 0 0 2.05 0.0 0 13.7 18 80 M M 8 1 30 60
2 80 62 71 3 0 6 0.00 0.0 0 12.0 17 80 M M 9 25 80
3 84 70 77 9 0 12 0.00 0.0 0 10.4 18 140 M M 3 12 24 130
4 85 64 75 7 0 10 T 0.0 0 15.3 30 350 M M 8 1 37 350
5 77 60 69 1 0 4 0.16 0.0 0 9.2 24 360 M M 5 13 32 330
6 85 63 74 7 0 9 0.00 0.0 0 9.8 18 160 M M 5 26 160
7 86 71 79 12 0 14 0.00 0.0 0 9.6 16 110 M M 2 21 120
8 84 67 76 9 0 11 0.00 0.0 0 10.1 18 120 M M 6 12 24 110
9 83 65 74 8 0 9 0.00 0.0 0 8.9 18 130 M M 3 12 26 120
10 82 69 76 10 0 11 0.00 0.0 0 8.7 16 150 M M 2 1 21 150
11 82 48 65 -1 0 0 0.02 0.0 0 12.3 35 350 M M 5 1 47 350
12 64 43 54 -11 11 0 0.00 0.0 0 18.7 30 360 M M 3 47 360
13 62 38 50 -15 15 0 0.00 0.0 0 10.4 17 40 M M 4 22 40
14 74 49 62 -3 3 0 0.22 0.0 0 13.6 26 340 M M 9 1 34 330
15 57 44 51 -14 14 0 0.00 0.0 0 15.0 24 360 M M 5 33 350
16 51 43 47 -17 18 0 0.00 0.0 0 10.3 18 40 M M 8 23 30
17 54 48 51 -13 14 0 0.05 0.0 0 7.4 15 20 M M 10 18 20
18 60 48 54 -10 11 0 0.09 0.0 0 12.5 20 30 M M 10 26 40
19 49 43 46 -18 19 0 1.34 0.0 0 20.8 32 30 M M 10 13 42 30
20 56 43 50 -13 15 0 0.00 0.0 0 12.9 21 10 M M 9 26 360
21 48 45 47 -16 18 0 0.39 0.0 0 13.9 22 20 M M 10 13 27 20
22 55 46 51 -12 14 0 0.21 0.0 0 9.6 17 20 M M 10 1 21 10
23 71 48 60 -2 5 0 0.00 0.0 0 10.2 20 90 M M 5 1 24 80
24 79 64 72 10 0 7 0.07 0.0 0 10.0 20 40 M M 10 13 26 40
25 64 61 63 1 2 0 1.54 0.0 0 13.9 24 30 M M 8 123 30 30
26 69 53 61 -1 4 0 0.91 0.0 0 13.6 31 310 M M 4 13 45 110
27 75 54 65 3 0 0 0.00 0.0 0 8.4 17 230 M M 0 12 23 220
28 72 52 62 1 3 0 0.00 0.0 0 8.5 15 110 M M 5 20 110
29 76 70 73 12 0 8 0.00 0.0 0 9.3 15 180 M M 10 12 22 160
30 71 46 59 -2 6 0 0.00 0.0 0 15.5 30 350 M M 2 12 43 350
================================================================================
SM 2103 1638 172 101 7.05 0.0 354.5 M 188
================================================================================
AV 70.1 54.6 11.8 FASTST M M 6 MAX(MPH)
MISC ----> 35 350 # 47 350
================================================================================
NOTES:
# LAST OF SEVERAL OCCURRENCES
COLUMN 17 PEAK WIND IN M.P.H.
PRELIMINARY LOCAL CLIMATOLOGICAL DATA (WS FORM: F-6) , PAGE 2
STATION: PALACIOS
MONTH: NOVEMBER
YEAR: 2022
LATITUDE: 28 43 N
LONGITUDE: 96 15 W
[TEMPERATURE DATA] [PRECIPITATION DATA] SYMBOLS USED IN COLUMN 16
AVERAGE MONTHLY: 62.4 TOTAL FOR MONTH: 7.05 1 = FOG OR MIST
DPTR FM NORMAL: -2.2 DPTR FM NORMAL: 3.66 2 = FOG REDUCING VISIBILITY
HIGHEST: 86 ON 7 GRTST 24HR 2.45 ON 25-26 TO 1/4 MILE OR LESS
LOWEST: 38 ON 13 3 = THUNDER
SNOW, ICE PELLETS, HAIL 4 = ICE PELLETS
TOTAL MONTH: 0.0 INCH 5 = HAIL
GRTST 24HR 0.0 6 = FREEZING RAIN OR DRIZZLE
GRTST DEPTH: 0 7 = DUSTSTORM OR SANDSTORM:
VSBY 1/2 MILE OR LESS
8 = SMOKE OR HAZE
[NO. OF DAYS WITH] [WEATHER - DAYS WITH] 9 = BLOWING SNOW
X = TORNADO
MAX 32 OR BELOW: 0 0.01 INCH OR MORE: 12
MAX 90 OR ABOVE: 0 0.10 INCH OR MORE: 8
MIN 32 OR BELOW: 0 0.50 INCH OR MORE: 4
MIN 0 OR BELOW: 0 1.00 INCH OR MORE: 3
[HDD (BASE 65) ]
TOTAL THIS MO. 172 CLEAR (SCALE 0-3) 5
DPTR FM NORMAL 58 PTCLDY (SCALE 4-7) 13
TOTAL FM JUL 1 187 CLOUDY (SCALE 8-10) 12
DPTR FM NORMAL 57
[CDD (BASE 65) ]
TOTAL THIS MO. 101
DPTR FM NORMAL -1 [PRESSURE DATA]
TOTAL FM JAN 1 3764 HIGHEST SLP 30.49 ON 17
DPTR FM NORMAL 280 LOWEST SLP 29.73 ON 29
[REMARKS]
#FINAL-11-22#