000
CXUS56 KOTX 010910
CF6PUW
PRELIMINARY LOCAL CLIMATOLOGICAL DATA (WS FORM: F-6)
STATION: PULLMAN_MOSCOW AIRPORT
MONTH: AUGUST
YEAR: 2023
LATITUDE: 46 44 N
LONGITUDE: 117 7 W
TEMPERATURE IN F: :PCPN: SNOW: WIND :SUNSHINE: SKY :PK WND
================================================================================
1 2 3 4 5 6A 6B 7 8 9 10 11 12 13 14 15 16 17 18
12Z AVG MX 2MIN
DY MAX MIN AVG DEP HDD CDD WTR SNW DPTH SPD SPD DIR MIN PSBL S-S WX SPD DR
================================================================================
1 89 46 68 -1 0 3 0.00 M M 2.6 10 330 M M 0 8 15 330
2 90 48 69 0 0 4 0.00 M M 3.9 12 290 M M 0 8 17 290
3 90 52 71 2 0 6 0.00 M M 4.1 14 270 M M 0 8 17 260
4 84 57 71 2 0 6 0.00 M M 6.1 20 270 M M 1 8 27 270
5 80 61 71 2 0 6 T M M 3.9 17 120 M M 5 22 120
6 75 59 67 -1 0 2 0.02 M M 4.8 12 310 M M 4 18 15 320
7 74 58 66 -2 0 1 0.01 M M 6.6 20 260 M M 5 138 27 270
8 81 57 69 1 0 4 0.00 M M 4.7 12 90 M M 4 1 15 150
9 79 57 68 0 0 3 0.03 M M 4.7 15 220 M M 3 20 220
10 79 51 65 -3 0 0 0.00 M M 8.2 20 240 M M 1 25 270
11 82 47 65 -3 0 0 0.00 M M 3.6 15 250 M M 0 8 22 270
12 84 50 67 -1 0 2 0.00 M M 4.5 14 270 M M 0 18 260
13 91 51 71 3 0 6 0.00 M M 2.7 12 10 M M 0 8 15 100
14 97 56 77 10 0 12 0.00 M M 3.4 13 100 M M 0 15 90
15 100 62 81 14 0 16 0.00 M M 5.4 15 280 M M 0 8 20 290
16 98 61 80 13 0 15 0.00 M M 4.3 16 240 M M 0 8 22 240
17 99 58 79 12 0 14 0.00 M M 7.9 24 260 M M 1 8 32 260
18 85 54 70 3 0 5 0.00 M M 11.9 26 240 M M 2 8 35 230
19 85 42 64 -3 1 0 0.00 M M 2.7 10 360 M M 3 8 14 350
20 79 49 64 -2 1 0 0.00 M M 3.9 12 90 M M 7 8 14 90
21 72 61 67 1 0 2 0.11 M M 7.9 18 100 M M 4 18 23 100
22 62 55 59 -7 6 0 0.31 M M 3.9 12 270 M M 9 18 16 270
23 71 47 59 -7 6 0 0.00 M M 4.1 14 220 M M 2 18 18 220
24 82 41 62 -4 3 0 0.00 M M 2.3 12 10 M M 0 18 18 360
25 75 52 64 -1 1 0 0.09 M M 5.2 17 200 M M 2 8 22 200
26 92 58 75 10 0 10 0.00 M M 5.3 21 210 M M 0 8 25 210
27 94 60 77 12 0 12 0.00 M M 4.4 14 120 M M 0 8 17 120
28 95 56 76 11 0 11 0.00 M M 4.2 14 100 M M 0 8 20 170
29 76 57 67 2 0 2 0.12 M M 12.1 26 270 M M 3 138 35 270
30 67 53 60 -4 5 0 T M M 10.3 21 240 M M 8 1 30 230
31 68 50 59 -5 6 0 0.00 M M 4.6 13 350 M M 1 16 340
================================================================================
SM 2575 1666 29 142 0.69 M 164.2 M 65
================================================================================
AV 83.1 53.7 5.3 FASTST M M 2 MAX(MPH)
MISC ----> # 26 240 # 35 230
================================================================================
NOTES:
# LAST OF SEVERAL OCCURRENCES
COLUMN 17 PEAK WIND IN M.P.H.
PRELIMINARY LOCAL CLIMATOLOGICAL DATA (WS FORM: F-6) , PAGE 2
STATION: PULLMAN_MOSCOW AIRPORT
MONTH: AUGUST
YEAR: 2023
LATITUDE: 46 44 N
LONGITUDE: 117 7 W
[TEMPERATURE DATA] [PRECIPITATION DATA] SYMBOLS USED IN COLUMN 16
AVERAGE MONTHLY: 68.4 TOTAL FOR MONTH: 0.69 1 = FOG OR MIST
DPTR FM NORMAL: 1.5 DPTR FM NORMAL: 0.20 2 = FOG REDUCING VISIBILITY
HIGHEST: 100 ON 15 GRTST 24HR 0.31 ON 22-22 TO 1/4 MILE OR LESS
LOWEST: 41 ON 24 3 = THUNDER
SNOW, ICE PELLETS, HAIL 4 = ICE PELLETS
TOTAL MONTH: M 5 = HAIL
GRTST 24HR M ON M 6 = FREEZING RAIN OR DRIZZLE
GRTST DEPTH: M ON M 7 = DUSTSTORM OR SANDSTORM:
VSBY 1/2 MILE OR LESS
8 = SMOKE OR HAZE
[NO. OF DAYS WITH] [WEATHER - DAYS WITH] 9 = BLOWING SNOW
X = TORNADO
MAX 32 OR BELOW: 0 0.01 INCH OR MORE: 7
MAX 90 OR ABOVE: 10 0.10 INCH OR MORE: 3
MIN 32 OR BELOW: 0 0.50 INCH OR MORE: 0
MIN 0 OR BELOW: 0 1.00 INCH OR MORE: 0
[HDD (BASE 65) ]
TOTAL THIS MO. 29 CLEAR (SCALE 0-3) 22
DPTR FM NORMAL -21 PTCLDY (SCALE 4-7) 8
TOTAL FM JUL 1 45 CLOUDY (SCALE 8-10) 1
DPTR FM NORMAL -53
[CDD (BASE 65) ]
TOTAL THIS MO. 142
DPTR FM NORMAL 33 [PRESSURE DATA]
TOTAL FM JAN 1 330 HIGHEST SLP M ON M
DPTR FM NORMAL 80 LOWEST SLP 29.65 ON 18
[REMARKS]
#FINAL-08-23#