000
CXUS51 KBOX 010910
CF6PVD
PRELIMINARY LOCAL CLIMATOLOGICAL DATA (WS FORM: F-6)
STATION: PROVIDENCE RI
MONTH: FEBRUARY
YEAR: 2023
LATITUDE: 41 43 N
LONGITUDE: 71 26 W
TEMPERATURE IN F: :PCPN: SNOW: WIND :SUNSHINE: SKY :PK WND
================================================================================
1 2 3 4 5 6A 6B 7 8 9 10 11 12 13 14 15 16 17 18
12Z AVG MX 2MIN
DY MAX MIN AVG DEP HDD CDD WTR SNW DPTH SPD SPD DIR MIN PSBL S-S WX SPD DR
================================================================================
1 34 20 27 -3 38 0 T T 0 7.2 15 10 M M 4 18 20
2 37 19 28 -2 37 0 0.00 0.0 0 7.2 20 240 M M 3 23 240
3 33 -4 15 -15 50 0 0.00 0.0 0 21.2 39 290 M M 2 57 290
4 16 -9 4 -26 61 0 0.00 0.0 0 10.8 25 310 M M 4 39 290
5 50 14 32 2 33 0 0.00 0.0 0 9.2 22 220 M M 7 33 220
6 49 29 39 9 26 0 0.00 0.0 0 9.9 28 10 M M 6 1 34 10
7 39 25 32 1 33 0 0.05 T 0 9.0 17 20 M M 5 4 23 10
8 48 31 40 9 25 0 T 0.0 0 8.8 23 300 M M 4 1 35 280
9 50 26 38 7 27 0 T 0.0 0 5.2 12 150 M M 7 14 150
10 64 40 52 21 13 0 0.00 0.0 0 12.3 30 260 M M 3 1 37 260
11 46 27 37 6 28 0 0.00 0.0 0 11.5 26 300 M M 2 39 290
12 49 22 36 5 29 0 0.00 0.0 0 4.4 13 260 M M 7 17 280
13 46 34 40 8 25 0 0.01 0.0 0 10.3 22 10 M M 8 28 360
14 53 31 42 10 23 0 0.00 0.0 0 8.2 21 360 M M 4 29 330
15 59 27 43 11 22 0 0.00 0.0 0 10.0 28 190 M M 4 37 180
16 71 46 59 27 6 0 T 0.0 0 7.6 17 260 M M 6 22 260
17 58 26 42 10 23 0 0.25 T 0 11.5 25 340 M M 9 1 33 350
18 39 22 31 -1 34 0 0.00 0.0 0 9.7 28 340 M M 1 36 340
19 47 28 38 5 27 0 0.01 0.0 0 8.3 18 180 M M 7 23 170
20 60 43 52 19 13 0 0.01 0.0 0 7.9 18 270 M M 9 25 250
21 44 34 39 6 26 0 0.15 T 0 5.9 14 10 M M 10 1 18 20
22 43 29 36 3 29 0 0.10 T 0 6.9 13 270 M M 6 14 16 250
23 36 29 33 -1 32 0 0.32 T 0 10.3 18 30 M M 10 16 22 30
24 39 21 30 -4 35 0 0.02 T 0 14.6 36 310 M M 6 16 50 310
25 21 15 18 -16 47 0 0.02 0.8 0 5.1 13 360 M M 7 1 17 300
26 38 19 29 -5 36 0 0.00 0.0 1 7.4 18 260 M M 8 25 220
27 38 23 31 -3 34 0 0.10 1.2 T 7.7 16 110 M M 7 1 21 100
28 34 26 30 -5 35 0 0.53 4.0 4 8.3 16 50 M M 10 1 20 50
================================================================================
SM 1241 693 847 0 1.57 6.0 256.4 M 166
================================================================================
AV 44.3 24.8 9.2 FASTST M M 6 MAX(MPH)
MISC ----> 39 290 57 290
================================================================================
NOTES:
# LAST OF SEVERAL OCCURRENCES
COLUMN 17 PEAK WIND IN M.P.H.
PRELIMINARY LOCAL CLIMATOLOGICAL DATA (WS FORM: F-6) , PAGE 2
STATION: PROVIDENCE RI
MONTH: FEBRUARY
YEAR: 2023
LATITUDE: 41 43 N
LONGITUDE: 71 26 W
[TEMPERATURE DATA] [PRECIPITATION DATA] SYMBOLS USED IN COLUMN 16
AVERAGE MONTHLY: 34.5 TOTAL FOR MONTH: 1.57 1 = FOG OR MIST
DPTR FM NORMAL: 2.5 DPTR FM NORMAL: -1.87 2 = FOG REDUCING VISIBILITY
HIGHEST: 71 ON 16 GRTST 24HR 0.63 ON 27-28 TO 1/4 MILE OR LESS
LOWEST: -9 ON 4 3 = THUNDER
SNOW, ICE PELLETS, HAIL 4 = ICE PELLETS
TOTAL MONTH: 6.2 INCHES 5 = HAIL
GRTST 24HR 4.0 ON 28-28 6 = FREEZING RAIN OR DRIZZLE
GRTST DEPTH: 4 ON 28 7 = DUSTSTORM OR SANDSTORM:
VSBY 1/2 MILE OR LESS
8 = SMOKE OR HAZE
[NO. OF DAYS WITH] [WEATHER - DAYS WITH] 9 = BLOWING SNOW
X = TORNADO
MAX 32 OR BELOW: 2 0.01 INCH OR MORE: 12
MAX 90 OR ABOVE: 0 0.10 INCH OR MORE: 6
MIN 32 OR BELOW: 23 0.50 INCH OR MORE: 1
MIN 0 OR BELOW: 2 1.00 INCH OR MORE: 0
[HDD (BASE 65) ]
TOTAL THIS MO. 847 CLEAR (SCALE 0-3) 5
DPTR FM NORMAL -77 PTCLDY (SCALE 4-7) 17
TOTAL FM JUL 1 3471 CLOUDY (SCALE 8-10) 6
DPTR FM NORMAL -471
[CDD (BASE 65) ]
TOTAL THIS MO. 0
DPTR FM NORMAL 0 [PRESSURE DATA]
TOTAL FM JAN 1 0 HIGHEST SLP 30.59 ON 4
DPTR FM NORMAL 0 LOWEST SLP 29.44 ON 17
[REMARKS]
#FINAL-02-23#