000
CXUS51 KBOX 011536
CF6PVD
PRELIMINARY LOCAL CLIMATOLOGICAL DATA (WS FORM: F-6)
STATION: PROVIDENCE RI
MONTH: JUNE
YEAR: 2022
LATITUDE: 41 43 N
LONGITUDE: 71 26 W
TEMPERATURE IN F: :PCPN: SNOW: WIND :SUNSHINE: SKY :PK WND
================================================================================
1 2 3 4 5 6A 6B 7 8 9 10 11 12 13 14 15 16 17 18
12Z AVG MX 2MIN
DY MAX MIN AVG DEP HDD CDD WTR SNW DPTH SPD SPD DIR MIN PSBL S-S WX SPD DR
================================================================================
1 66 57 62 -2 3 0 T 0.0 0 7.0 16 190 M M 10 18 190
2 74 57 66 2 0 1 T 0.0 0 6.3 12 40 M M 9 14 100
3 75 56 66 2 0 1 0.55 0.0 0 6.6 15 10 M M 9 1 19 10
4 70 57 64 -1 1 0 0.00 0.0 0 7.4 21 150 M M 7 1 24 150
5 77 53 65 0 0 0 0.00 0.0 0 6.5 17 170 M M 4 20 170
6 80 53 67 2 0 2 0.00 0.0 0 5.8 17 200 M M 3 22 200
7 79 56 68 2 0 3 T 0.0 0 13.0 25 190 M M 5 32 200
8 82 64 73 7 0 8 0.75 0.0 0 8.8 20 190 M M 8 1 24 170
9 84 64 74 8 0 9 1.06 0.0 0 9.9 25 190 M M 7 13 33 170
10 80 56 68 2 0 3 0.00 0.0 0 8.5 20 280 M M 4 25 270
11 78 61 70 3 0 5 0.00 0.0 0 5.1 15 190 M M 6 22 170
12 75 62 69 2 0 4 0.03 0.0 0 7.4 22 200 M M 8 18 24 210
13 85 66 76 8 0 11 1.31 0.0 0 6.9 18 300 M M 7 13 22 270
14 82 63 73 5 0 8 0.00 0.0 0 6.8 15 360 M M 3 20 360
15 77 61 69 1 0 4 0.00 0.0 0 8.5 17 40 M M 5 21 10
16 72 57 65 -3 0 0 0.00 0.0 0 10.5 23 200 M M 7 28 200
17 85 65 75 6 0 10 0.23 0.0 0 9.0 25 320 M M 7 13 35 320
18 72 55 64 -5 1 0 0.00 0.0 0 11.4 24 340 M M 7 32 330
19 66 52 59 -11 6 0 0.14 0.0 0 9.7 23 330 M M 9 30 330
20 79 53 66 -4 0 1 0.00 0.0 0 8.3 18 300 M M 4 28 290
21 76 54 65 -5 0 0 0.00 0.0 0 7.6 16 180 M M 5 19 180
22 73 61 67 -3 0 2 0.02 0.0 0 6.3 16 170 M M 7 21 190
23 77 57 67 -4 0 2 0.00 0.0 0 8.2 18 160 M M 4 1 23 160
24 82 55 69 -2 0 4 0.25 0.0 0 5.1 17 140 M M 4 20 140
25 89 62 76 5 0 11 0.00 0.0 0 4.2 14 10 M M 2 16 360
26 85 64 75 3 0 10 0.00 0.0 0 8.2 20 160 M M 2 22 160
27 73 67 70 -2 0 5 0.65 0.0 0 9.8 20 200 M M 7 1 27 210
28 80 58 69 -3 0 4 0.00 0.0 0 6.1 13 140 M M 4 16 150
29 82 60 71 -1 0 6 0.00 0.0 0 6.2 20 200 M M 4 24 190
30 82 63 73 1 0 8 0.00 0.0 0 7.7 18 310 M M 4 25 310
================================================================================
SM 2337 1769 11 122 4.99 0.0 232.8 M 172
================================================================================
AV 77.9 59.0 7.8 FASTST M M 6 MAX(MPH)
MISC ----> # 25 190 35 320
================================================================================
NOTES:
# LAST OF SEVERAL OCCURRENCES
COLUMN 17 PEAK WIND IN M.P.H.
PRELIMINARY LOCAL CLIMATOLOGICAL DATA (WS FORM: F-6) , PAGE 2
STATION: PROVIDENCE RI
MONTH: JUNE
YEAR: 2022
LATITUDE: 41 43 N
LONGITUDE: 71 26 W
[TEMPERATURE DATA] [PRECIPITATION DATA] SYMBOLS USED IN COLUMN 16
AVERAGE MONTHLY: 68.4 TOTAL FOR MONTH: 4.99 1 = FOG OR MIST
DPTR FM NORMAL: 0.2 DPTR FM NORMAL: 1.18 2 = FOG REDUCING VISIBILITY
HIGHEST: 89 ON 25 GRTST 24HR 1.34 ON 12-13 TO 1/4 MILE OR LESS
LOWEST: 52 ON 19 3 = THUNDER
SNOW, ICE PELLETS, HAIL 4 = ICE PELLETS
TOTAL MONTH: 0.0 INCH 5 = HAIL
GRTST 24HR 0.0 6 = FREEZING RAIN OR DRIZZLE
GRTST DEPTH: 0 7 = DUSTSTORM OR SANDSTORM:
VSBY 1/2 MILE OR LESS
8 = SMOKE OR HAZE
[NO. OF DAYS WITH] [WEATHER - DAYS WITH] 9 = BLOWING SNOW
X = TORNADO
MAX 32 OR BELOW: 0 0.01 INCH OR MORE: 10
MAX 90 OR ABOVE: 0 0.10 INCH OR MORE: 8
MIN 32 OR BELOW: 0 0.50 INCH OR MORE: 5
MIN 0 OR BELOW: 0 1.00 INCH OR MORE: 2
[HDD (BASE 65) ]
TOTAL THIS MO. 11 CLEAR (SCALE 0-3) 3
DPTR FM NORMAL -28 PTCLDY (SCALE 4-7) 23
TOTAL FM JUL 1 4889 CLOUDY (SCALE 8-10) 4
DPTR FM NORMAL -587
[CDD (BASE 65) ]
TOTAL THIS MO. 122
DPTR FM NORMAL -14 [PRESSURE DATA]
TOTAL FM JAN 1 182 HIGHEST SLP 30.24 ON 29
DPTR FM NORMAL 15 LOWEST SLP 29.51 ON 9
[REMARKS]
#FINAL-06-22#