000
CXUS51 KBOX 060047
CF6PVD
PRELIMINARY LOCAL CLIMATOLOGICAL DATA (WS FORM: F-6)
STATION: PROVIDENCE RI
MONTH: NOVEMBER
YEAR: 2021
LATITUDE: 41 43 N
LONGITUDE: 71 26 W
TEMPERATURE IN F: :PCPN: SNOW: WIND :SUNSHINE: SKY :PK WND
================================================================================
1 2 3 4 5 6A 6B 7 8 9 10 11 12 13 14 15 16 17 18
12Z AVG MX 2MIN
DY MAX MIN AVG DEP HDD CDD WTR SNW DPTH SPD SPD DIR MIN PSBL S-S WX SPD DR
================================================================================
1 62 40 51 2 14 0 0.00 0.0 0 8.1 20 280 M M 1 30 290
2 57 38 48 -1 17 0 T 0.0 0 5.3 15 220 M M 7 19 250
3 54 35 45 -3 20 0 0.00 0.0 0 7.1 18 310 M M 2 25 300
4 53 30 42 -6 23 0 0.00 0.0 0 4.2 10 60 M M 5 13 60
5 53 31 42 -6 23 0 0.00 0.0 0 7.1 17 360 M M 1 23 360
6 53 29 41 -7 24 0 0.00 0.0 0 2.9 10 170 M M 1 12 180
7 58 28 43 -4 22 0 0.00 0.0 0 2.3 9 350 M M 6 1 10 350
8 64 37 51 4 14 0 0.00 0.0 0 7.2 20 10 M M 1 23 20
9 71 36 54 7 11 0 0.00 0.0 0 4.5 13 250 M M 1 1 16 250
10 65 42 54 8 11 0 0.00 0.0 0 7.1 20 290 M M 4 28 290
11 58 33 46 0 19 0 0.00 0.0 0 4.3 10 120 M M 6 14 110
12 64 49 57 11 8 0 1.46 0.0 0 13.3 33 160 M M 7 1 45 160
13 62 38 50 5 15 0 0.36 0.0 0 8.7 37 270 M M 3 13 56 250
14 53 36 45 0 20 0 0.02 0.0 0 6.9 16 250 M M 5 21 260
15 52 38 45 0 20 0 0.03 0.0 0 9.3 18 280 M M 4 23 280
16 50 35 43 -1 22 0 0.00 0.0 0 9.9 20 300 M M 3 27 310
17 56 29 43 -1 22 0 0.00 0.0 0 4.5 15 150 M M 5 17 140
18 69 52 61 17 4 0 T 0.0 0 11.3 22 330 M M 4 31 340
19 52 36 44 1 21 0 0.16 0.0 0 11.5 25 280 M M 5 1 35 320
20 46 29 38 -5 27 0 0.00 0.0 0 4.6 12 170 M M 3 14 340
21 56 33 45 2 20 0 T 0.0 0 3.7 14 190 M M 9 17 200
22 59 37 48 6 17 0 0.13 0.0 0 11.1 22 190 M M 9 1 30 190
23 42 29 36 -6 29 0 0.00 0.0 0 11.7 21 320 M M 3 28 320
24 44 27 36 -6 29 0 0.00 0.0 0 9.8 20 320 M M 1 26 350
25 58 32 45 3 20 0 0.00 0.0 0 4.4 14 260 M M 5 16 260
26 48 35 42 1 23 0 0.14 T 0 10.3 25 270 M M 10 1 34 260
27 42 29 36 -5 29 0 0.00 0.0 0 14.8 25 310 M M 3 38 320
28 37 29 33 -7 32 0 T T 0 4.3 12 260 M M 8 16 280
29 44 27 36 -4 29 0 0.00 0.0 0 7.6 18 310 M M 5 25 340
30 41 23 32 -8 33 0 0.00 0.0 0 6.1 16 230 M M 5 19 230
================================================================================
SM 1623 1022 618 0 2.30 T 223.9 M 132
================================================================================
AV 54.1 34.1 7.5 FASTST M M 4 MAX(MPH)
MISC ----> 37 270 56 250
================================================================================
NOTES:
# LAST OF SEVERAL OCCURRENCES
COLUMN 17 PEAK WIND IN M.P.H.
PRELIMINARY LOCAL CLIMATOLOGICAL DATA (WS FORM: F-6) , PAGE 2
STATION: PROVIDENCE RI
MONTH: NOVEMBER
YEAR: 2021
LATITUDE: 41 43 N
LONGITUDE: 71 26 W
[TEMPERATURE DATA] [PRECIPITATION DATA] SYMBOLS USED IN COLUMN 16
AVERAGE MONTHLY: 44.1 TOTAL FOR MONTH: 2.30 1 = FOG OR MIST
DPTR FM NORMAL: -0.4 DPTR FM NORMAL: -1.97 2 = FOG REDUCING VISIBILITY
HIGHEST: 71 ON 9 GRTST 24HR 1.46 ON 12-12 TO 1/4 MILE OR LESS
LOWEST: 23 ON 30 3 = THUNDER
SNOW, ICE PELLETS, HAIL 4 = ICE PELLETS
TOTAL MONTH: T 5 = HAIL
GRTST 24HR T ON 26-26 6 = FREEZING RAIN OR DRIZZLE
GRTST DEPTH: 0 7 = DUSTSTORM OR SANDSTORM:
VSBY 1/2 MILE OR LESS
8 = SMOKE OR HAZE
[NO. OF DAYS WITH] [WEATHER - DAYS WITH] 9 = BLOWING SNOW
X = TORNADO
MAX 32 OR BELOW: 0 0.01 INCH OR MORE: 7
MAX 90 OR ABOVE: 0 0.10 INCH OR MORE: 5
MIN 32 OR BELOW: 13 0.50 INCH OR MORE: 1
MIN 0 OR BELOW: 0 1.00 INCH OR MORE: 1
[HDD (BASE 65) ]
TOTAL THIS MO. 618 CLEAR (SCALE 0-3) 11
DPTR FM NORMAL 3 PTCLDY (SCALE 4-7) 16
TOTAL FM JUL 1 802 CLOUDY (SCALE 8-10) 3
DPTR FM NORMAL -225
[CDD (BASE 65) ]
TOTAL THIS MO. 0
DPTR FM NORMAL 0 [PRESSURE DATA]
TOTAL FM JAN 1 991 HIGHEST SLP 30.57 ON 20
DPTR FM NORMAL 179 LOWEST SLP 29.43 ON 26
[REMARKS]
#FINAL-11-21#