000
CXUS54 KOUN 010810
CF6PWA
PRELIMINARY LOCAL CLIMATOLOGICAL DATA (WS FORM: F-6)
STATION: BETHANY/WILEY POST
MONTH: SEPTEMBER
YEAR: 2023
LATITUDE: 35 31 N
LONGITUDE: 97 38 W
TEMPERATURE IN F: :PCPN: SNOW: WIND :SUNSHINE: SKY :PK WND
================================================================================
1 2 3 4 5 6A 6B 7 8 9 10 11 12 13 14 15 16 17 18
12Z AVG MX 2MIN
DY MAX MIN AVG DEP HDD CDD WTR SNW DPTH SPD SPD DIR MIN PSBL S-S WX SPD DR
================================================================================
1 96 72 84 5 0 19 0.00 M M 11.8 21 180 M M 0 28 180
2 96 65 81 2 0 16 0.00 M M 9.7 17 180 M M 0 24 170
3 101 66 84 6 0 19 0.00 M M 11.5 23 160 M M 0 34 150
4 103 75 89 11 0 24 0.00 M M 19.4 28 180 M M 0 37 190
5 105 74 90 12 0 25 0.08 M M 15.3 40 170 M M 1 3 55 170
6 93 69 81 3 0 16 0.00 M M 8.9 21 40 M M 0 8 28 30
7 103 70 87 10 0 22 0.00 M M 9.5 20 140 M M 0 27 150
8 99 74 87 10 0 22 0.00 M M 10.2 21 70 M M 0 28 70
9 93 68 81 4 0 16 0.00 M M 9.2 15 60 M M 0 21 80
10 92 63 78 2 0 13 0.00 M M 8.8 16 130 M M 0 23 120
11 78 64 71 -5 0 6 1.24 M M 8.8 20 250 M M 8 1 31 220
12 76 62 69 -7 0 4 0.03 M M 7.5 15 30 M M 7 1 19 40
13 80 61 71 -4 0 6 0.12 M M 5.8 13 150 M M 6 1 17 80
14 74 67 71 -4 0 6 0.19 M M 8.3 15 140 M M 9 1 22 120
15 78 67 73 -2 0 8 M M M 7.3 16 130 M M 8 1 22 150
16 80 61 71 -3 0 6 0.00 M M 5.4 13 350 M M 5 17 350
17 87 56 72 -2 0 7 0.00 M M 2.8 9 310 M M 0 18 15 320
18 91 61 76 2 0 11 0.00 M M 11.3 22 190 M M 0 27 160
19 85 65 75 2 0 10 0.28 0.0 M 17.5 32 180 M M 3 3 42 180
20 87 66 77 4 0 12 0.00 0.0 M 11.1 18 160 M M 0 27 160
21 85 68 77 5 0 12 0.00 M M 13.6 24 170 M M 0 32 170
22 90 70 80 8 0 15 T M M 17.2 26 170 M M 1 3 34 170
23 96 71 84 12 0 19 0.00 M M 15.3 24 170 M M 0 34 170
24 86 71 79 8 0 14 0.00 M M 9.6 16 60 M M 4 20 80
25 91 60 76 5 0 11 0.00 M M 4.8 13 60 M M 1 128 18 60
26 92 59 76 6 0 11 0.00 M M 6.4 14 220 M M 0 17 170
27 93 62 78 8 0 13 0.00 M M 9.2 20 200 M M 0 26 200
28 94 67 81 11 0 16 0.00 0.0 M 10.8 16 170 M M 0 23 170
29 95 67 81 12 0 16 M M M 15.7 26 170 M M 0 8 37 180
30 94 71 83 14 0 18 0.00 M M 14.6 23 190 M M 0 32 150
================================================================================
SM 2713 1992 0 413 1.94 0.0 317.3 M 53
================================================================================
AV 90.4 66.4 10.6 FASTST M M 2 MAX(MPH)
MISC ----> 40 170 55 170
================================================================================
NOTES:
# LAST OF SEVERAL OCCURRENCES
COLUMN 17 PEAK WIND IN M.P.H.
PRELIMINARY LOCAL CLIMATOLOGICAL DATA (WS FORM: F-6) , PAGE 2
STATION: BETHANY/WILEY POST
MONTH: SEPTEMBER
YEAR: 2023
LATITUDE: 35 31 N
LONGITUDE: 97 38 W
[TEMPERATURE DATA] [PRECIPITATION DATA] SYMBOLS USED IN COLUMN 16
AVERAGE MONTHLY: 78.4 TOTAL FOR MONTH: 1.94 1 = FOG OR MIST
DPTR FM NORMAL: 4.2 DPTR FM NORMAL: -1.06 2 = FOG REDUCING VISIBILITY
HIGHEST: 105 ON 5 GRTST 24HR 1.27 ON 11-12 TO 1/4 MILE OR LESS
LOWEST: 56 ON 17 3 = THUNDER
SNOW, ICE PELLETS, HAIL 4 = ICE PELLETS
TOTAL MONTH: 0.0 INCH 5 = HAIL
GRTST 24HR 0.0 6 = FREEZING RAIN OR DRIZZLE
GRTST DEPTH: M ON M 7 = DUSTSTORM OR SANDSTORM:
VSBY 1/2 MILE OR LESS
8 = SMOKE OR HAZE
[NO. OF DAYS WITH] [WEATHER - DAYS WITH] 9 = BLOWING SNOW
X = TORNADO
MAX 32 OR BELOW: 0 0.01 INCH OR MORE: 6
MAX 90 OR ABOVE: 19 0.10 INCH OR MORE: 4
MIN 32 OR BELOW: 0 0.50 INCH OR MORE: 1
MIN 0 OR BELOW: 0 1.00 INCH OR MORE: 1
[HDD (BASE 65) ]
TOTAL THIS MO. 0 CLEAR (SCALE 0-3) 23
DPTR FM NORMAL -15 PTCLDY (SCALE 4-7) 6
TOTAL FM JUL 1 0 CLOUDY (SCALE 8-10) 1
DPTR FM NORMAL -13
[CDD (BASE 65) ]
TOTAL THIS MO. 413
DPTR FM NORMAL 120 [PRESSURE DATA]
TOTAL FM JAN 1 2187 HIGHEST SLP M ON M
DPTR FM NORMAL 105 LOWEST SLP 29.61 ON 4
[REMARKS]
#FINAL-09-23#