000
CXUS54 KFWD 010730
CF6PWG
PRELIMINARY LOCAL CLIMATOLOGICAL DATA (WS FORM: F-6)
STATION: WACO MCGREGOR
MONTH: SEPTEMBER
YEAR: 2020
LATITUDE: 31 28 N
LONGITUDE: 97 19 W
TEMPERATURE IN F: :PCPN: SNOW: WIND :SUNSHINE: SKY :PK WND
================================================================================
1 2 3 4 5 6A 6B 7 8 9 10 11 12 13 14 15 16 17 18
12Z AVG MX 2MIN
DY MAX MIN AVG DEP HDD CDD WTR SNW DPTH SPD SPD DIR MIN PSBL S-S WX SPD DR
================================================================================
1 101 72 87 5 0 22 0.04 0.0 0 17.4 24 360 M M 5 13 32 160
2 M M M M M M 0.35 M 0 6.2 16 160 M M 4 13 M M
3 83 72 78 -3 0 13 0.15 0.0 0 6.0 13 310 M M 4 13 M M
4 82 71 77 -4 0 12 0.08 0.0 0 5.3 8 10 M M 5 13 M M
5 86 72 79 -1 0 14 0.07 0.0 0 5.1 12 70 M M 2 M M
6 94 71 83 3 0 18 0.00 0.0 0 3.9 7 160 M M 3 M M
7 95 73 84 4 0 19 0.00 0.0 0 9.6 16 170 M M 1 16 180
8 89 74 82 2 0 17 0.02 0.0 0 11.2 29 160 M M 1 37 170
9 88 57 73 -6 0 8 0.01 0.0 0 9.9 14 320 M M 8 13 17 320
10 66 56 61 -18 4 0 0.01 0.0 0 10.6 16 340 M M 10 18 320
11 79 62 71 -8 0 6 0.01 0.0 0 7.2 10 340 M M 7 M M
12 89 65 77 -1 0 12 0.00 0.0 0 4.1 8 20 M M 1 M M
13 90 70 80 2 0 15 0.00 0.0 0 9.6 16 360 M M 1 22 360
14 89 70 80 2 0 15 0.00 0.0 0 9.4 16 20 M M 4 28 20
15 88 72 80 3 0 15 0.00 0.0 0 7.0 12 30 M M 4 M M
16 89 70 80 3 0 15 T 0.0 0 6.4 18 50 M M 2 27 50
17 87 70 79 2 0 14 T 0.0 0 6.4 15 30 M M 3 20 360
18 86 67 77 1 0 12 0.00 0.0 0 7.5 14 40 M M 2 18 40
19 82 63 73 -3 0 8 0.00 0.0 0 8.7 15 20 M M 1 20 20
20 83 57 70 -6 0 5 0.00 0.0 0 10.4 17 360 M M 3 23 360
21 M M M M M M 0.33 M 0 11.1 15 10 M M 10 1 M M
22 72 66 69 -6 0 4 0.14 0.0 0 10.1 14 10 M M 9 1 M M
23 74 66 70 -4 0 5 0.06 0.0 0 8.5 13 340 M M 10 1 20 360
24 77 62 70 -4 0 5 0.00 0.0 0 4.7 8 360 M M 7 M M
25 86 59 73 -1 0 8 0.00 0.0 0 6.9 10 160 M M 2 12 18 160
26 89 64 77 4 0 12 0.00 0.0 0 10.3 17 180 M M 2 23 200
27 91 74 83 10 0 18 0.00 0.0 0 14.3 21 180 M M 5 31 190
28 78 56 67 -6 0 2 0.00 0.0 0 15.4 22 350 M M 3 35 10
29 82 46 64 -8 1 0 0.00 0.0 0 4.7 12 350 M M 0 16 340
30 90 51 71 -1 0 6 0.00 0.0 0 6.2 14 170 M M 0 M M
================================================================================
SM 2385 1828 5 300 1.27 0.0 254.1 M 119
================================================================================
AV 85.2 65.3 8.5 FASTST M M 4 MAX(MPH)
MISC ----> # 29 160 # 37 170
================================================================================
NOTES:
# LAST OF SEVERAL OCCURRENCES
COLUMN 17 PEAK WIND IN M.P.H.
PRELIMINARY LOCAL CLIMATOLOGICAL DATA (WS FORM: F-6) , PAGE 2
STATION: WACO MCGREGOR
MONTH: SEPTEMBER
YEAR: 2020
LATITUDE: 31 28 N
LONGITUDE: 97 19 W
[TEMPERATURE DATA] [PRECIPITATION DATA] SYMBOLS USED IN COLUMN 16
AVERAGE MONTHLY: 75.2 TOTAL FOR MONTH: 1.27 1 = FOG OR MIST
DPTR FM NORMAL: -1.8 DPTR FM NORMAL: -1.56 2 = FOG REDUCING VISIBILITY
HIGHEST: 101 ON 1 GRTST 24HR 0.35 ON 2- 2 TO 1/4 MILE OR LESS
LOWEST: 46 ON 29 3 = THUNDER
SNOW, ICE PELLETS, HAIL 4 = ICE PELLETS
TOTAL MONTH: 0.0 INCH 5 = HAIL
GRTST 24HR 0.0 6 = FREEZING RAIN OR DRIZZLE
GRTST DEPTH: 0 7 = DUSTSTORM OR SANDSTORM:
VSBY 1/2 MILE OR LESS
8 = SMOKE OR HAZE
[NO. OF DAYS WITH] [WEATHER - DAYS WITH] 9 = BLOWING SNOW
X = TORNADO
MAX 32 OR BELOW: 0 0.01 INCH OR MORE: 12
MAX 90 OR ABOVE: 6 0.10 INCH OR MORE: 4
MIN 32 OR BELOW: 0 0.50 INCH OR MORE: 0
MIN 0 OR BELOW: 0 1.00 INCH OR MORE: 0
[HDD (BASE 65) ]
TOTAL THIS MO. 5 CLEAR (SCALE 0-3) 15
DPTR FM NORMAL -2 PTCLDY (SCALE 4-7) 11
TOTAL FM JUL 1 5 CLOUDY (SCALE 8-10) 4
DPTR FM NORMAL -2
[CDD (BASE 65) ]
TOTAL THIS MO. 300
DPTR FM NORMAL -67 [PRESSURE DATA]
TOTAL FM JAN 1 2523 HIGHEST SLP 30.27 ON 5
DPTR FM NORMAL 218 LOWEST SLP 29.63 ON 27
[REMARKS]
#FINAL-09-20#