000
CXUS53 KMKX 010810
CF6RAC
PRELIMINARY LOCAL CLIMATOLOGICAL DATA (WS FORM: F-6)
STATION: RACINE WI
MONTH: JULY
YEAR: 2023
LATITUDE: 42 45 N
LONGITUDE: 87 49 W
TEMPERATURE IN F: :PCPN: SNOW: WIND :SUNSHINE: SKY :PK WND
================================================================================
1 2 3 4 5 6A 6B 7 8 9 10 11 12 13 14 15 16 17 18
12Z AVG MX 2MIN
DY MAX MIN AVG DEP HDD CDD WTR SNW DPTH SPD SPD DIR MIN PSBL S-S WX SPD DR
================================================================================
1 82 69 76 5 0 11 0.00 M M 3.8 10 180 M M 3 138 13 200
2 73 65 69 -2 0 4 0.05 M M 10.0 18 360 M M 7 18 25 20
3 84 62 73 2 0 8 0.00 M M 7.0 13 360 M M 0 17 360
4 87 68 78 7 0 13 T M M 6.8 18 180 M M 3 138 25 170
5 88 69 79 8 0 14 1.16 M M 6.9 18 350 M M 4 138 33 20
6 76 62 69 -3 0 4 0.00 M M 8.1 17 30 M M 5 1 23 20
7 75 59 67 -5 0 2 0.03 M M 5.8 12 110 M M 5 15 90
8 73 62 68 -4 0 3 0.24 M M 5.6 12 350 M M 6 1 15 360
9 77 60 69 -3 0 4 0.00 M M 5.7 12 20 M M 1 15 50
10 88 64 76 4 0 11 0.00 M M 11.2 20 230 M M 0 30 250
11 76 63 70 -2 0 5 0.00 M M 8.5 18 40 M M 1 3 24 240
12 72 61 67 -5 0 2 1.14 M M 10.4 26 30 M M 7 13 36 20
13 72 59 66 -6 0 1 0.00 M M 6.9 13 170 M M 6 18 120
14 89 68 79 7 0 14 0.10 M M 8.2 18 260 M M 2 38 27 260
15 85 68 77 5 0 12 0.00 M M 6.0 14 300 M M 2 8 21 280
16 81 63 72 -1 0 7 0.04 M M 9.3 17 300 M M 1 38 30 280
17 78 61 70 -3 0 5 0.00 M M 7.0 14 260 M M 3 18 23 270
18 75 60 68 -5 0 3 0.00 M M 5.4 13 110 M M 1 16 110
19 81 59 70 -3 0 5 0.00 M M 6.6 14 140 M M 0 19 140
20 85 67 76 3 0 11 0.00 M M 11.0 21 310 M M 4 32 300
21 81 62 72 -1 0 7 0.00 M M 5.6 13 10 M M 1 20 360
22 82 64 73 0 0 8 0.17 M M 7.0 17 250 M M 3 3 28 250
23 82 63 73 0 0 8 T M M 6.1 12 120 M M 2 16 250
24 83 67 75 2 0 10 0.00 M M 5.8 12 80 M M 0 8 15 80
25 88 67 78 5 0 13 0.00 M M 8.0 17 170 M M 0 8 23 170
26 83 69 76 3 0 11 0.75 M M 6.3 21 250 M M 2 1238 39 260
27 85 67 76 3 0 11 0.00 M M 5.9 14 160 M M 0 1 20 180
28 87 69 78 5 0 13 0.48 M M 9.7 29 360 M M 3 13 47 360
29 79 66 73 0 0 8 0.00 M M 7.1 18 60 M M 2 27 40
30 77 62 70 -3 0 5 0.00 M M 6.0 14 40 M M 3 21 50
31 80 59 70 -3 0 5 0.00 M M 5.4 12 120 M M 0 15 100
================================================================================
SM 2504 1984 0 238 4.16 M 223.1 M 77
================================================================================
AV 80.8 64.0 7.2 FASTST M M 2 MAX(MPH)
MISC ----> 29 360 47 360
================================================================================
NOTES:
# LAST OF SEVERAL OCCURRENCES
COLUMN 17 PEAK WIND IN M.P.H.
PRELIMINARY LOCAL CLIMATOLOGICAL DATA (WS FORM: F-6) , PAGE 2
STATION: RACINE WI
MONTH: JULY
YEAR: 2023
LATITUDE: 42 45 N
LONGITUDE: 87 49 W
[TEMPERATURE DATA] [PRECIPITATION DATA] SYMBOLS USED IN COLUMN 16
AVERAGE MONTHLY: 72.4 TOTAL FOR MONTH: 4.16 1 = FOG OR MIST
DPTR FM NORMAL: 0.2 DPTR FM NORMAL: 1.28 2 = FOG REDUCING VISIBILITY
HIGHEST: 89 ON 14 GRTST 24HR 1.16 ON 5- 5 TO 1/4 MILE OR LESS
LOWEST: 59 ON 31,19 3 = THUNDER
SNOW, ICE PELLETS, HAIL 4 = ICE PELLETS
TOTAL MONTH: M 5 = HAIL
GRTST 24HR M ON M 6 = FREEZING RAIN OR DRIZZLE
GRTST DEPTH: M ON M 7 = DUSTSTORM OR SANDSTORM:
VSBY 1/2 MILE OR LESS
8 = SMOKE OR HAZE
[NO. OF DAYS WITH] [WEATHER - DAYS WITH] 9 = BLOWING SNOW
X = TORNADO
MAX 32 OR BELOW: 0 0.01 INCH OR MORE: 10
MAX 90 OR ABOVE: 0 0.10 INCH OR MORE: 7
MIN 32 OR BELOW: 0 0.50 INCH OR MORE: 3
MIN 0 OR BELOW: 0 1.00 INCH OR MORE: 2
[HDD (BASE 65) ]
TOTAL THIS MO. 0 CLEAR (SCALE 0-3) 22
DPTR FM NORMAL -9 PTCLDY (SCALE 4-7) 9
TOTAL FM JUL 1 0 CLOUDY (SCALE 8-10) 0
DPTR FM NORMAL -2
[CDD (BASE 65) ]
TOTAL THIS MO. 238
DPTR FM NORMAL 4 [PRESSURE DATA]
TOTAL FM JAN 1 366 HIGHEST SLP M ON M
DPTR FM NORMAL -9 LOWEST SLP 29.72 ON 12
[REMARKS]
#FINAL-07-23#