000
CXUS53 KUNR 010945
CF6RAP
PRELIMINARY LOCAL CLIMATOLOGICAL DATA (WS FORM: F-6)
STATION: RAPID CITY AIRPORT SD
MONTH: APRIL
YEAR: 2020
LATITUDE: 44 2 N
LONGITUDE: 103 4 W
TEMPERATURE IN F: :PCPN: SNOW: WIND :SUNSHINE: SKY :PK WND
================================================================================
1 2 3 4 5 6A 6B 7 8 9 10 11 12 13 14 15 16 17 18
12Z AVG MX 2MIN
DY MAX MIN AVG DEP HDD CDD WTR SNW DPTH SPD SPD DIR MIN PSBL S-S WX SPD DR
================================================================================
1 46 16 31 -9 34 0 0.33 M M 23.1 40 340 M M 7 129 53 340
2 16 8 12 -29 53 0 0.12 M M 25.6 39 340 M M 8 1289 53 330
3 30 -1 15 -26 50 0 0.00 M M 7.8 17 140 M M 0 20 190
4 53 18 36 -5 29 0 0.00 M M 10.0 18 200 M M 1 23 180
5 69 25 47 5 18 0 0.00 M M 7.4 18 340 M M 1 26 140
6 75 32 54 12 11 0 T M M 13.1 32 250 M M 0 46 260
7 74 33 54 12 11 0 0.00 M M 7.5 21 20 M M 1 28 320
8 51 26 39 -3 26 0 0.00 M M 18.6 32 350 M M 3 43 360
9 47 24 36 -7 29 0 0.00 M M 15.9 32 340 M M 1 41 330
10 68 28 48 5 17 0 0.00 M M 7.4 23 170 M M 1 30 180
11 47 24 36 -8 29 0 0.24 M M 15.3 30 20 M M 10 1 37 10
12 25 10 18 -26 47 0 0.05 M M 18.8 30 350 M M 5 19 36 350
13 26 7 17 -27 48 0 T M M 15.0 33 330 M M 3 8 41 330
14 35 5 20 -24 45 0 T M M 5.2 25 330 M M 4 33 330
15 41 19 30 -15 35 0 0.01 M M 9.2 22 10 M M 7 1 29 40
16 42 20 31 -14 34 0 0.00 M M 10.9 23 350 M M 5 28 340
17 56 18 37 -9 28 0 0.00 M M 4.0 14 340 M M 1 17 170
18 62 29 46 0 19 0 T M M 15.0 32 350 M M 3 43 10
19 48 29 39 -7 26 0 0.13 M M 7.9 22 340 M M 7 1 29 340
20 66 29 48 2 17 0 0.00 M M 13.6 33 350 M M 3 44 350
21 75 30 53 6 12 0 0.00 M M 6.9 17 360 M M 0 22 330
22 72 42 57 10 8 0 0.00 M M 14.3 26 330 M M 0 36 350
23 62 41 52 4 13 0 0.09 M M 9.5 28 350 M M 5 3 33 350
24 63 33 48 0 17 0 T M M 14.3 31 340 M M 4 38 340
25 64 27 46 -2 19 0 0.00 M M 8.8 26 350 M M 0 35 360
26 74 35 55 6 10 0 0.00 M M 8.0 16 10 M M 2 23 20
27 80 38 59 10 6 0 0.02 M M 13.1 39 330 M M 3 52 340
28 64 37 51 2 14 0 T M M 21.4 44 320 M M 3 58 310
29 68 37 53 3 12 0 0.00 M M 7.6 20 320 M M 0 27 340
30 83 36 60 10 5 0 0.10 M M 10.6 40 260 M M 2 58 260
================================================================================
SM 1682 755 722 0 1.09 M 365.8 M 90
================================================================================
AV 56.1 25.2 12.2 FASTST M M 3 MAX(MPH)
MISC ----> # 44 320 # 58 310
================================================================================
NOTES:
# LAST OF SEVERAL OCCURRENCES
COLUMN 17 PEAK WIND IN M.P.H.
PRELIMINARY LOCAL CLIMATOLOGICAL DATA (WS FORM: F-6) , PAGE 2
STATION: RAPID CITY AIRPORT SD
MONTH: APRIL
YEAR: 2020
LATITUDE: 44 2 N
LONGITUDE: 103 4 W
[TEMPERATURE DATA] [PRECIPITATION DATA] SYMBOLS USED IN COLUMN 16
AVERAGE MONTHLY: 40.6 TOTAL FOR MONTH: 1.09 1 = FOG OR MIST
DPTR FM NORMAL: -4.4 DPTR FM NORMAL: -0.71 2 = FOG REDUCING VISIBILITY
HIGHEST: 83 ON 30 GRTST 24HR 0.33 ON 1- 1 TO 1/4 MILE OR LESS
LOWEST: -1 ON 3 3 = THUNDER
SNOW, ICE PELLETS, HAIL 4 = ICE PELLETS
TOTAL MONTH: M 5 = HAIL
GRTST 24HR M ON M 6 = FREEZING RAIN OR DRIZZLE
GRTST DEPTH: M ON M 7 = DUSTSTORM OR SANDSTORM:
VSBY 1/2 MILE OR LESS
8 = SMOKE OR HAZE
[NO. OF DAYS WITH] [WEATHER - DAYS WITH] 9 = BLOWING SNOW
X = TORNADO
MAX 32 OR BELOW: 4 0.01 INCH OR MORE: 9
MAX 90 OR ABOVE: 0 0.10 INCH OR MORE: 5
MIN 32 OR BELOW: 21 0.50 INCH OR MORE: 0
MIN 0 OR BELOW: 1 1.00 INCH OR MORE: 0
[HDD (BASE 65) ]
TOTAL THIS MO. 722 CLEAR (SCALE 0-3) 18
DPTR FM NORMAL 121 PTCLDY (SCALE 4-7) 11
TOTAL FM JUL 1 6920 CLOUDY (SCALE 8-10) 1
DPTR FM NORMAL 191
[CDD (BASE 65) ]
TOTAL THIS MO. 0
DPTR FM NORMAL -2 [PRESSURE DATA]
TOTAL FM JAN 1 0 HIGHEST SLP 30.47 ON 3
DPTR FM NORMAL -2 LOWEST SLP 29.59 ON 6
[REMARKS]
#FINAL-04-20#