000
CXUS56 KMFR 170930
CF6RBG
PRELIMINARY LOCAL CLIMATOLOGICAL DATA (WS FORM: F-6)
STATION: ROSEBURG OR
MONTH: APRIL
YEAR: 2024
LATITUDE: 43 13 N
LONGITUDE: 123 22 W
TEMPERATURE IN F: :PCPN: SNOW: WIND :SUNSHINE: SKY :PK WND
================================================================================
1 2 3 4 5 6A 6B 7 8 9 10 11 12 13 14 15 16 17 18
12Z AVG MX 2MIN
DY MAX MIN AVG DEP HDD CDD WTR SNW DPTH SPD SPD DIR MIN PSBL S-S WX SPD DR
================================================================================
1 74 38 56 5 9 0 0.00 M M 1.4 12 20 M M 0 17 10
2 80 44 62 11 3 0 0.00 M M 3.5 15 300 M M 1 26 290
3 52 41 47 -4 18 0 0.15 M M 4.2 14 310 M M 10 1 21 330
4 50 37 44 -7 21 0 0.14 M M 3.2 18 10 M M 8 1 25 360
5 54 35 45 -6 20 0 0.08 M M 3.1 10 230 M M 8 12 18 230
6 56 40 48 -3 17 0 0.03 M M 4.0 14 240 M M 9 21 240
7 60 41 51 0 14 0 T M M 3.8 14 320 M M 7 22 320
8 65 46 56 5 9 0 0.00 M M 3.2 9 10 M M 6 14 10
9 66 46 56 4 9 0 0.00 M M 3.5 12 320 M M 6 16 320
10 72 44 58 6 7 0 0.00 M M 3.3 13 10 M M 3 17 360
11 69 43 56 4 9 0 0.00 M M 3.5 16 310 M M 1 24 290
12 62 47 55 3 10 0 T M M 4.4 12 10 M M 8 19 20
13 60 53 57 5 8 0 0.21 M M 2.7 12 10 M M 7 1 15 10
14 58 49 54 2 11 0 0.21 M M 4.0 12 310 M M 10 1 18 290
15 60 47 54 2 11 0 T M M 3.6 10 10 M M 8 16 10
16 60 42 51 -2 14 0 0.00 M M 5.4 15 20 M M 6 20 360
================================================================================
SM 998 693 190 0 0.82 M 56.8 M 98
================================================================================
AV 62.4 43.3 3.6 FASTST M M 6 MAX(MPH)
MISC ----> 18 10 26 290
================================================================================
NOTES:
# LAST OF SEVERAL OCCURRENCES
COLUMN 17 PEAK WIND IN M.P.H.
PRELIMINARY LOCAL CLIMATOLOGICAL DATA (WS FORM: F-6) , PAGE 2
STATION: ROSEBURG OR
MONTH: APRIL
YEAR: 2024
LATITUDE: 43 13 N
LONGITUDE: 123 22 W
[TEMPERATURE DATA] [PRECIPITATION DATA] SYMBOLS USED IN COLUMN 16
AVERAGE MONTHLY: 52.8 TOTAL FOR MONTH: 0.82 1 = FOG OR MIST
DPTR FM NORMAL: 1.3 DPTR FM NORMAL: -0.83 2 = FOG REDUCING VISIBILITY
HIGHEST: 80 ON 2 GRTST 24HR 0.42 ON 13-14 TO 1/4 MILE OR LESS
LOWEST: 35 ON 5 3 = THUNDER
SNOW, ICE PELLETS, HAIL 4 = ICE PELLETS
TOTAL MONTH: M 5 = HAIL
GRTST 24HR M ON M 6 = FREEZING RAIN OR DRIZZLE
GRTST DEPTH: M ON M 7 = DUSTSTORM OR SANDSTORM:
VSBY 1/2 MILE OR LESS
8 = SMOKE OR HAZE
[NO. OF DAYS WITH] [WEATHER - DAYS WITH] 9 = BLOWING SNOW
X = TORNADO
MAX 32 OR BELOW: 0 0.01 INCH OR MORE: 6
MAX 90 OR ABOVE: 0 0.10 INCH OR MORE: 4
MIN 32 OR BELOW: 0 0.50 INCH OR MORE: 0
MIN 0 OR BELOW: 0 1.00 INCH OR MORE: 0
[HDD (BASE 65) ]
TOTAL THIS MO. 190 CLEAR (SCALE 0-3) 3
DPTR FM NORMAL -25 PTCLDY (SCALE 4-7) 8
TOTAL FM JUL 1 2993 CLOUDY (SCALE 8-10) 5
DPTR FM NORMAL -493
[CDD (BASE 65) ]
TOTAL THIS MO. 0
DPTR FM NORMAL 0 [PRESSURE DATA]
TOTAL FM JAN 1 0 HIGHEST SLP M ON M
DPTR FM NORMAL 0 LOWEST SLP 29.66 ON 12
[REMARKS]