714
CXUS56 KSTO 131751
CF6RBL
PRELIMINARY LOCAL CLIMATOLOGICAL DATA (WS FORM: F-6)
STATION: RED BLUFF AIRPORT CA
MONTH: NOVEMBER
YEAR: 2020
LATITUDE: 40 9 N
LONGITUDE: 122 15 W
TEMPERATURE IN F: :PCPN: SNOW: WIND :SUNSHINE: SKY :PK WND
================================================================================
1 2 3 4 5 6A 6B 7 8 9 10 11 12 13 14 15 16 17 18
12Z AVG MX 2MIN
DY MAX MIN AVG DEP HDD CDD WTR SNW DPTH SPD SPD DIR MIN PSBL S-S WX SPD DR
================================================================================
1 84 45 65 7 0 0 0.00 0.0 0 5.2 9 360 M M 0 12 360
2 87 44 66 8 0 1 0.00 0.0 0 5.0 10 360 M M 0 13 350
3 80 45 63 6 2 0 0.00 0.0 0 5.1 10 300 M M 0 13 300
4 82 46 64 7 1 0 0.00 0.0 0 4.7 10 330 M M 0 12 340
5 82 48 65 9 0 0 0.00 0.0 0 4.9 12 350 M M 0 8 13 150
6 66 44 55 -1 10 0 T 0.0 0 12.1 25 350 M M 4 36 290
7 63 38 51 -4 14 0 0.00 0.0 0 6.4 15 290 M M 3 20 290
8 57 43 50 -5 15 0 0.00 0.0 0 13.4 26 10 M M 1 36 10
9 57 37 47 -8 18 0 0.00 0.0 0 11.5 23 360 M M 0 30 10
10 60 30 45 -9 20 0 0.00 0.0 0 4.5 10 170 M M 1 13 160
11 63 33 48 -6 17 0 0.00 0.0 0 5.7 12 360 M M 0 14 340
12 61 28 45 -9 20 0 0.00 0.0 0 2.9 8 350 M M 0 12 160
13 53 43 48 -5 17 0 0.05 0.0 0 12.4 33 160 M M 9 128 42 170
14 57 40 49 -4 16 0 0.00 0.0 0 3.7 12 30 M M 8 12 14 330
15 63 38 51 -1 14 0 0.00 0.0 0 4.2 13 350 M M 3 14 360
16 72 42 57 5 8 0 0.00 0.0 0 5.2 13 360 M M 0 16 330
17 57 46 52 0 13 0 0.07 0.0 0 13.2 25 150 M M 6 8 32 150
18 65 44 55 4 10 0 0.66 0.0 0 12.5 29 160 M M 5 13 36 150
19 63 39 51 0 14 0 0.01 0.0 0 7.3 14 360 M M 2 18 10
20 67 38 53 2 12 0 0.00 0.0 0 7.8 20 360 M M 0 22 360
21 70 32 51 1 14 0 0.00 0.0 0 8.5 22 360 M M 0 29 10
22 60 33 47 -3 18 0 T 0.0 0 4.4 12 90 M M 3 12 90
23 67 41 54 4 11 0 0.00 0.0 0 7.6 13 360 M M 1 16 340
24 69 45 57 7 8 0 0.00 0.0 0 7.3 15 10 M M 0 18 350
25 62 43 53 4 12 0 T M 0 7.4 15 300 M M 1 20 290
26 64 42 53 4 12 0 0.00 0.0 0 10.2 18 10 M M 0 26 10
27 65 39 52 3 13 0 0.00 0.0 0 7.3 15 320 M M 0 18 320
28 67 32 50 2 15 0 0.00 0.0 0 5.7 12 340 M M 0 15 360
29 64 31 48 0 17 0 0.00 0.0 0 3.3 8 320 M M 0 11 190
30 65 32 49 1 16 0 0.00 0.0 0 5.0 12 330 M M 0 15 320
================================================================================
SM 1992 1181 357 1 0.79 0.0 214.4 M 47
================================================================================
AV 66.4 39.4 7.1 FASTST M M 2 MAX(MPH)
MISC ----> # 33 160 # 42 170
================================================================================
NOTES:
# LAST OF SEVERAL OCCURRENCES
COLUMN 17 PEAK WIND IN M.P.H.
PRELIMINARY LOCAL CLIMATOLOGICAL DATA (WS FORM: F-6) , PAGE 2
STATION: RED BLUFF AIRPORT CA
MONTH: NOVEMBER
YEAR: 2020
LATITUDE: 40 9 N
LONGITUDE: 122 15 W
[TEMPERATURE DATA] [PRECIPITATION DATA] SYMBOLS USED IN COLUMN 16
AVERAGE MONTHLY: 52.9 TOTAL FOR MONTH: 0.79 1 = FOG OR MIST
DPTR FM NORMAL: 0.4 DPTR FM NORMAL: -2.06 2 = FOG REDUCING VISIBILITY
HIGHEST: 87 ON 2 GRTST 24HR 0.66 ON 18-18 TO 1/4 MILE OR LESS
LOWEST: 28 ON 12 3 = THUNDER
SNOW, ICE PELLETS, HAIL 4 = ICE PELLETS
TOTAL MONTH: 0.0 INCH 5 = HAIL
GRTST 24HR 0.0 6 = FREEZING RAIN OR DRIZZLE
GRTST DEPTH: 0 7 = DUSTSTORM OR SANDSTORM:
VSBY 1/2 MILE OR LESS
8 = SMOKE OR HAZE
[NO. OF DAYS WITH] [WEATHER - DAYS WITH] 9 = BLOWING SNOW
X = TORNADO
MAX 32 OR BELOW: 0 0.01 INCH OR MORE: 4
MAX 90 OR ABOVE: 0 0.10 INCH OR MORE: 1
MIN 32 OR BELOW: 6 0.50 INCH OR MORE: 1
MIN 0 OR BELOW: 0 1.00 INCH OR MORE: 0
[HDD (BASE 65) ]
TOTAL THIS MO. 357 CLEAR (SCALE 0-3) 24
DPTR FM NORMAL -19 PTCLDY (SCALE 4-7) 4
TOTAL FM JUL 1 389 CLOUDY (SCALE 8-10) 2
DPTR FM NORMAL -86
[CDD (BASE 65) ]
TOTAL THIS MO. 1
DPTR FM NORMAL 0 [PRESSURE DATA]
TOTAL FM JAN 1 2515 HIGHEST SLP 30.37 ON 26
DPTR FM NORMAL 686 LOWEST SLP 29.61 ON 6
[REMARKS]
#FINAL-11-20#