643
CXUS56 KSTO 031744
CF6RDD
PRELIMINARY LOCAL CLIMATOLOGICAL DATA (WS FORM: F-6)
STATION: REDDING CA AIRPORT AND CITY
MONTH: MARCH
YEAR: 2021
LATITUDE: 40 30 N
LONGITUDE: 122 18 W
TEMPERATURE IN F: :PCPN: SNOW: WIND :SUNSHINE: SKY :PK WND
================================================================================
1 2 3 4 5 6A 6B 7 8 9 10 11 12 13 14 15 16 17 18
12Z AVG MX 2MIN
DY MAX MIN AVG DEP HDD CDD WTR SNW DPTH SPD SPD DIR MIN PSBL S-S WX SPD DR
================================================================================
1 66 34 50 -2 15 0 0.00 0.0 0 4.1 17 150 M M 0 21 170
2 74 34 54 2 11 0 0.00 0.0 0 3.5 12 20 M M 0 8 14 360
3 73 33 53 1 12 0 0.00 0.0 0 4.9 21 180 M M 0 8 25 180
4 65 38 52 0 13 0 0.00 0.0 0 4.9 17 180 M M 0 20 190
5 67 35 51 -1 14 0 0.11 M 0 8.2 24 170 M M 0 1 31 150
6 59 40 50 -3 15 0 0.33 M 0 4.8 16 150 M M 4 18 18 150
7 63 37 50 -3 15 0 0.00 0.0 0 2.8 9 30 M M 3 13 30
8 54 40 47 -6 18 0 0.06 0.0 0 8.1 28 170 M M 9 33 170
9 55 39 47 -6 18 0 0.19 0.0 0 10.3 29 160 M M 8 13 35 160
10 48 38 43 -10 22 0 0.38 0.0 0 4.3 17 150 M M 9 13 25 180
11 63 34 49 -4 16 0 0.00 0.0 0 4.6 17 10 M M 3 12 23 20
12 70 42 56 3 9 0 0.00 0.0 0 8.1 21 10 M M 0 24 10
13 67 34 51 -3 14 0 0.00 0.0 0 2.9 12 180 M M 0 14 150
14 50 41 46 -8 19 0 0.68 0.0 0 6.4 16 170 M M 8 1 21 180
15 55 37 46 -8 19 0 0.18 0.0 0 5.0 12 350 M M 6 1 15 350
16 58 42 50 -4 15 0 0.00 0.0 0 7.1 16 10 M M 0 23 10
17 60 43 52 -2 13 0 0.00 0.0 0 4.0 16 180 M M 7 20 170
18 52 46 49 -5 16 0 0.60 0.0 0 6.9 21 160 M M 10 1 26 170
19 59 46 53 -1 12 0 0.06 0.0 0 6.9 18 150 M M 9 27 160
20 61 35 48 -6 17 0 T 0.0 0 2.7 15 240 M M 2 1 18 220
21 68 40 54 0 11 0 0.00 0.0 0 5.0 14 360 M M 0 20 350
22 67 47 57 3 8 0 0.00 0.0 0 5.2 18 290 M M 4 26 280
23 66 46 56 2 9 0 0.00 0.0 0 12.4 28 30 M M 0 37 30
24 69 45 57 3 8 0 0.00 0.0 0 6.9 15 320 M M 1 24 320
25 65 44 55 0 10 0 0.00 0.0 0 10.7 24 20 M M 0 28 20
26 75 46 61 6 4 0 0.00 0.0 0 9.7 22 10 M M 0 28 10
27 78 46 62 7 3 0 0.00 0.0 0 3.9 13 10 M M 0 15 10
28 76 42 59 4 6 0 0.00 0.0 0 4.6 18 160 M M 0 21 190
29 70 49 60 5 5 0 0.00 0.0 0 15.4 31 10 M M 0 43 20
30 76 51 64 9 1 0 0.00 0.0 0 13.7 28 10 M M 0 35 10
31 82 50 66 11 0 1 0.00 0.0 0 4.6 14 40 M M 0 16 40
================================================================================
SM 2011 1274 368 1 2.59 0.0 202.6 M 83
================================================================================
AV 64.9 41.1 6.5 FASTST M M 3 MAX(MPH)
MISC ----> # 31 10 # 43 20
================================================================================
NOTES:
# LAST OF SEVERAL OCCURRENCES
COLUMN 17 PEAK WIND IN M.P.H.
PRELIMINARY LOCAL CLIMATOLOGICAL DATA (WS FORM: F-6) , PAGE 2
STATION: REDDING CA AIRPORT AND CITY
MONTH: MARCH
YEAR: 2021
LATITUDE: 40 30 N
LONGITUDE: 122 18 W
[TEMPERATURE DATA] [PRECIPITATION DATA] SYMBOLS USED IN COLUMN 16
AVERAGE MONTHLY: 53.0 TOTAL FOR MONTH: 2.59 1 = FOG OR MIST
DPTR FM NORMAL: -0.7 DPTR FM NORMAL: -1.78 2 = FOG REDUCING VISIBILITY
HIGHEST: 82 ON 31 GRTST 24HR 0.68 ON 14-14 TO 1/4 MILE OR LESS
LOWEST: 33 ON 3 3 = THUNDER
SNOW, ICE PELLETS, HAIL 4 = ICE PELLETS
TOTAL MONTH: 0.0 INCH 5 = HAIL
GRTST 24HR 0.0 6 = FREEZING RAIN OR DRIZZLE
GRTST DEPTH: 0 7 = DUSTSTORM OR SANDSTORM:
VSBY 1/2 MILE OR LESS
8 = SMOKE OR HAZE
[NO. OF DAYS WITH] [WEATHER - DAYS WITH] 9 = BLOWING SNOW
X = TORNADO
MAX 32 OR BELOW: 0 0.01 INCH OR MORE: 9
MAX 90 OR ABOVE: 0 0.10 INCH OR MORE: 7
MIN 32 OR BELOW: 0 0.50 INCH OR MORE: 2
MIN 0 OR BELOW: 0 1.00 INCH OR MORE: 0
[HDD (BASE 65) ]
TOTAL THIS MO. 368 CLEAR (SCALE 0-3) 20
DPTR FM NORMAL 15 PTCLDY (SCALE 4-7) 6
TOTAL FM JUL 1 2199 CLOUDY (SCALE 8-10) 5
DPTR FM NORMAL -315
[CDD (BASE 65) ]
TOTAL THIS MO. 1
DPTR FM NORMAL -2 [PRESSURE DATA]
TOTAL FM JAN 1 4 HIGHEST SLP 30.31 ON 21
DPTR FM NORMAL 1 LOWEST SLP 29.66 ON 3
[REMARKS]
#FINAL-03-21#