050
CXUS56 KSTO 131749
CF6RDD
PRELIMINARY LOCAL CLIMATOLOGICAL DATA (WS FORM: F-6)
STATION: REDDING CA AIRPORT AND CITY
MONTH: DECEMBER
YEAR: 2020
LATITUDE: 40 30 N
LONGITUDE: 122 18 W
TEMPERATURE IN F: :PCPN: SNOW: WIND :SUNSHINE: SKY :PK WND
================================================================================
1 2 3 4 5 6A 6B 7 8 9 10 11 12 13 14 15 16 17 18
12Z AVG MX 2MIN
DY MAX MIN AVG DEP HDD CDD WTR SNW DPTH SPD SPD DIR MIN PSBL S-S WX SPD DR
================================================================================
1 69 44 57 10 8 0 0.00 0.0 0 10.7 22 10 M M 0 26 20
2 72 33 53 6 12 0 0.00 0.0 0 2.8 15 10 M M 0 19 10
3 66 34 50 3 15 0 0.00 0.0 0 0.9 7 270 M M 0 8 100
4 72 34 53 6 12 0 0.00 0.0 0 3.5 18 10 M M 0 23 10
5 61 31 46 0 19 0 0.00 0.0 0 1.1 7 290 M M 2 8 12 140
6 67 33 50 4 15 0 0.00 0.0 0 8.8 25 10 M M 1 8 33 20
7 72 41 57 11 8 0 0.00 0.0 0 12.1 26 10 M M 0 35 360
8 76 33 55 9 10 0 0.00 0.0 0 3.5 13 360 M M 0 16 10
9 70 32 51 5 14 0 0.00 0.0 0 8.4 22 360 M M 0 8 28 360
10 66 44 55 9 10 0 0.00 0.0 0 7.7 15 350 M M 0 22 350
11 53 34 44 -2 21 0 0.21 M 0 3.0 17 180 M M 5 1 17 150
12 56 43 50 4 15 0 0.05 M 0 4.3 13 20 M M 5 1 16 360
13 46 37 42 -3 23 0 0.88 0.0 0 3.1 12 150 M M 9 128 15 150
14 57 30 44 -1 21 0 0.00 0.0 0 4.8 14 360 M M 1 1 19 10
15 53 37 45 0 20 0 T 0.0 0 2.4 17 280 M M 7 1 25 200
16 49 34 42 -3 23 0 0.44 0.0 0 2.1 13 130 M M 7 128 15 130
17 59 39 49 4 16 0 0.09 M 0 4.8 13 350 M M 3 1 16 340
18 63 36 50 5 15 0 0.00 0.0 0 5.4 16 10 M M 0 23 10
19 56 30 43 -2 22 0 0.00 0.0 0 1.1 6 20 M M 0 8 23 270
20 64 34 49 4 16 0 0.00 0.0 0 1.1 7 360 M M 0 1 8 10
21 56 31 44 -1 21 0 0.01 0.0 0 0.6 8 160 M M 1 18 10 320
22 58 34 46 1 19 0 0.00 0.0 0 9.2 21 360 M M 1 1 28 360
23 62 35 49 4 16 0 0.00 0.0 0 10.8 26 10 M M 0 32 360
24 58 27 43 -2 22 0 0.00 0.0 0 0.9 5 340 M M 1 6 30
25 47 40 44 -1 21 0 0.58 M 0 3.0 8 360 M M 10 1 12 50
26 59 41 50 5 15 0 0.05 M 0 3.3 12 220 M M 5 1 14 220
27 57 35 46 1 19 0 0.00 0.0 0 3.4 12 360 M M 1 15 360
28 60 32 46 1 19 0 0.00 0.0 0 6.2 14 360 M M 0 19 10
29 61 36 49 4 16 0 0.00 0.0 0 6.2 16 350 M M 0 22 350
30 50 35 43 -2 22 0 0.04 0.0 0 4.0 12 140 M M 6 18 14 140
31 58 34 46 1 19 0 0.00 0.0 0 5.2 15 10 M M 1 18 26 330
================================================================================
SM 1873 1093 524 0 2.35 0.0 144.4 M 66
================================================================================
AV 60.4 35.3 4.7 FASTST M M 2 MAX(MPH)
MISC ----> # 26 10 # 35 360
================================================================================
NOTES:
# LAST OF SEVERAL OCCURRENCES
COLUMN 17 PEAK WIND IN M.P.H.
PRELIMINARY LOCAL CLIMATOLOGICAL DATA (WS FORM: F-6) , PAGE 2
STATION: REDDING CA AIRPORT AND CITY
MONTH: DECEMBER
YEAR: 2020
LATITUDE: 40 30 N
LONGITUDE: 122 18 W
[TEMPERATURE DATA] [PRECIPITATION DATA] SYMBOLS USED IN COLUMN 16
AVERAGE MONTHLY: 47.8 TOTAL FOR MONTH: 2.35 1 = FOG OR MIST
DPTR FM NORMAL: 2.4 DPTR FM NORMAL: -3.92 2 = FOG REDUCING VISIBILITY
HIGHEST: 76 ON 8 GRTST 24HR 0.88 ON 13-13 TO 1/4 MILE OR LESS
LOWEST: 27 ON 24 3 = THUNDER
SNOW, ICE PELLETS, HAIL 4 = ICE PELLETS
TOTAL MONTH: 0.0 INCH 5 = HAIL
GRTST 24HR 0.0 6 = FREEZING RAIN OR DRIZZLE
GRTST DEPTH: 0 7 = DUSTSTORM OR SANDSTORM:
VSBY 1/2 MILE OR LESS
8 = SMOKE OR HAZE
[NO. OF DAYS WITH] [WEATHER - DAYS WITH] 9 = BLOWING SNOW
X = TORNADO
MAX 32 OR BELOW: 0 0.01 INCH OR MORE: 9
MAX 90 OR ABOVE: 0 0.10 INCH OR MORE: 4
MIN 32 OR BELOW: 7 0.50 INCH OR MORE: 2
MIN 0 OR BELOW: 0 1.00 INCH OR MORE: 0
[HDD (BASE 65) ]
TOTAL THIS MO. 524 CLEAR (SCALE 0-3) 23
DPTR FM NORMAL -84 PTCLDY (SCALE 4-7) 6
TOTAL FM JUL 1 927 CLOUDY (SCALE 8-10) 2
DPTR FM NORMAL -203
[CDD (BASE 65) ]
TOTAL THIS MO. 0
DPTR FM NORMAL 0 [PRESSURE DATA]
TOTAL FM JAN 1 2448 HIGHEST SLP 30.47 ON 19
DPTR FM NORMAL 601 LOWEST SLP 29.77 ON 28
[REMARKS]
#FINAL-12-20#