000
CXUS51 KPHI 151905
CF6RDG
PRELIMINARY LOCAL CLIMATOLOGICAL DATA (WS FORM: F-6)
STATION: READING PA
MONTH: MAY
YEAR: 2020
LATITUDE: 40 22 N
LONGITUDE: 75 58 W
TEMPERATURE IN F: :PCPN: SNOW: WIND :SUNSHINE: SKY :PK WND
================================================================================
1 2 3 4 5 6A 6B 7 8 9 10 11 12 13 14 15 16 17 18
12Z AVG MX 2MIN
DY MAX MIN AVG DEP HDD CDD WTR SNW DPTH SPD SPD DIR MIN PSBL S-S WX SPD DR
================================================================================
1 68 53 61 3 4 0 0.07 0.0 0 8.7 22 320 M M 9 1 26 300
2 72 48 60 2 5 0 T 0.0 0 8.1 18 320 M M 3 22 310
3 79 55 67 8 0 2 0.04 0.0 0 7.7 20 280 M M 3 26 290
4 70 49 60 1 5 0 T 0.0 0 13.3 30 320 M M 3 42 320
5 59 42 51 -8 14 0 0.00 0.0 0 4.9 16 360 M M 1 19 10
6 55 45 50 -10 15 0 0.13 0.0 0 4.6 15 140 M M 10 1 20 160
7 66 43 55 -5 10 0 T 0.0 0 8.3 20 250 M M 5 26 280
8 56 36 46 -14 19 0 0.75 0.0 0 5.4 28 340 M M 9 1 37 350
9 48 32 40 -20 25 0 T 0.0 0 16.4 31 290 M M 4 39 300
10 64 34 49 -12 16 0 0.00 0.0 0 9.2 23 220 M M 0 28 220
11 59 42 51 -10 14 0 0.03 0.0 0 10.3 31 290 M M 8 39 290
12 60 39 50 -11 15 0 0.00 0.0 0 11.0 25 280 M M 5 36 290
13 66 34 50 -12 15 0 0.00 0.0 0 4.8 17 240 M M 0 26 240
14 73 39 56 -6 9 0 T 0.0 0 6.1 21 210 M M 2 28 170
15 86 61 74 12 0 9 0.03 0.0 0 8.4 23 200 M M 6 8 31 200
16 76 61 69 7 0 4 0.03 0.0 0 6.1 15 340 M M 3 21 350
17 69 54 62 -1 3 0 0.01 0.0 0 5.3 14 150 M M 7 20 130
18 72 55 64 1 1 0 0.00 0.0 0 7.7 16 60 M M 9 23 80
19 70 53 62 -1 3 0 0.00 0.0 0 10.2 22 130 M M 0 33 70
20 66 47 57 -7 8 0 0.00 0.0 0 9.4 17 90 M M 0 27 120
21 74 40 57 -7 8 0 0.00 0.0 0 5.0 13 180 M M 3 17 200
22 68 59 64 0 1 0 0.47 0.0 0 3.5 10 130 M M 9 1 15 110
23 78 62 70 5 0 5 0.32 0.0 0 5.5 15 70 M M 9 1 21 110
24 73 56 65 0 0 0 T 0.0 0 6.5 13 130 M M 10 18 130
25 79 55 67 2 0 2 0.00 0.0 0 3.5 9 200 M M 4 13 190
26 87 60 74 8 0 9 0.00 0.0 0 3.7 13 210 M M 0 1 17 200
27 82 64 73 7 0 8 0.00 0.0 0 6.1 13 160 M M 5 17 150
28 81 69 75 9 0 10 T 0.0 0 8.7 18 130 M M 10 18 27 150
29 87 67 77 11 0 12 0.58 0.0 0 8.7 32 290 M M 7 138 41 290
30 81 63 72 5 0 7 T 0.0 0 8.0 17 310 M M 3 1 23 310
31 71 52 62 -5 3 0 0.00 0.0 0 9.6 21 340 M M 2 27 330
================================================================================
SM 2195 1569 193 68 2.46 0.0 234.7 M 149
================================================================================
AV 70.8 50.6 7.6 FASTST M M 5 MAX(MPH)
MISC ----> 32 290 42 320
================================================================================
NOTES:
# LAST OF SEVERAL OCCURRENCES
COLUMN 17 PEAK WIND IN M.P.H.
PRELIMINARY LOCAL CLIMATOLOGICAL DATA (WS FORM: F-6) , PAGE 2
STATION: READING PA
MONTH: MAY
YEAR: 2020
LATITUDE: 40 22 N
LONGITUDE: 75 58 W
[TEMPERATURE DATA] [PRECIPITATION DATA] SYMBOLS USED IN COLUMN 16
AVERAGE MONTHLY: 60.7 TOTAL FOR MONTH: 2.46 1 = FOG OR MIST
DPTR FM NORMAL: -1.8 DPTR FM NORMAL: -1.05 2 = FOG REDUCING VISIBILITY
HIGHEST: 87 ON 26,29 GRTST 24HR 0.75 ON 8- 8 TO 1/4 MILE OR LESS
LOWEST: 32 ON 9 3 = THUNDER
SNOW, ICE PELLETS, HAIL 4 = ICE PELLETS
TOTAL MONTH: 0.0 INCH 5 = HAIL
GRTST 24HR 0.0 6 = FREEZING RAIN OR DRIZZLE
GRTST DEPTH: 0 7 = DUSTSTORM OR SANDSTORM:
VSBY 1/2 MILE OR LESS
8 = SMOKE OR HAZE
[NO. OF DAYS WITH] [WEATHER - DAYS WITH] 9 = BLOWING SNOW
X = TORNADO
MAX 32 OR BELOW: 0 0.01 INCH OR MORE: 11
MAX 90 OR ABOVE: 0 0.10 INCH OR MORE: 5
MIN 32 OR BELOW: 1 0.50 INCH OR MORE: 2
MIN 0 OR BELOW: 0 1.00 INCH OR MORE: 0
[HDD (BASE 65) ]
TOTAL THIS MO. 193 CLEAR (SCALE 0-3) 13
DPTR FM NORMAL 51 PTCLDY (SCALE 4-7) 10
TOTAL FM JUL 1 4713 CLOUDY (SCALE 8-10) 8
DPTR FM NORMAL -398
[CDD (BASE 65) ]
TOTAL THIS MO. 68
DPTR FM NORMAL 4 [PRESSURE DATA]
TOTAL FM JAN 1 68 HIGHEST SLP M ON M
DPTR FM NORMAL -7 LOWEST SLP 29.62 ON 4
[REMARKS]
#FINAL-05-20#