000
CXUS51 KPHI 012032
CLMRDG
CLIMATE REPORT
NATIONAL WEATHER SERVICE MOUNT HOLLY NJ
432 PM EDT MON MAY 01 2023
...................................
...THE READING PA CLIMATE SUMMARY FOR THE MONTH OF APRIL 2023...
CLIMATE NORMAL PERIOD: 1991 TO 2020
CLIMATE RECORD PERIOD: 1869 TO 2023
WEATHER OBSERVED NORMAL DEPART LAST YEAR`S
VALUE DATE(S) VALUE FROM VALUE
NORMAL
..............................................................
TEMPERATURE (F)
RECORD
HIGH 97 04/19/1976
LOW 12 04/01/1923
HIGHEST 88 MM MM 83
LOWEST 30 MM MM 27
AVG. MAXIMUM 68.4 63.4 5.0 61.9
AVG. MINIMUM 44.9 41.7 3.2 41.1
MEAN 56.7 52.5 4.2 51.5
DAYS MAX >= 90 0 0.2 -0.2 0
DAYS MAX <= 32 0 0.0 0.0 0
DAYS MIN <= 32 3 3.9 -0.9 1
DAYS MIN <= 0 0 0.0 0.0 0
PRECIPITATION (INCHES)
RECORD
MAXIMUM 8.25 1983
MINIMUM 0.66 1946
TOTALS 4.23 3.35 0.88 4.41
DAILY AVG. 0.14 0.11 0.03 0.15
DAYS >= .01 9 11.6 -2.6 12
DAYS >= .10 6 7.0 -1.0 7
DAYS >= .50 2 2.0 0.0 3
DAYS >= 1.00 1 0.7 0.3 2
GREATEST
24 HR. TOTAL 2.31 04/30 TO 04/30 1.60
DEGREE DAYS
HEATING TOTAL 269 385 -116 397
SINCE 7/1 4188 4968 -780 MM
COOLING TOTAL 27 11 16 1
SINCE 1/1 27 11 16 MM
..............................................................
WIND (MPH)
AVERAGE WIND SPEED 7.1
HIGHEST WIND SPEED/DIRECTION 37/240 DATE 04/22
HIGHEST GUST SPEED/DIRECTION 52/270 DATE 04/22
SKY COVER
POSSIBLE SUNSHINE (PERCENT) MM
AVERAGE SKY COVER 0.36
NUMBER OF DAYS FAIR 16
NUMBER OF DAYS PC 9
NUMBER OF DAYS CLOUDY 5
AVERAGE RH (PERCENT) 58
WEATHER CONDITIONS. NUMBER OF DAYS WITH
THUNDERSTORM 4 MIXED PRECIP 0
HEAVY RAIN 3 RAIN 5
LIGHT RAIN 11 FREEZING RAIN 0
LT FREEZING RAIN 0 HEAVY SNOW 0
SNOW 0 LIGHT SNOW 0
SLEET 0 FOG 11
FOG W/VIS <= 1/4 MILE 2 HAZE 4
- INDICATES NEGATIVE NUMBERS.
R INDICATES RECORD WAS SET OR TIED.
MM INDICATES DATA IS MISSING.
T INDICATES TRACE AMOUNT.
$$