000
CXUS52 KRAH 010845
CF6RDU
PRELIMINARY LOCAL CLIMATOLOGICAL DATA (WS FORM: F-6)
STATION: RALEIGH NC
MONTH: SEPTEMBER
YEAR: 2022
LATITUDE: 35 52 N
LONGITUDE: 78 47 W
TEMPERATURE IN F: :PCPN: SNOW: WIND :SUNSHINE: SKY :PK WND
================================================================================
1 2 3 4 5 6A 6B 7 8 9 10 11 12 13 14 15 16 17 18
12Z AVG MX 2MIN
DY MAX MIN AVG DEP HDD CDD WTR SNW DPTH SPD SPD DIR MIN PSBL S-S WX SPD DR
================================================================================
1 91 64 78 1 0 13 0.00 0.0 0 2.9 14 60 M M 6 16 10
2 95 63 79 3 0 14 0.00 0.0 0 3.4 14 120 M M 4 18 120
3 92 70 81 5 0 16 0.02 0.0 0 5.2 14 140 M M 5 1 20 150
4 94 70 82 6 0 17 0.00 0.0 0 4.6 13 150 M M 6 21 140
5 89 70 80 4 0 15 T 0.0 0 6.0 16 180 M M 8 19 190
6 90 73 82 6 0 17 0.27 0.0 0 5.1 14 310 M M 9 13 21 300
7 87 70 79 4 0 14 0.28 0.0 0 3.6 18 30 M M 7 13 26 40
8 81 66 74 -1 0 9 T 0.0 0 6.7 16 50 M M 7 20 60
9 83 62 73 -2 0 8 0.00 0.0 0 7.0 17 40 M M 6 23 40
10 83 69 76 2 0 11 0.48 0.0 0 7.7 15 90 M M 10 1 21 120
11 91 74 83 9 0 18 0.13 0.0 0 4.3 14 160 M M 9 12 18 200
12 92 71 82 8 0 17 0.17 0.0 0 6.7 20 230 M M 7 13 26 230
13 86 62 74 0 0 9 0.00 0.0 0 3.6 13 220 M M 5 20 240
14 81 59 70 -3 0 5 0.00 0.0 0 3.9 14 50 M M 4 17 50
15 83 58 71 -2 0 6 0.00 0.0 0 4.2 15 30 M M 2 20 50
16 85 60 73 0 0 8 0.00 0.0 0 2.9 13 40 M M 2 1 16 50
17 84 59 72 0 0 7 0.00 0.0 0 3.8 12 70 M M 2 1 18 70
18 90 60 75 3 0 10 0.00 0.0 0 1.6 9 30 M M 4 16 100
19 93 63 78 6 0 13 0.00 0.0 0 2.1 12 230 M M 3 15 220
20 91 65 78 7 0 13 0.00 0.0 0 3.1 12 60 M M 1 17 20
21 96 64 80 9 0 15 0.00 0.0 0 2.3 12 90 M M 1 15 100
22 98 66 82 11 0 17 0.00 0.0 0 7.7 17 270 M M 5 26 10
23 75 47 61 -9 4 0 0.00 0.0 0 5.4 15 40 M M 2 23 40
24 77 47 62 -8 3 0 0.00 0.0 0 3.6 13 230 M M 7 18 260
25 84 60 72 2 0 7 T 0.0 0 10.4 24 230 M M 7 3 28 230
26 87 59 73 4 0 8 0.00 0.0 0 3.6 17 240 M M 3 24 250
27 81 53 67 -2 0 2 0.00 0.0 0 3.2 15 290 M M 4 19 290
28 72 47 60 -8 5 0 0.00 0.0 0 5.8 13 30 M M 8 18 20
29 69 54 62 -6 3 0 0.00 0.0 0 15.0 23 40 M M 8 32 60
30 67 56 62 -6 3 0 3.35 0.0 0 19.9 36 50 M M 10 1 49 30
================================================================================
SM 2567 1861 18 289 4.70 0.0 165.3 M 162
================================================================================
AV 85.6 62.0 5.5 FASTST M M 5 MAX(MPH)
MISC ----> 36 50 49 30
================================================================================
NOTES:
# LAST OF SEVERAL OCCURRENCES
COLUMN 17 PEAK WIND IN M.P.H.
PRELIMINARY LOCAL CLIMATOLOGICAL DATA (WS FORM: F-6) , PAGE 2
STATION: RALEIGH NC
MONTH: SEPTEMBER
YEAR: 2022
LATITUDE: 35 52 N
LONGITUDE: 78 47 W
[TEMPERATURE DATA] [PRECIPITATION DATA] SYMBOLS USED IN COLUMN 16
AVERAGE MONTHLY: 73.8 TOTAL FOR MONTH: 4.70 1 = FOG OR MIST
DPTR FM NORMAL: 1.2 DPTR FM NORMAL: -0.45 2 = FOG REDUCING VISIBILITY
HIGHEST: 98 ON 22 GRTST 24HR 3.35 ON 30-30 TO 1/4 MILE OR LESS
LOWEST: 47 ON 28,24 3 = THUNDER
SNOW, ICE PELLETS, HAIL 4 = ICE PELLETS
TOTAL MONTH: 0.0 INCH 5 = HAIL
GRTST 24HR 0.0 6 = FREEZING RAIN OR DRIZZLE
GRTST DEPTH: 0 7 = DUSTSTORM OR SANDSTORM:
VSBY 1/2 MILE OR LESS
8 = SMOKE OR HAZE
[NO. OF DAYS WITH] [WEATHER - DAYS WITH] 9 = BLOWING SNOW
X = TORNADO
MAX 32 OR BELOW: 0 0.01 INCH OR MORE: 7
MAX 90 OR ABOVE: 12 0.10 INCH OR MORE: 6
MIN 32 OR BELOW: 0 0.50 INCH OR MORE: 1
MIN 0 OR BELOW: 0 1.00 INCH OR MORE: 1
[HDD (BASE 65) ]
TOTAL THIS MO. 18 CLEAR (SCALE 0-3) 6
DPTR FM NORMAL 3 PTCLDY (SCALE 4-7) 18
TOTAL FM JUL 1 18 CLOUDY (SCALE 8-10) 6
DPTR FM NORMAL 5
[CDD (BASE 65) ]
TOTAL THIS MO. 289
DPTR FM NORMAL 46 [PRESSURE DATA]
TOTAL FM JAN 1 2067 HIGHEST SLP 30.26 ON 29
DPTR FM NORMAL 328 LOWEST SLP 29.51 ON 30
[REMARKS]
#FINAL-09-22#