000
CXUS51 KAKQ 010810
CF6RIC
PRELIMINARY LOCAL CLIMATOLOGICAL DATA (WS FORM: F-6)
STATION: RICHMOND VA
MONTH: DECEMBER
YEAR: 2021
LATITUDE: 37 30 N
LONGITUDE: 77 20 W
TEMPERATURE IN F: :PCPN: SNOW: WIND :SUNSHINE: SKY :PK WND
================================================================================
1 2 3 4 5 6A 6B 7 8 9 10 11 12 13 14 15 16 17 18
12Z AVG MX 2MIN
DY MAX MIN AVG DEP HDD CDD WTR SNW DPTH SPD SPD DIR MIN PSBL S-S WX SPD DR
================================================================================
1 59 32 46 1 19 0 0.00 0.0 0 4.5 12 90 M M 5 14 120
2 69 41 55 10 10 0 0.00 0.0 0 10.9 24 240 M M 5 30 240
3 65 42 54 9 11 0 0.00 0.0 0 4.5 12 30 M M 2 15 260
4 60 38 49 5 16 0 0.00 0.0 0 3.0 12 10 M M 6 1 14 10
5 59 35 47 3 18 0 0.00 0.0 0 4.7 14 70 M M 7 1 20 60
6 71 43 57 13 8 0 0.00 0.0 0 12.3 29 300 M M 7 39 320
7 52 33 43 -1 22 0 0.00 0.0 0 5.5 20 330 M M 5 24 330
8 44 30 37 -6 28 0 T T 0 4.0 10 320 M M 7 4 13 310
9 45 25 35 -8 30 0 0.00 0.0 0 4.8 12 180 M M 4 14 70
10 55 29 42 -1 23 0 0.02 0.0 0 6.6 13 170 M M 9 1 16 170
11 71 52 62 19 3 0 0.13 0.0 0 14.0 29 270 M M 10 1 37 190
12 58 30 44 2 21 0 0.00 0.0 0 7.2 22 350 M M 3 31 350
13 57 27 42 0 23 0 0.00 0.0 0 4.5 15 230 M M 2 18 220
14 60 28 44 2 21 0 0.00 0.0 0 3.7 13 40 M M 1 16 10
15 63 35 49 7 16 0 0.00 0.0 0 3.1 8 350 M M 5 1 12 340
16 70 38 54 12 11 0 0.00 0.0 0 11.3 23 210 M M 5 1 29 240
17 72 55 64 23 1 0 0.00 0.0 0 6.3 14 210 M M 8 18 220
18 64 53 59 18 6 0 0.20 0.0 0 4.9 12 210 M M 10 1 15 220
19 65 33 49 8 16 0 0.20 0.0 0 11.5 22 10 M M 7 1 28 350
20 43 27 35 -6 30 0 0.00 0.0 0 4.7 15 350 M M 2 18 360
21 42 26 34 -7 31 0 0.08 0.0 0 4.2 13 350 M M 10 1 15 360
22 57 33 45 5 20 0 0.07 0.0 0 6.9 17 290 M M 5 1 23 290
23 46 25 36 -4 29 0 0.00 0.0 0 3.3 9 170 M M 1 13 170
24 62 35 49 9 16 0 0.00 0.0 0 9.2 16 200 M M 7 20 210
25 73 50 62 22 3 0 0.00 0.0 0 14.4 25 240 M M 6 32 230
26 71 47 59 19 6 0 0.00 0.0 0 5.9 13 280 M M 2 21 280
27 50 39 45 5 20 0 0.00 0.0 0 4.1 14 140 M M 8 16 140
28 63 46 55 15 10 0 T 0.0 0 6.4 14 150 M M 7 17 140
29 69 53 61 22 4 0 0.32 0.0 0 6.7 16 20 M M 8 1 22 230
30 55 51 53 14 12 0 0.03 0.0 0 4.0 10 70 M M 10 12 13 70
31 61 51 56 17 9 0 0.02 0.0 0 5.8 13 340 M M 9 12 16 330
================================================================================
SM 1851 1182 493 0 1.07 T 202.9 M 183
================================================================================
AV 59.7 38.1 6.5 FASTST M M 6 MAX(MPH)
MISC ----> # 29 300 39 320
================================================================================
NOTES:
# LAST OF SEVERAL OCCURRENCES
COLUMN 17 PEAK WIND IN M.P.H.
PRELIMINARY LOCAL CLIMATOLOGICAL DATA (WS FORM: F-6) , PAGE 2
STATION: RICHMOND VA
MONTH: DECEMBER
YEAR: 2021
LATITUDE: 37 30 N
LONGITUDE: 77 20 W
[TEMPERATURE DATA] [PRECIPITATION DATA] SYMBOLS USED IN COLUMN 16
AVERAGE MONTHLY: 48.9 TOTAL FOR MONTH: 1.07 1 = FOG OR MIST
DPTR FM NORMAL: 7.1 DPTR FM NORMAL: -2.44 2 = FOG REDUCING VISIBILITY
HIGHEST: 73 ON 25 GRTST 24HR 0.39 ON 18-19 TO 1/4 MILE OR LESS
LOWEST: 25 ON 23, 9 3 = THUNDER
SNOW, ICE PELLETS, HAIL 4 = ICE PELLETS
TOTAL MONTH: T 5 = HAIL
GRTST 24HR T ON 8- 8 6 = FREEZING RAIN OR DRIZZLE
GRTST DEPTH: 0 7 = DUSTSTORM OR SANDSTORM:
VSBY 1/2 MILE OR LESS
8 = SMOKE OR HAZE
[NO. OF DAYS WITH] [WEATHER - DAYS WITH] 9 = BLOWING SNOW
X = TORNADO
MAX 32 OR BELOW: 0 0.01 INCH OR MORE: 9
MAX 90 OR ABOVE: 0 0.10 INCH OR MORE: 4
MIN 32 OR BELOW: 10 0.50 INCH OR MORE: 0
MIN 0 OR BELOW: 0 1.00 INCH OR MORE: 0
[HDD (BASE 65) ]
TOTAL THIS MO. 493 CLEAR (SCALE 0-3) 6
DPTR FM NORMAL -227 PTCLDY (SCALE 4-7) 17
TOTAL FM JUL 1 1058 CLOUDY (SCALE 8-10) 8
DPTR FM NORMAL -346
[CDD (BASE 65) ]
TOTAL THIS MO. 0
DPTR FM NORMAL -1 [PRESSURE DATA]
TOTAL FM JAN 1 1768 HIGHEST SLP 30.59 ON 14
DPTR FM NORMAL 208 LOWEST SLP 29.61 ON 25
[REMARKS]
#FINAL-12-21#