000
CXUS55 KGJT 010910
CF6RIL
PRELIMINARY LOCAL CLIMATOLOGICAL DATA (WS FORM: F-6)
STATION: RIFLE CO
MONTH: OCTOBER
YEAR: 2022
LATITUDE: 39 31 N
LONGITUDE: 107 43 W
TEMPERATURE IN F: :PCPN: SNOW: WIND :SUNSHINE: SKY :PK WND
================================================================================
1 2 3 4 5 6A 6B 7 8 9 10 11 12 13 14 15 16 17 18
12Z AVG MX 2MIN
DY MAX MIN AVG DEP HDD CDD WTR SNW DPTH SPD SPD DIR MIN PSBL S-S WX SPD DR
================================================================================
1 66 42 54 -2 11 0 0.23 M M 4.5 20 110 M M 4 13 24 110
2 70 50 60 4 5 0 1.07 M M 4.9 45 260 M M 4 13 61 260
3 66 42 54 -1 11 0 T M M 3.0 23 30 M M 3 3 30 40
4 72 41 57 2 8 0 0.00 M M 3.1 9 280 M M 2 11 20
5 73 40 57 3 8 0 0.00 M M 2.9 16 310 M M 0 22 300
6 74 38 56 2 9 0 0.00 M M 3.7 12 270 M M 0 8 17 250
7 74 40 57 3 8 0 0.00 M M 3.5 15 250 M M 0 21 260
8 74 39 57 4 8 0 0.00 M M 3.5 12 260 M M 1 14 250
9 73 38 56 3 9 0 0.00 M M 4.1 23 320 M M 0 31 320
10 71 36 54 2 11 0 0.00 M M 2.5 13 330 M M 1 20 270
11 73 36 55 3 10 0 0.00 M M 7.1 26 260 M M 1 36 250
12 73 36 55 4 10 0 0.00 M M 4.3 18 260 M M 0 22 250
13 72 34 53 2 12 0 0.00 M M 3.9 14 290 M M 0 20 300
14 73 31 52 2 13 0 0.00 M M 3.7 14 130 M M 0 19 140
15 74 32 53 3 12 0 0.00 M M 4.6 14 300 M M 0 18 280
16 71 32 52 2 13 0 0.00 M M 4.7 14 300 M M 0 20 310
17 71 31 51 2 14 0 0.00 M M 4.0 13 150 M M 0 17 290
18 74 32 53 4 12 0 0.00 M M 2.6 8 110 M M 0 13 50
19 74 30 52 4 13 0 0.00 M M 4.4 16 270 M M 0 19 260
20 74 32 53 5 12 0 0.00 M M 4.6 18 270 M M 0 23 270
21 71 30 51 4 14 0 0.00 M M 6.2 24 260 M M 0 31 260
22 72 31 52 5 13 0 T M M 9.3 26 260 M M 3 38 200
23 50 31 41 -5 24 0 0.93 M M 7.2 31 320 M M 9 12 44 320
24 42 26 34 -12 31 0 0.00 M M 4.5 12 240 M M 7 1 15 250
25 40 25 33 -13 32 0 T M M 2.0 6 80 M M 7 8 100
26 42 32 37 -8 28 0 0.45 M M 1.8 22 280 M M 9 12 33 280
27 43 29 36 -9 29 0 0.01 M M 5.1 16 250 M M 8 18 21 260
28 50 24 37 -7 28 0 0.00 M M 2.9 9 140 M M 0 10 70
29 52 25 39 -5 26 0 0.00 M M 2.5 8 130 M M 2 18 11 130
30 58 27 43 -1 22 0 0.00 M M 1.6 9 160 M M 0 10 160
31 58 25 42 -1 23 0 0.00 M M 3.0 12 250 M M 0 14 270
================================================================================
SM 2020 1037 479 0 2.69 M 125.7 M 61
================================================================================
AV 65.2 33.5 4.1 FASTST M M 2 MAX(MPH)
MISC ----> 45 260 61 260
================================================================================
NOTES:
# LAST OF SEVERAL OCCURRENCES
COLUMN 17 PEAK WIND IN M.P.H.
PRELIMINARY LOCAL CLIMATOLOGICAL DATA (WS FORM: F-6) , PAGE 2
STATION: RIFLE CO
MONTH: OCTOBER
YEAR: 2022
LATITUDE: 39 31 N
LONGITUDE: 107 43 W
[TEMPERATURE DATA] [PRECIPITATION DATA] SYMBOLS USED IN COLUMN 16
AVERAGE MONTHLY: 49.3 TOTAL FOR MONTH: 2.69 1 = FOG OR MIST
DPTR FM NORMAL: -0.2 DPTR FM NORMAL: 1.42 2 = FOG REDUCING VISIBILITY
HIGHEST: 74 ON 20,19 GRTST 24HR 1.18 ON 30- 1 TO 1/4 MILE OR LESS
LOWEST: 24 ON 28 3 = THUNDER
SNOW, ICE PELLETS, HAIL 4 = ICE PELLETS
TOTAL MONTH: M 5 = HAIL
GRTST 24HR M ON M 6 = FREEZING RAIN OR DRIZZLE
GRTST DEPTH: M ON M 7 = DUSTSTORM OR SANDSTORM:
VSBY 1/2 MILE OR LESS
8 = SMOKE OR HAZE
[NO. OF DAYS WITH] [WEATHER - DAYS WITH] 9 = BLOWING SNOW
X = TORNADO
MAX 32 OR BELOW: 0 0.01 INCH OR MORE: 5
MAX 90 OR ABOVE: 0 0.10 INCH OR MORE: 4
MIN 32 OR BELOW: 18 0.50 INCH OR MORE: 2
MIN 0 OR BELOW: 0 1.00 INCH OR MORE: 1
[HDD (BASE 65) ]
TOTAL THIS MO. 479 CLEAR (SCALE 0-3) 24
DPTR FM NORMAL 0 PTCLDY (SCALE 4-7) 5
TOTAL FM JUL 1 522 CLOUDY (SCALE 8-10) 2
DPTR FM NORMAL -75
[CDD (BASE 65) ]
TOTAL THIS MO. 0
DPTR FM NORMAL 0 [PRESSURE DATA]
TOTAL FM JAN 1 855 HIGHEST SLP M ON M
DPTR FM NORMAL 224 LOWEST SLP 29.23 ON 23
[REMARKS]
#FINAL-10-22#