000
CXUS56 KSGX 011115
CF6RIV
PRELIMINARY LOCAL CLIMATOLOGICAL DATA (WS FORM: F-6)
STATION: RIVERSIDE/MARCH ARB CA
MONTH: JUNE
YEAR: 2023
LATITUDE: 33 53 N
LONGITUDE: 117-15 E
TEMPERATURE IN F: :PCPN: SNOW: WIND :SUNSHINE: SKY :PK WND
================================================================================
1 2 3 4 5 6A 6B 7 8 9 10 11 12 13 14 15 16 17 18
12Z AVG MX 2MIN
DY MAX MIN AVG DEP HDD CDD WTR SNW DPTH SPD SPD DIR MIN PSBL S-S WX SPD DR
================================================================================
1 66 56 61 M 4 0 0.00 M M 4.3 9 320 M M 9 M M
2 76 56 66 M 0 1 0.00 M M 4.3 10 300 M M 5 17 320
3 82 46 64 M 1 0 0.00 M M 5.6 12 300 M M 0 18 300
4 81 55 68 M 0 3 0.00 M M 5.5 12 330 M M 5 18 16 300
5 71 56 64 M 1 0 0.00 M M 5.4 15 300 M M 8 M M
6 70 54 62 M 3 0 0.00 M M 4.8 12 310 M M 8 17 340
7 72 54 63 M 2 0 T M M 5.0 12 300 M M 5 M M
8 77 55 66 M 0 1 0.00 M M 6.2 14 300 M M 4 17 340
9 74 53 64 M 1 0 0.00 M M 5.5 13 310 M M 4 M M
10 74 55 65 M 0 0 0.00 M M 5.1 12 310 M M 6 1 M M
11 65 56 61 M 4 0 0.04 M M 3.5 10 330 M M 10 1 M M
12 65 55 60 M 5 0 0.16 M M 4.1 9 300 M M 9 1 M M
13 75 54 65 M 0 0 0.00 M M 5.5 12 310 M M 4 M M
14 73 53 63 M 2 0 0.00 M M 3.8 12 310 M M 4 18 M M
15 76 57 67 M 0 2 T M M 4.9 13 310 M M 5 1 M M
16 82 59 71 M 0 6 0.00 M M 4.6 12 300 M M 5 1 M M
17 89 57 73 M 0 8 0.00 M M 5.2 13 320 M M 0 1 24 310
18 84 55 70 M 0 5 0.00 M M 5.7 14 320 M M 0 20 330
19 77 56 67 M 0 2 0.00 M M 5.2 12 320 M M 3 M M
20 82 50 66 M 0 1 0.00 M M 4.2 13 320 M M 2 20 320
21 84 49 67 M 0 2 0.00 M M 4.7 15 320 M M 0 20 320
22 77 51 64 M 1 0 0.00 M M 4.7 16 320 M M 1 18 320
23 79 52 66 M 0 1 0.00 M M 5.0 13 300 M M 3 M M
24 M 51 M M M M 0.00 M M 0.6 4 300 M M 0 M M
25 82 52 67 M 0 2 0.00 M M 5.4 12 320 M M 2 1 M M
26 83 48 66 M 0 1 0.00 M M 4.0 15 320 M M 0 18 320
27 85 52 69 M 0 4 0.00 M M 5.0 12 300 M M 0 17 300
28 82 51 67 M 0 2 0.00 M M 5.0 14 320 M M 1 1 20 310
29 86 53 70 M 0 5 0.00 M M 3.7 12 330 M M 1 1 M M
30 97 58 78 M 0 13 0.00 M M 4.5 14 310 M M 0 17 320
================================================================================
SM 2266 1609 24 59 0.20 M 141.0 M 104
================================================================================
AV 78.1 53.6 4.7 FASTST M M 3 MAX(MPH)
MISC ----> 16 320 24 310
================================================================================
NOTES:
# LAST OF SEVERAL OCCURRENCES
COLUMN 17 PEAK WIND IN M.P.H.
PRELIMINARY LOCAL CLIMATOLOGICAL DATA (WS FORM: F-6) , PAGE 2
STATION: RIVERSIDE/MARCH ARB CA
MONTH: JUNE
YEAR: 2023
LATITUDE: 33 53 N
LONGITUDE: 117-15 E
[TEMPERATURE DATA] [PRECIPITATION DATA] SYMBOLS USED IN COLUMN 16
AVERAGE MONTHLY: 65.9 TOTAL FOR MONTH: 0.20 1 = FOG OR MIST
DPTR FM NORMAL: 0.0 DPTR FM NORMAL: M 2 = FOG REDUCING VISIBILITY
HIGHEST: 97 ON 30 GRTST 24HR 0.16 ON 12-12 TO 1/4 MILE OR LESS
LOWEST: 46 ON 3 3 = THUNDER
SNOW, ICE PELLETS, HAIL 4 = ICE PELLETS
TOTAL MONTH: M 5 = HAIL
GRTST 24HR M ON M 6 = FREEZING RAIN OR DRIZZLE
GRTST DEPTH: M ON M 7 = DUSTSTORM OR SANDSTORM:
VSBY 1/2 MILE OR LESS
8 = SMOKE OR HAZE
[NO. OF DAYS WITH] [WEATHER - DAYS WITH] 9 = BLOWING SNOW
X = TORNADO
MAX 32 OR BELOW: 0 0.01 INCH OR MORE: 2
MAX 90 OR ABOVE: 1 0.10 INCH OR MORE: 1
MIN 32 OR BELOW: 0 0.50 INCH OR MORE: 0
MIN 0 OR BELOW: 0 1.00 INCH OR MORE: 0
[HDD (BASE 65) ]
TOTAL THIS MO. 24 CLEAR (SCALE 0-3) 13
DPTR FM NORMAL M PTCLDY (SCALE 4-7) 14
TOTAL FM JUL 1 2509 CLOUDY (SCALE 8-10) 3
DPTR FM NORMAL M
[CDD (BASE 65) ]
TOTAL THIS MO. 59
DPTR FM NORMAL M [PRESSURE DATA]
TOTAL FM JAN 1 131 HIGHEST SLP M ON M
DPTR FM NORMAL M LOWEST SLP M ON M
[REMARKS]
#FINAL-06-23#