000
CXUS56 KSGX 011245
CF6RIV
PRELIMINARY LOCAL CLIMATOLOGICAL DATA (WS FORM: F-6)
STATION: RIVERSIDE/MARCH FIELD CA
MONTH: JULY
YEAR: 2020
LATITUDE: 33 54 N
LONGITUDE: 117 15 W
TEMPERATURE IN F: :PCPN: SNOW: WIND :SUNSHINE: SKY :PK WND
================================================================================
1 2 3 4 5 6A 6B 7 8 9 10 11 12 13 14 15 16 17 18
12Z AVG MX 2MIN
DY MAX MIN AVG DEP HDD CDD WTR SNW DPTH SPD SPD DIR MIN PSBL S-S WX SPD DR
================================================================================
1 83 55 69 M 0 4 0.00 0.0 0 4.8 12 300 M M 3 1 16 300
2 88 57 73 M 0 8 0.00 0.0 0 4.2 12 300 M M 4 1 M M
3 95 49 72 M 0 7 0.00 0.0 0 4.2 15 290 M M 0 17 290
4 95 58 77 M 0 12 0.00 0.0 0 6.7 15 300 M M 0 22 310
5 100 56 78 M 0 13 0.00 0.0 0 4.7 15 300 M M 0 M M
6 100 55 78 M 0 13 0.00 0.0 0 4.7 14 290 M M 0 18 290
7 98 53 76 M 0 11 0.00 0.0 0 5.5 17 300 M M 0 M M
8 94 55 75 M 0 10 0.00 0.0 0 3.9 13 300 M M 0 M M
9 95 53 74 M 0 9 0.00 0.0 0 4.6 13 290 M M 0 17 300
10 101 60 81 M 0 16 0.00 0.0 0 3.6 10 300 M M 0 M M
11 105 67 86 M 0 21 0.00 0.0 0 5.0 15 300 M M 0 M M
12 104 64 84 M 0 19 0.00 0.0 0 3.9 16 310 M M 0 M M
13 99 61 80 M 0 15 0.00 0.0 0 5.4 15 310 M M 0 18 310
14 91 58 75 M 0 10 0.00 0.0 0 5.8 14 290 M M 2 18 20 310
15 91 58 75 M 0 10 0.00 0.0 0 4.8 14 320 M M 2 1 M M
16 91 57 74 M 0 9 0.00 0.0 0 5.4 14 300 M M 0 M M
17 92 58 75 M 0 10 0.00 0.0 0 5.5 15 300 M M 0 M M
18 94 57 76 M 0 11 0.00 0.0 0 5.5 13 300 M M 0 M M
19 95 55 75 M 0 10 0.00 0.0 0 4.6 12 310 M M 0 17 310
20 92 56 74 M 0 9 0.00 0.0 0 5.0 13 300 M M 0 M M
21 93 58 76 M 0 11 0.00 0.0 0 5.9 15 320 M M 0 16 300
22 89 57 73 M 0 8 0.00 0.0 0 5.8 16 300 M M 0 1 M M
23 84 54 69 M 0 4 0.00 0.0 0 5.3 14 300 M M 2 18 M M
24 87 55 71 M 0 6 0.00 0.0 0 4.9 13 310 M M 2 18 M M
25 93 54 74 M 0 9 0.00 0.0 0 5.9 15 300 M M 0 M M
26 98 58 78 M 0 13 0.00 0.0 0 6.5 18 320 M M 0 M M
27 91 57 74 M 0 9 0.00 0.0 0 6.6 15 290 M M 0 M M
28 94 55 75 M 0 10 0.00 0.0 0 5.9 15 320 M M 0 21 300
29 98 55 77 M 0 12 0.00 0.0 0 5.4 14 310 M M 0 M M
30 104 61 83 M 0 18 0.00 0.0 0 5.8 15 310 M M 0 M M
31 107 67 87 M 0 22 0.00 0.0 0 6.4 18 300 M M 0 M M
================================================================================
SM 2941 1773 0 349 0.00 0.0 162.2 M 15
================================================================================
AV 94.9 57.2 5.2 FASTST M M 0 MAX(MPH)
MISC ----> # 18 320 # 22 310
================================================================================
NOTES:
# LAST OF SEVERAL OCCURRENCES
COLUMN 17 PEAK WIND IN M.P.H.
PRELIMINARY LOCAL CLIMATOLOGICAL DATA (WS FORM: F-6) , PAGE 2
STATION: RIVERSIDE/MARCH FIELD CA
MONTH: JULY
YEAR: 2020
LATITUDE: 33 54 N
LONGITUDE: 117 15 W
[TEMPERATURE DATA] [PRECIPITATION DATA] SYMBOLS USED IN COLUMN 16
AVERAGE MONTHLY: 76.0 TOTAL FOR MONTH: 0.00 1 = FOG OR MIST
DPTR FM NORMAL: M DPTR FM NORMAL: M 2 = FOG REDUCING VISIBILITY
HIGHEST: 107 ON 31 GRTST 24HR 0.00 ON 31-31 TO 1/4 MILE OR LESS
LOWEST: 49 ON 3 3 = THUNDER
SNOW, ICE PELLETS, HAIL 4 = ICE PELLETS
TOTAL MONTH: 0.0 INCH 5 = HAIL
GRTST 24HR 0.0 6 = FREEZING RAIN OR DRIZZLE
GRTST DEPTH: 0 7 = DUSTSTORM OR SANDSTORM:
VSBY 1/2 MILE OR LESS
8 = SMOKE OR HAZE
[NO. OF DAYS WITH] [WEATHER - DAYS WITH] 9 = BLOWING SNOW
X = TORNADO
MAX 32 OR BELOW: 0 0.01 INCH OR MORE: 0
MAX 90 OR ABOVE: 26 0.10 INCH OR MORE: 0
MIN 32 OR BELOW: 0 0.50 INCH OR MORE: 0
MIN 0 OR BELOW: 0 1.00 INCH OR MORE: 0
[HDD (BASE 65) ]
TOTAL THIS MO. 0 CLEAR (SCALE 0-3) 30
DPTR FM NORMAL M PTCLDY (SCALE 4-7) 1
TOTAL FM JUL 1 0 CLOUDY (SCALE 8-10) 0
DPTR FM NORMAL M
[CDD (BASE 65) ]
TOTAL THIS MO. 349
DPTR FM NORMAL M [PRESSURE DATA]
TOTAL FM JAN 1 675 HIGHEST SLP M ON M
DPTR FM NORMAL M LOWEST SLP M ON M
[REMARKS]
#FINAL-07-20#