000
CXUS56 KSGX 011245
CF6RIV
PRELIMINARY LOCAL CLIMATOLOGICAL DATA (WS FORM: F-6)
STATION: RIVERSIDE/MARCH FIELD CA
MONTH: MARCH
YEAR: 2020
LATITUDE: 33 54 N
LONGITUDE: 117 15 W
TEMPERATURE IN F: :PCPN: SNOW: WIND :SUNSHINE: SKY :PK WND
================================================================================
1 2 3 4 5 6A 6B 7 8 9 10 11 12 13 14 15 16 17 18
12Z AVG MX 2MIN
DY MAX MIN AVG DEP HDD CDD WTR SNW DPTH SPD SPD DIR MIN PSBL S-S WX SPD DR
================================================================================
1 58 41 50 M 15 0 0.01 M M 8.5 22 170 M M 9 27 170
2 64 33 49 M 16 0 0.00 0.0 0 14.1 30 340 M M 1 38 360
3 78 51 65 M 0 0 0.00 0.0 0 13.8 22 340 M M 0 33 350
4 76 33 55 M 10 0 0.00 0.0 0 2.8 12 300 M M 0 M M
5 81 36 59 M 6 0 0.00 0.0 0 2.7 9 80 M M 0 M M
6 79 37 58 M 7 0 T M 0 5.0 15 310 M M 1 1 21 320
7 64 50 57 M 8 0 T 0.0 0 5.1 12 300 M M 9 1 M M
8 64 40 52 M 13 0 T M 0 3.9 12 290 M M 5 17 330
9 72 36 54 M 11 0 0.11 M 0 3.8 15 160 M M 1 M M
10 64 52 58 M 7 0 0.89 M 0 8.3 13 100 M M 9 1 M M
11 70 47 59 M 6 0 0.00 0.0 0 2.7 9 280 M M 3 M M
12 60 46 53 M 12 0 1.88 M 0 6.8 18 280 M M 6 13 32 300
13 54 49 52 M 13 0 0.23 M 0 4.9 9 150 M M 10 1 M M
14 60 50 55 M 10 0 T 0.0 M 2.7 6 280 M M 9 1 M M
15 58 48 53 M 12 0 T M 0 2.6 8 300 M M 9 M M
16 59 46 53 M 12 0 0.12 M 0 9.8 20 160 M M 10 1 22 160
17 56 35 46 M 19 0 0.03 M M 3.6 8 290 M M 5 M M
18 54 33 44 M 21 0 0.04 M 0 3.0 9 280 M M 4 M M
19 54 35 45 M 20 0 0.39 M 0 3.5 13 180 M M 7 3 M M
20 60 44 52 M 13 0 0.01 M 0 2.5 6 270 M M 4 M M
21 65 41 53 M 12 0 0.00 0.0 0 2.2 8 280 M M 5 M M
22 66 38 52 M 13 0 0.31 M 0 2.2 8 290 M M 5 1 M M
23 61 44 53 M 12 0 0.13 M 0 4.3 10 320 M M 6 1 M M
24 62 42 52 M 13 0 0.00 0.0 0 3.0 9 300 M M 7 M M
25 60 45 53 M 12 0 0.00 0.0 0 5.4 13 260 M M 8 18 260
26 58 38 48 M 17 0 0.00 0.0 0 5.6 15 250 M M 2 22 270
27 62 34 48 M 17 0 0.00 0.0 0 4.6 10 300 M M 0 M M
28 64 33 49 M 16 0 0.00 0.0 0 3.2 9 300 M M 0 M M
29 64 33 49 M 16 0 0.00 0.0 0 4.1 12 300 M M 2 M M
30 72 36 54 M 11 0 0.00 0.0 0 3.5 9 310 M M 0 M M
31 76 41 59 M 6 0 0.00 0.0 0 0.8 6 280 M M 1 M M
================================================================================
SM 1995 1267 376 0 4.15 0.0 149.0 M 138
================================================================================
AV 64.4 40.9 4.8 FASTST M M 4 MAX(MPH)
MISC ----> # 30 340 # 38 360
================================================================================
NOTES:
# LAST OF SEVERAL OCCURRENCES
COLUMN 17 PEAK WIND IN M.P.H.
PRELIMINARY LOCAL CLIMATOLOGICAL DATA (WS FORM: F-6) , PAGE 2
STATION: RIVERSIDE/MARCH FIELD CA
MONTH: MARCH
YEAR: 2020
LATITUDE: 33 54 N
LONGITUDE: 117 15 W
[TEMPERATURE DATA] [PRECIPITATION DATA] SYMBOLS USED IN COLUMN 16
AVERAGE MONTHLY: 52.6 TOTAL FOR MONTH: 4.15 1 = FOG OR MIST
DPTR FM NORMAL: M DPTR FM NORMAL: M 2 = FOG REDUCING VISIBILITY
HIGHEST: 81 ON 5 GRTST 24HR 1.88 ON 12-12 TO 1/4 MILE OR LESS
LOWEST: 33 ON 29,28 3 = THUNDER
SNOW, ICE PELLETS, HAIL 4 = ICE PELLETS
TOTAL MONTH: 0.0 INCH 5 = HAIL
GRTST 24HR 0.0 6 = FREEZING RAIN OR DRIZZLE
GRTST DEPTH: 0 7 = DUSTSTORM OR SANDSTORM:
VSBY 1/2 MILE OR LESS
8 = SMOKE OR HAZE
[NO. OF DAYS WITH] [WEATHER - DAYS WITH] 9 = BLOWING SNOW
X = TORNADO
MAX 32 OR BELOW: 0 0.01 INCH OR MORE: 12
MAX 90 OR ABOVE: 0 0.10 INCH OR MORE: 8
MIN 32 OR BELOW: 0 0.50 INCH OR MORE: 2
MIN 0 OR BELOW: 0 1.00 INCH OR MORE: 1
[HDD (BASE 65) ]
TOTAL THIS MO. 376 CLEAR (SCALE 0-3) 12
DPTR FM NORMAL M PTCLDY (SCALE 4-7) 11
TOTAL FM JUL 1 1938 CLOUDY (SCALE 8-10) 8
DPTR FM NORMAL M
[CDD (BASE 65) ]
TOTAL THIS MO. 0
DPTR FM NORMAL M [PRESSURE DATA]
TOTAL FM JAN 1 0 HIGHEST SLP M ON M
DPTR FM NORMAL M LOWEST SLP M ON M
[REMARKS]
#FINAL-03-20#