000
CXUS55 KRIW 011010
CF6RIW
PRELIMINARY LOCAL CLIMATOLOGICAL DATA (WS FORM: F-6)
STATION: RIVERTON WY
MONTH: JUNE
YEAR: 2023
LATITUDE: 43 2 N
LONGITUDE: 108 27 W
TEMPERATURE IN F: :PCPN: SNOW: WIND :SUNSHINE: SKY :PK WND
================================================================================
1 2 3 4 5 6A 6B 7 8 9 10 11 12 13 14 15 16 17 18
12Z AVG MX 2MIN
DY MAX MIN AVG DEP HDD CDD WTR SNW DPTH SPD SPD DIR MIN PSBL S-S WX SPD DR
================================================================================
1 73 49 61 2 4 0 0.29 0.0 0 8.4 26 70 M M 5 13 35 50
2 61 51 56 -3 9 0 0.55 0.0 0 5.8 18 310 M M 10 1 24 310
3 67 51 59 0 6 0 0.30 0.0 0 4.7 14 120 M M 7 13 18 120
4 68 53 61 1 4 0 0.10 0.0 0 5.8 14 40 M M 10 3 25 60
5 75 50 63 3 2 0 0.02 0.0 0 5.4 26 270 M M 2 123 34 280
6 78 52 65 5 0 0 0.00 0.0 0 5.3 21 310 M M 2 28 310
7 77 53 65 4 0 0 0.02 0.0 0 5.5 21 150 M M 3 3 29 140
8 73 54 64 3 1 0 0.01 0.0 0 4.4 21 310 M M 6 3 27 330
9 78 50 64 3 1 0 0.00 0.0 0 7.6 22 330 M M 1 29 320
10 71 49 60 -2 5 0 0.26 0.0 0 8.1 36 10 M M 5 3 56 10
11 70 50 60 -2 5 0 0.00 0.0 0 6.1 22 120 M M 6 3 29 110
12 69 50 60 -2 5 0 0.01 0.0 0 7.9 21 120 M M 4 3 27 110
13 73 51 62 0 3 0 0.00 0.0 0 5.0 13 220 M M 5 3 17 170
14 77 50 64 1 1 0 0.00 0.0 0 7.7 18 320 M M 1 3 23 330
15 68 49 59 -4 6 0 0.27 0.0 0 10.2 29 320 M M 5 13 38 320
16 59 43 51 -13 14 0 1.01 0.0 0 3.7 10 120 M M 7 1 15 120
17 71 44 58 -6 7 0 0.00 0.0 0 6.3 16 270 M M 2 20 290
18 79 51 65 1 0 0 0.02 0.0 0 13.9 30 210 M M 1 42 210
19 80 50 65 1 0 0 T 0.0 0 9.7 22 220 M M 2 29 210
20 69 52 61 -4 4 0 0.46 0.0 0 11.4 25 300 M M 6 13 33 320
21 72 50 61 -4 4 0 0.07 0.0 0 10.0 25 10 M M 6 1 33 10
22 63 50 57 -9 8 0 T 0.0 0 6.6 17 80 M M 7 23 90
23 63 49 56 -10 9 0 0.38 T T 12.5 37 230 M M 3 1235 48 230
24 69 47 58 -8 7 0 T 0.0 0 8.0 21 330 M M 5 28 320
25 76 47 62 -4 3 0 0.03 0.0 0 7.8 21 10 M M 1 3 27 10
26 78 50 64 -3 1 0 T 0.0 0 6.4 32 20 M M 2 3 45 20
27 76 50 63 -4 2 0 T 0.0 0 7.6 24 350 M M 3 3 32 340
28 78 50 64 -4 1 0 0.00 0.0 0 9.5 26 200 M M 1 34 210
29 77 52 65 -3 0 0 T 0.0 0 7.7 22 150 M M 2 3 29 140
30 78 53 66 -2 0 1 T 0.0 0 6.0 14 40 M M 3 20 330
================================================================================
SM 2166 1500 112 1 3.80 T 225.0 M 123
================================================================================
AV 72.2 50.0 7.5 FASTST M M 4 MAX(MPH)
MISC ----> 37 230 56 10
================================================================================
NOTES:
# LAST OF SEVERAL OCCURRENCES
COLUMN 17 PEAK WIND IN M.P.H.
PRELIMINARY LOCAL CLIMATOLOGICAL DATA (WS FORM: F-6) , PAGE 2
STATION: RIVERTON WY
MONTH: JUNE
YEAR: 2023
LATITUDE: 43 2 N
LONGITUDE: 108 27 W
[TEMPERATURE DATA] [PRECIPITATION DATA] SYMBOLS USED IN COLUMN 16
AVERAGE MONTHLY: 61.1 TOTAL FOR MONTH: 3.80 1 = FOG OR MIST
DPTR FM NORMAL: -2.3 DPTR FM NORMAL: 2.86 2 = FOG REDUCING VISIBILITY
HIGHEST: 80 ON 19 GRTST 24HR 1.27 ON 15-16 TO 1/4 MILE OR LESS
LOWEST: 43 ON 16 3 = THUNDER
SNOW, ICE PELLETS, HAIL 4 = ICE PELLETS
TOTAL MONTH: T 5 = HAIL
GRTST 24HR T ON 23-23 6 = FREEZING RAIN OR DRIZZLE
GRTST DEPTH: T 7 = DUSTSTORM OR SANDSTORM:
VSBY 1/2 MILE OR LESS
8 = SMOKE OR HAZE
[NO. OF DAYS WITH] [WEATHER - DAYS WITH] 9 = BLOWING SNOW
X = TORNADO
MAX 32 OR BELOW: 0 0.01 INCH OR MORE: 16
MAX 90 OR ABOVE: 0 0.10 INCH OR MORE: 9
MIN 32 OR BELOW: 0 0.50 INCH OR MORE: 2
MIN 0 OR BELOW: 0 1.00 INCH OR MORE: 1
[HDD (BASE 65) ]
TOTAL THIS MO. 112 CLEAR (SCALE 0-3) 14
DPTR FM NORMAL -3 PTCLDY (SCALE 4-7) 14
TOTAL FM JUL 1 9179 CLOUDY (SCALE 8-10) 2
DPTR FM NORMAL 1252
[CDD (BASE 65) ]
TOTAL THIS MO. 1
DPTR FM NORMAL -66 [PRESSURE DATA]
TOTAL FM JAN 1 1 HIGHEST SLP 30.23 ON 16
DPTR FM NORMAL -74 LOWEST SLP 29.46 ON 18
[REMARKS]
#FINAL-06-23#