000
CXUS55 KRIW 011110
CF6RIW
PRELIMINARY LOCAL CLIMATOLOGICAL DATA (WS FORM: F-6)
STATION: RIVERTON WY
MONTH: NOVEMBER
YEAR: 2022
LATITUDE: 43 2 N
LONGITUDE: 108 27 W
TEMPERATURE IN F: :PCPN: SNOW: WIND :SUNSHINE: SKY :PK WND
================================================================================
1 2 3 4 5 6A 6B 7 8 9 10 11 12 13 14 15 16 17 18
12Z AVG MX 2MIN
DY MAX MIN AVG DEP HDD CDD WTR SNW DPTH SPD SPD DIR MIN PSBL S-S WX SPD DR
================================================================================
1 63 33 48 10 17 0 0.00 0.0 0 11.0 30 190 M M 0 40 190
2 58 37 48 11 17 0 0.00 0.0 0 17.4 37 200 M M 4 8 49 190
3 38 16 27 -10 38 0 0.33 2.6 1 6.4 20 50 M M 10 12 26 50
4 38 15 27 -9 38 0 0.00 0.0 3 11.8 24 290 M M 1 12 36 280
5 55 29 42 6 23 0 0.00 0.0 1 13.5 41 270 M M 0 56 260
6 41 24 33 -2 32 0 0.00 0.0 0 7.3 20 300 M M 1 25 300
7 56 25 41 6 24 0 0.02 0.2 T 7.8 23 190 M M 2 1 32 190
8 59 21 40 6 25 0 0.00 0.0 0 11.2 25 190 M M 3 8 35 210
9 26 15 21 -13 44 0 T T 0 7.0 22 40 M M 8 30 40
10 25 12 19 -14 46 0 0.00 0.0 T 7.3 15 20 M M 6 18 10
11 33 7 20 -13 45 0 0.00 0.0 0 3.7 8 330 M M 0 11 50
12 37 8 23 -9 42 0 0.00 0.0 0 5.0 9 300 M M 0 12 120
13 36 14 25 -7 40 0 T T 0 9.2 25 10 M M 4 33 20
14 33 10 22 -10 43 0 T T 0 7.1 22 10 M M 6 18 30 360
15 35 13 24 -7 41 0 0.00 0.0 T 4.6 12 220 M M 4 15 200
16 39 18 29 -2 36 0 0.00 0.0 0 5.4 15 50 M M 5 20 40
17 24 10 17 -13 48 0 T 0.3 T 12.3 26 10 M M 10 18 38 10
18 23 -1 11 -19 54 0 0.00 0.0 T 3.4 12 220 M M 2 14 220
19 33 5 19 -10 46 0 0.00 0.0 0 4.4 14 260 M M 0 16 250
20 35 7 21 -8 44 0 0.00 0.0 0 4.7 14 150 M M 0 18 160
21 38 6 22 -6 43 0 0.00 0.0 0 2.9 8 320 M M 0 9 80
22 42 12 27 -1 38 0 0.00 0.0 0 3.2 9 60 M M 0 12 70
23 43 18 31 4 34 0 0.01 0.5 0 10.4 31 310 M M 7 1 42 310
24 39 16 28 1 37 0 0.00 0.0 T 4.3 13 320 M M 1 14 330
25 42 15 29 3 36 0 0.00 0.0 T 3.8 10 340 M M 0 11 150
26 34 21 28 2 37 0 0.18 1.7 0 5.8 15 30 M M 6 12 19 40
27 37 13 25 0 40 0 0.00 0.0 2 8.8 25 300 M M 2 12 32 300
28 30 14 22 -3 43 0 0.21 2.4 1 8.7 21 10 M M 7 12 29 10
29 18 -3 8 -16 57 0 0.06 0.8 4 3.2 12 240 M M 6 18 13 250
30 16 -9 4 -20 61 0 0.00 0.0 4 4.0 12 320 M M 2 12 14 320
================================================================================
SM 1126 421 1169 0 0.81 8.5 215.6 M 97
================================================================================
AV 37.5 14.0 7.2 FASTST M M 3 MAX(MPH)
MISC ----> 41 270 56 260
================================================================================
NOTES:
# LAST OF SEVERAL OCCURRENCES
COLUMN 17 PEAK WIND IN M.P.H.
PRELIMINARY LOCAL CLIMATOLOGICAL DATA (WS FORM: F-6) , PAGE 2
STATION: RIVERTON WY
MONTH: NOVEMBER
YEAR: 2022
LATITUDE: 43 2 N
LONGITUDE: 108 27 W
[TEMPERATURE DATA] [PRECIPITATION DATA] SYMBOLS USED IN COLUMN 16
AVERAGE MONTHLY: 25.8 TOTAL FOR MONTH: 0.81 1 = FOG OR MIST
DPTR FM NORMAL: -5.0 DPTR FM NORMAL: 0.47 2 = FOG REDUCING VISIBILITY
HIGHEST: 63 ON 1 GRTST 24HR 0.33 ON 3- 3 TO 1/4 MILE OR LESS
LOWEST: -9 ON 30 3 = THUNDER
SNOW, ICE PELLETS, HAIL 4 = ICE PELLETS
TOTAL MONTH: 8.5 INCHES 5 = HAIL
GRTST 24HR 2.6 ON 3- 3 6 = FREEZING RAIN OR DRIZZLE
GRTST DEPTH: 4 ON 30,29 7 = DUSTSTORM OR SANDSTORM:
VSBY 1/2 MILE OR LESS
8 = SMOKE OR HAZE
[NO. OF DAYS WITH] [WEATHER - DAYS WITH] 9 = BLOWING SNOW
X = TORNADO
MAX 32 OR BELOW: 7 0.01 INCH OR MORE: 6
MAX 90 OR ABOVE: 0 0.10 INCH OR MORE: 3
MIN 32 OR BELOW: 28 0.50 INCH OR MORE: 0
MIN 0 OR BELOW: 3 1.00 INCH OR MORE: 0
[HDD (BASE 65) ]
TOTAL THIS MO. 1169 CLEAR (SCALE 0-3) 16
DPTR FM NORMAL 141 PTCLDY (SCALE 4-7) 11
TOTAL FM JUL 1 1813 CLOUDY (SCALE 8-10) 3
DPTR FM NORMAL -83
[CDD (BASE 65) ]
TOTAL THIS MO. 0
DPTR FM NORMAL 0 [PRESSURE DATA]
TOTAL FM JAN 1 703 HIGHEST SLP 30.61 ON 16
DPTR FM NORMAL 204 LOWEST SLP 29.32 ON 5
[REMARKS]
#FINAL-11-22#