000
CXUS55 KRIW 011110
CF6RIW
PRELIMINARY LOCAL CLIMATOLOGICAL DATA (WS FORM: F-6)
STATION: RIVERTON WY
MONTH: FEBRUARY
YEAR: 2022
LATITUDE: 43 2 N
LONGITUDE: 108 27 W
TEMPERATURE IN F: :PCPN: SNOW: WIND :SUNSHINE: SKY :PK WND
================================================================================
1 2 3 4 5 6A 6B 7 8 9 10 11 12 13 14 15 16 17 18
12Z AVG MX 2MIN
DY MAX MIN AVG DEP HDD CDD WTR SNW DPTH SPD SPD DIR MIN PSBL S-S WX SPD DR
================================================================================
1 28 5 17 -3 48 0 T T 0 12.2 25 310 M M 3 8 34 310
2 9 -5 2 -18 63 0 0.02 0.2 T 6.8 18 10 M M 5 18 23 10
3 19 -10 5 -16 60 0 0.00 0.0 T 4.4 10 240 M M 0 14 10
4 35 0 18 -3 47 0 0.00 0.0 T 6.5 18 260 M M 0 22 260
5 45 24 35 14 30 0 T 0.1 T 16.9 41 300 M M 3 54 300
6 43 17 30 9 35 0 0.00 0.0 T 7.7 18 300 M M 2 24 300
7 51 17 34 13 31 0 0.00 0.0 0 10.3 39 310 M M 0 50 320
8 53 28 41 19 24 0 0.00 0.0 0 17.4 35 300 M M 0 47 290
9 50 24 37 15 28 0 0.00 0.0 0 8.8 25 320 M M 0 34 330
10 58 24 41 19 24 0 0.00 0.0 0 23.2 45 300 M M 1 8 64 300
11 46 16 31 9 34 0 T T 0 15.3 39 310 M M 6 53 310
12 40 8 24 2 41 0 0.00 0.0 0 4.8 10 300 M M 1 12 50
13 54 13 34 11 31 0 0.00 0.0 0 5.4 16 280 M M 0 25 280
14 50 21 36 13 29 0 0.00 0.0 0 7.8 20 280 M M 0 24 280
15 46 20 33 10 32 0 0.13 1.3 0 10.8 29 10 M M 5 1 35 20
16 28 4 16 -8 49 0 0.12 2.1 2 7.6 24 20 M M 10 18 31 20
17 26 -4 11 -13 54 0 T T 3 4.5 22 300 M M 2 128 28 290
18 41 12 27 3 38 0 0.00 0.0 2 6.0 21 280 M M 0 27 280
19 51 23 37 12 28 0 0.00 0.0 1 13.2 28 320 M M 0 36 310
20 50 28 39 14 26 0 0.00 0.0 0 8.9 22 230 M M 0 31 230
21 34 -3 16 -10 49 0 0.02 0.7 0 12.0 23 360 M M 9 18 33 360
22 3 -11 -4 -30 69 0 0.08 0.3 1 7.9 12 50 M M 6 18 16 50
23 2 -14 -6 -32 71 0 T 0.2 1 5.6 12 20 M M 5 8 14 60
24 15 -13 1 -26 64 0 0.00 0.0 1 3.2 7 350 M M 4 10 20
25 23 -2 11 -16 54 0 0.00 0.0 1 4.8 28 280 M M 2 36 280
26 29 -1 14 -14 51 0 0.00 0.0 1 6.9 26 300 M M 0 35 300
27 39 1 20 -8 45 0 0.00 0.0 T 6.3 24 290 M M 0 36 320
28 55 22 39 10 26 0 0.00 0.0 T 10.3 21 290 M M 0 27 300
================================================================================
SM 1023 244 1181 0 0.37 4.9 255.5 M 64
================================================================================
AV 36.5 8.7 9.1 FASTST M M 2 MAX(MPH)
MISC ----> 45 300 64 300
================================================================================
NOTES:
# LAST OF SEVERAL OCCURRENCES
COLUMN 17 PEAK WIND IN M.P.H.
PRELIMINARY LOCAL CLIMATOLOGICAL DATA (WS FORM: F-6) , PAGE 2
STATION: RIVERTON WY
MONTH: FEBRUARY
YEAR: 2022
LATITUDE: 43 2 N
LONGITUDE: 108 27 W
[TEMPERATURE DATA] [PRECIPITATION DATA] SYMBOLS USED IN COLUMN 16
AVERAGE MONTHLY: 22.6 TOTAL FOR MONTH: 0.37 1 = FOG OR MIST
DPTR FM NORMAL: -1.1 DPTR FM NORMAL: -0.03 2 = FOG REDUCING VISIBILITY
HIGHEST: 58 ON 10 GRTST 24HR 0.22 ON 15-16 TO 1/4 MILE OR LESS
LOWEST: -14 ON 23 3 = THUNDER
SNOW, ICE PELLETS, HAIL 4 = ICE PELLETS
TOTAL MONTH: 4.9 INCHES 5 = HAIL
GRTST 24HR 2.1 ON 16-16 6 = FREEZING RAIN OR DRIZZLE
GRTST DEPTH: 3 ON 17 7 = DUSTSTORM OR SANDSTORM:
VSBY 1/2 MILE OR LESS
8 = SMOKE OR HAZE
[NO. OF DAYS WITH] [WEATHER - DAYS WITH] 9 = BLOWING SNOW
X = TORNADO
MAX 32 OR BELOW: 10 0.01 INCH OR MORE: 5
MAX 90 OR ABOVE: 0 0.10 INCH OR MORE: 2
MIN 32 OR BELOW: 28 0.50 INCH OR MORE: 0
MIN 0 OR BELOW: 10 1.00 INCH OR MORE: 0
[HDD (BASE 65) ]
TOTAL THIS MO. 1181 CLEAR (SCALE 0-3) 20
DPTR FM NORMAL 25 PTCLDY (SCALE 4-7) 6
TOTAL FM JUL 1 5040 CLOUDY (SCALE 8-10) 2
DPTR FM NORMAL -838
[CDD (BASE 65) ]
TOTAL THIS MO. 0
DPTR FM NORMAL 0 [PRESSURE DATA]
TOTAL FM JAN 1 0 HIGHEST SLP 30.63 ON 4
DPTR FM NORMAL 0 LOWEST SLP 29.45 ON 20
[REMARKS]
#FINAL-02-22#