000
CXUS51 KRNK 010947
CF6RNK
PRELIMINARY LOCAL CLIMATOLOGICAL DATA (WS FORM: F-6)
STATION: BLACKSBURG VA
MONTH: DECEMBER
YEAR: 2023
LATITUDE: 37 13 N
LONGITUDE: 80 25 W
TEMPERATURE IN F: :PCPN: SNOW: WIND :SUNSHINE: SKY :PK WND
================================================================================
1 2 3 4 5 6A 6B 7 8 9 10 11 12 13 14 15 16 17 18
12Z AVG MX 2MIN
DY MAX MIN AVG DEP HDD CDD WTR SNW DPTH SPD SPD DIR MIN PSBL S-S WX SPD DR
================================================================================
1 52 28 40 2 25 0 0.08 0.0 0 1.2 9 200 M M 7 12 20 200
2 59 43 51 13 14 0 0.32 0.0 0 1.0 6 100 M M 8 12 M M
3 63 46 55 17 10 0 0.34 0.0 0 4.2 12 110 M M 5 1 20 250
4 50 35 43 6 22 0 T 0.0 0 3.6 10 260 M M 3 20 280
5 46 30 38 1 27 0 0.02 0.0 0 1.5 12 310 M M 6 M M
6 38 33 36 -1 29 0 0.07 T 0 7.0 15 310 M M 10 1 23 330
7 53 27 40 3 25 0 0.00 0.0 0 3.1 9 260 M M 2 M M
8 64 30 47 11 18 0 0.00 0.0 0 1.1 8 120 M M 0 M M
9 57 32 45 9 20 0 0.22 0.0 0 1.0 9 235 M M 7 1 M M
10 57 32 45 9 20 0 1.45 0.2 T 3.0 12 320 M M 10 13 23 310
11 36 23 30 -6 35 0 T T 0 7.8 21 310 M M 7 32 310
12 48 19 34 -2 31 0 0.00 0.0 0 1.2 6 290 M M 0 M M
13 51 26 39 3 26 0 0.00 0.0 0 3.4 12 310 M M 0 20 290
14 51 21 36 1 29 0 0.00 0.0 0 1.0 6 300 M M 0 M M
15 59 22 41 6 24 0 0.00 0.0 0 0.6 3 80 M M 0 M M
16 52 23 38 3 27 0 0.00 0.0 0 2.1 13 90 M M 0 18 90
17 46 38 42 7 23 0 0.38 0.0 0 4.4 12 310 M M 9 1 20 310
18 47 26 37 2 28 0 0.01 0.4 T 12.5 21 320 M M 10 1 35 300
19 33 24 29 -5 36 0 T T T 9.4 20 300 M M 5 29 300
20 51 17 34 0 31 0 0.00 0.0 0 0.7 5 290 M M 0 M M
21 54 21 38 4 27 0 0.00 0.0 0 0.6 5 280 M M 0 M M
22 58 27 43 9 22 0 0.00 0.0 0 1.2 8 120 M M 1 M M
23 57 28 43 9 22 0 0.00 0.0 0 1.1 8 120 M M 3 M M
24 62 31 47 13 18 0 0.00 0.0 0 0.5 5 120 M M 5 M M
25 53 34 44 10 21 0 0.05 0.0 0 5.8 13 90 M M 8 17 90
26 48 44 46 13 19 0 0.97 0.0 0 5.4 15 110 M M 10 1 28 110
27 58 41 50 17 15 0 0.37 0.0 0 2.6 8 70 M M 8 1 M M
28 52 32 42 9 23 0 0.00 0.0 0 1.4 6 310 M M 6 12 M M
29 38 31 35 2 30 0 T T 0 3.0 10 300 M M 9 18 280
30 38 32 35 2 30 0 T T 0 4.7 10 290 M M 10 20 290
31 47 31 39 6 26 0 T T 0 2.5 8 290 M M 6 M M
================================================================================
SM 1578 927 753 0 4.28 0.6 98.6 M 155
================================================================================
AV 50.9 29.9 3.2 FASTST M M 5 MAX(MPH)
MISC ----> # 21 310 35 300
================================================================================
NOTES:
# LAST OF SEVERAL OCCURRENCES
COLUMN 17 PEAK WIND IN M.P.H.
PRELIMINARY LOCAL CLIMATOLOGICAL DATA (WS FORM: F-6) , PAGE 2
STATION: BLACKSBURG VA
MONTH: DECEMBER
YEAR: 2023
LATITUDE: 37 13 N
LONGITUDE: 80 25 W
[TEMPERATURE DATA] [PRECIPITATION DATA] SYMBOLS USED IN COLUMN 16
AVERAGE MONTHLY: 40.4 TOTAL FOR MONTH: 4.28 1 = FOG OR MIST
DPTR FM NORMAL: 5.3 DPTR FM NORMAL: 0.98 2 = FOG REDUCING VISIBILITY
HIGHEST: 64 ON 8 GRTST 24HR 1.45 ON 10-10 TO 1/4 MILE OR LESS
LOWEST: 17 ON 20 3 = THUNDER
SNOW, ICE PELLETS, HAIL 4 = ICE PELLETS
TOTAL MONTH: 0.6 INCH 5 = HAIL
GRTST 24HR 0.4 ON 18-18 6 = FREEZING RAIN OR DRIZZLE
GRTST DEPTH: T 7 = DUSTSTORM OR SANDSTORM:
VSBY 1/2 MILE OR LESS
8 = SMOKE OR HAZE
[NO. OF DAYS WITH] [WEATHER - DAYS WITH] 9 = BLOWING SNOW
X = TORNADO
MAX 32 OR BELOW: 0 0.01 INCH OR MORE: 12
MAX 90 OR ABOVE: 0 0.10 INCH OR MORE: 7
MIN 32 OR BELOW: 23 0.50 INCH OR MORE: 2
MIN 0 OR BELOW: 0 1.00 INCH OR MORE: 1
[HDD (BASE 65) ]
TOTAL THIS MO. 753 CLEAR (SCALE 0-3) 11
DPTR FM NORMAL -174 PTCLDY (SCALE 4-7) 13
TOTAL FM JUL 1 1693 CLOUDY (SCALE 8-10) 7
DPTR FM NORMAL -376
[CDD (BASE 65) ]
TOTAL THIS MO. 0
DPTR FM NORMAL 0 [PRESSURE DATA]
TOTAL FM JAN 1 640 HIGHEST SLP M ON M
DPTR FM NORMAL 22 LOWEST SLP M ON M
[REMARKS]
#FINAL-12-23#