000
CXUS55 KREV 012008 RRA
CF6RNO
PRELIMINARY LOCAL CLIMATOLOGICAL DATA (WS FORM: F-6)
STATION: RENO-TAHOE INTL AIRPORT NV
MONTH: NOVEMBER
YEAR: 2022
LATITUDE: 39 30 N
LONGITUDE: 119 47 W
TEMPERATURE IN F: :PCPN: SNOW: WIND :SUNSHINE: SKY :PK WND
================================================================================
1 2 3 4 5 6A 6B 7 8 9 10 11 12 13 14 15 16 17 18
12Z AVG MX 2MIN
DY MAX MIN AVG DEP HDD CDD WTR SNW DPTH SPD SPD DIR MIN PSBL S-S WX SPD DR
================================================================================
1 61 34 48 -1 17 0 0.05 T 0 12.0 41 200 M M 7 1 51 200
2 49 31 40 -9 25 0 0.04 0.4 0 7.2 25 290 M M 8 1 33 290
3 43 29 36 -12 29 0 0.01 0.4 1 5.0 15 330 M M 6 1 20 330
4 57 28 43 -5 22 0 0.00 0.0 0 2.7 15 30 M M 8 19 10
5 61 38 50 2 15 0 0.00 0.0 0 9.3 21 300 M M 7 26 320
6 63 44 54 7 11 0 0.00 0.0 0 16.1 44 180 M M 7 53 180
7 50 34 42 -5 23 0 0.07 T 0 11.2 51 210 M M 5 1 64 210
8 38 30 34 -12 31 0 0.21 2.1 0 4.5 15 140 M M 8 1 19 130
9 46 29 38 -8 27 0 0.00 0.0 2 8.2 23 290 M M 7 29 280
10 47 22 35 -11 30 0 0.00 0.0 0 2.7 12 30 M M 1 14 40
11 47 24 36 -9 29 0 0.00 0.0 0 2.4 10 150 M M 7 13 140
12 48 27 38 -7 27 0 0.02 0.2 0 6.6 23 330 M M 8 1 27 330
13 44 24 34 -11 31 0 0.00 0.0 0 3.8 10 340 M M 3 13 170
14 47 22 35 -9 30 0 0.00 0.0 0 3.5 13 90 M M 0 16 100
15 47 21 34 -10 31 0 0.00 0.0 0 4.3 14 110 M M 1 17 110
16 50 20 35 -9 30 0 0.00 0.0 0 1.5 8 130 M M 0 10 150
17 53 20 37 -6 28 0 0.00 0.0 0 1.3 7 270 M M 4 8 270
18 42 27 35 -8 30 0 0.00 0.0 0 6.7 14 90 M M 3 22 80
19 44 21 33 -10 32 0 0.00 0.0 0 3.5 13 90 M M 0 15 90
20 48 17 33 -9 32 0 0.00 0.0 0 1.3 7 290 M M 2 8 290
21 49 17 33 -9 32 0 0.00 0.0 0 1.2 6 350 M M 4 7 50
22 51 20 36 -6 29 0 0.00 0.0 0 1.2 9 180 M M M 10 180
23 56 25 41 0 24 0 0.00 0.0 0 2.2 12 90 M M 6 15 90
24 55 22 39 -2 26 0 0.00 0.0 0 2.7 15 80 M M 0 20 70
25 53 24 39 -1 26 0 0.00 0.0 0 1.6 7 200 M M 5 8 210
26 56 30 43 3 22 0 0.00 0.0 0 3.6 14 10 M M 4 17 10
27 57 23 40 0 25 0 0.00 0.0 0 5.1 24 290 M M 2 29 300
28 51 31 41 1 24 0 0.00 0.0 0 12.5 25 270 M M 4 44 230
29 46 23 35 -4 30 0 0.00 0.0 0 1.9 8 190 M M 3 9 180
30 56 21 39 0 26 0 0.00 0.0 0 8.6 32 170 M M 5 41 170
================================================================================
SM 1515 778 794 0 0.40 3.1 154.4 M 125
================================================================================
AV 50.5 25.9 5.1 FASTST M M 4 MAX(MPH)
MISC ----> 51 210 64 210
================================================================================
NOTES:
# LAST OF SEVERAL OCCURRENCES
COLUMN 17 PEAK WIND IN M.P.H.
PRELIMINARY LOCAL CLIMATOLOGICAL DATA (WS FORM: F-6) , PAGE 2
STATION: RENO-TAHOE INTL AIRPORT NV
MONTH: NOVEMBER
YEAR: 2022
LATITUDE: 39 30 N
LONGITUDE: 119 47 W
[TEMPERATURE DATA] [PRECIPITATION DATA] SYMBOLS USED IN COLUMN 16
AVERAGE MONTHLY: 38.2 TOTAL FOR MONTH: 0.40 1 = FOG OR MIST
DPTR FM NORMAL: -5.6 DPTR FM NORMAL: -0.22 2 = FOG REDUCING VISIBILITY
HIGHEST: 63 ON 6 GRTST 24HR 0.21 ON 7- 8 TO 1/4 MILE OR LESS
LOWEST: 17 ON 21,20 3 = THUNDER
SNOW, ICE PELLETS, HAIL 4 = ICE PELLETS
TOTAL MONTH: 3.1 INCHES 5 = HAIL
GRTST 24HR 2.1 ON 8- 8 6 = FREEZING RAIN OR DRIZZLE
GRTST DEPTH: 2 ON 9 7 = DUSTSTORM OR SANDSTORM:
VSBY 1/2 MILE OR LESS
8 = SMOKE OR HAZE
[NO. OF DAYS WITH] [WEATHER - DAYS WITH] 9 = BLOWING SNOW
X = TORNADO
MAX 32 OR BELOW: 0 0.01 INCH OR MORE: 6
MAX 90 OR ABOVE: 0 0.10 INCH OR MORE: 1
MIN 32 OR BELOW: 26 0.50 INCH OR MORE: 0
MIN 0 OR BELOW: 0 1.00 INCH OR MORE: 0
[HDD (BASE 65) ]
TOTAL THIS MO. 794 CLEAR (SCALE 0-3) 11
DPTR FM NORMAL 160 PTCLDY (SCALE 4-7) 18
TOTAL FM JUL 1 1039 CLOUDY (SCALE 8-10) 1
DPTR FM NORMAL 27
[CDD (BASE 65) ]
TOTAL THIS MO. 0
DPTR FM NORMAL 0 [PRESSURE DATA]
TOTAL FM JAN 1 1353 HIGHEST SLP M ON M
DPTR FM NORMAL 314 LOWEST SLP 29.35 ON 7
[REMARKS]
THE AVERAGE TEMPERATURE FOR NOVEMBER 2022 AT THE RENO-TAHOE
INTERNATIONAL AIRPORT WAS 38.2 DEGREES, WHICH IS 5.6 DEGREES BELOW
NORMAL. THE HIGHEST TEMPERATURE FOR NOVEMBER WAS 63 DEGREES, WHICH
OCCURRED ON THE 6TH. THE LOWEST TEMPERATURE FOR THE MONTH WAS 17
DEGREES, WHICH OCCURED ON THE 20TH.
FOR NOVEMBER 2022, 0.40 INCHES OF PRECIPITATION WAS RECORDED AT THE
RENO-TAHOE INTERNATIONAL AIRPORT. THIS IS 0.22 INCHES BELOW NORMAL
FOR THE MONTH.
THE AVERAGE WIND SPEED FOR NOVEMBER 2022 WAS 5.1 MPH. THE PEAK WIND
GUST FOR THE MONTH WAS 64 MPH FROM THE SOUTH ON THE 7TH.
#FINAL-11-22#