000
CXUS55 KREV 010917
CF6RNO
PRELIMINARY LOCAL CLIMATOLOGICAL DATA (WS FORM: F-6)
STATION: RENO-TAHOE INTL AIRPORT NV
MONTH: APRIL
YEAR: 2021
LATITUDE: 39 30 N
LONGITUDE: 119 47 W
TEMPERATURE IN F: :PCPN: SNOW: WIND :SUNSHINE: SKY :PK WND
================================================================================
1 2 3 4 5 6A 6B 7 8 9 10 11 12 13 14 15 16 17 18
12Z AVG MX 2MIN
DY MAX MIN AVG DEP HDD CDD WTR SNW DPTH SPD SPD DIR MIN PSBL S-S WX SPD DR
================================================================================
1 75 31 53 5 12 0 0.00 0.0 0 4.1 18 290 M M 0 23 300
2 77 36 57 9 8 0 0.00 0.0 0 4.1 18 270 M M 4 23 270
3 78 40 59 11 6 0 0.00 0.0 0 5.8 21 290 M M 6 8 27 190
4 77 41 59 11 6 0 0.00 0.0 0 8.8 26 270 M M 4 38 270
5 67 44 56 8 9 0 T 0.0 0 10.2 30 280 M M 3 37 290
6 68 35 52 3 13 0 0.00 0.0 0 4.0 20 350 M M 2 24 360
7 70 37 54 5 11 0 0.00 0.0 0 8.3 24 290 M M 4 36 290
8 69 34 52 3 13 0 0.00 0.0 0 6.6 18 300 M M 2 28 280
9 73 36 55 6 10 0 0.00 0.0 0 6.0 20 290 M M 1 26 250
10 74 36 55 6 10 0 0.00 0.0 0 6.7 20 340 M M 0 29 290
11 68 39 54 4 11 0 0.00 0.0 0 6.3 18 10 M M 2 22 10
12 66 35 51 1 14 0 0.00 0.0 0 5.5 17 80 M M 1 22 100
13 58 39 49 -1 16 0 T 0.0 0 8.9 26 360 M M 6 34 30
14 55 38 47 -3 18 0 T 0.0 0 6.5 23 10 M M 7 33 10
15 61 32 47 -3 18 0 0.00 0.0 0 4.6 18 290 M M 3 22 280
16 63 34 49 -2 16 0 0.00 0.0 0 4.8 18 10 M M 3 24 90
17 65 35 50 -1 15 0 0.00 0.0 0 7.5 21 110 M M 1 29 120
18 73 35 54 3 11 0 0.00 0.0 0 3.5 13 30 M M 0 15 40
19 78 40 59 7 6 0 0.00 0.0 0 6.9 23 330 M M 4 30 330
20 72 45 59 7 6 0 T 0.0 0 8.4 23 180 M M 5 30 10
21 66 46 56 4 9 0 0.00 0.0 0 8.4 20 10 M M 3 8 27 30
22 71 37 54 2 11 0 0.00 0.0 0 9.4 24 260 M M 3 31 270
23 74 42 58 5 7 0 0.00 0.0 0 8.7 25 290 M M 5 32 290
24 62 47 55 2 10 0 0.00 0.0 0 12.2 35 160 M M 8 39 170
25 56 37 47 -6 18 0 T 0.0 0 11.6 31 190 M M 7 36 190
26 54 32 43 -11 22 0 T M M 8.9 22 290 M M 5 29 10
27 58 39 49 -5 16 0 0.00 0.0 0 8.3 22 350 M M 6 27 360
28 74 34 54 0 11 0 0.00 0.0 0 3.4 10 30 M M 1 14 350
29 85 43 64 10 1 0 0.00 0.0 0 4.8 14 290 M M 7 18 60
30 86 51 69 14 0 4 0.00 0.0 M 5.2 22 300 M M 8 8 28 310
================================================================================
SM 2073 1150 334 4 T 0.0 208.4 M 111
================================================================================
AV 69.1 38.3 6.9 FASTST M M 4 MAX(MPH)
MISC ----> 35 160 39 170
================================================================================
NOTES:
# LAST OF SEVERAL OCCURRENCES
COLUMN 17 PEAK WIND IN M.P.H.
PRELIMINARY LOCAL CLIMATOLOGICAL DATA (WS FORM: F-6) , PAGE 2
STATION: RENO-TAHOE INTL AIRPORT NV
MONTH: APRIL
YEAR: 2021
LATITUDE: 39 30 N
LONGITUDE: 119 47 W
[TEMPERATURE DATA] [PRECIPITATION DATA] SYMBOLS USED IN COLUMN 16
AVERAGE MONTHLY: 53.7 TOTAL FOR MONTH: T 1 = FOG OR MIST
DPTR FM NORMAL: 2.8 DPTR FM NORMAL: -0.47 2 = FOG REDUCING VISIBILITY
HIGHEST: 86 ON 30 GRTST 24HR T ON 5- 5 TO 1/4 MILE OR LESS
LOWEST: 31 ON 1 3 = THUNDER
SNOW, ICE PELLETS, HAIL 4 = ICE PELLETS
TOTAL MONTH: 0.0 INCH 5 = HAIL
GRTST 24HR 0.0 6 = FREEZING RAIN OR DRIZZLE
GRTST DEPTH: 0 7 = DUSTSTORM OR SANDSTORM:
VSBY 1/2 MILE OR LESS
8 = SMOKE OR HAZE
[NO. OF DAYS WITH] [WEATHER - DAYS WITH] 9 = BLOWING SNOW
X = TORNADO
MAX 32 OR BELOW: 0 0.01 INCH OR MORE: 0
MAX 90 OR ABOVE: 0 0.10 INCH OR MORE: 0
MIN 32 OR BELOW: 3 0.50 INCH OR MORE: 0
MIN 0 OR BELOW: 0 1.00 INCH OR MORE: 0
[HDD (BASE 65) ]
TOTAL THIS MO. 334 CLEAR (SCALE 0-3) 14
DPTR FM NORMAL -92 PTCLDY (SCALE 4-7) 15
TOTAL FM JUL 1 4352 CLOUDY (SCALE 8-10) 1
DPTR FM NORMAL -310
[CDD (BASE 65) ]
TOTAL THIS MO. 4
DPTR FM NORMAL 3 [PRESSURE DATA]
TOTAL FM JAN 1 4 HIGHEST SLP M ON M
DPTR FM NORMAL 3 LOWEST SLP 29.60 ON 25
[REMARKS]
#FINAL-04-21#