000
CXUS51 KRNK 010712
CF6ROA
PRELIMINARY LOCAL CLIMATOLOGICAL DATA (WS FORM: F-6)
STATION: ROANOKE VA
MONTH: MARCH
YEAR: 2024
LATITUDE: 37 19 N
LONGITUDE: 79 58 W
TEMPERATURE IN F: :PCPN: SNOW: WIND :SUNSHINE: SKY :PK WND
================================================================================
1 2 3 4 5 6A 6B 7 8 9 10 11 12 13 14 15 16 17 18
12Z AVG MX 2MIN
DY MAX MIN AVG DEP HDD CDD WTR SNW DPTH SPD SPD DIR MIN PSBL S-S WX SPD DR
================================================================================
1 50 27 39 -5 26 0 0.31 0.0 0 3.5 15 130 M M 5 1 20 140
2 68 41 55 11 10 0 0.23 0.0 0 2.0 8 20 M M 8 1 11 10
3 61 46 54 9 11 0 0.00 0.0 0 1.2 12 130 M M 6 1 14 130
4 70 43 57 12 8 0 0.00 0.0 0 1.9 13 130 M M 4 12 17 140
5 74 50 62 17 3 0 0.00 0.0 0 5.2 16 110 M M 5 21 130
6 60 55 58 13 7 0 0.50 0.0 0 2.5 12 130 M M 9 1 15 130
7 74 53 64 18 1 0 0.03 0.0 0 2.7 13 340 M M 7 1 16 120
8 60 52 56 10 9 0 0.06 0.0 0 7.8 16 110 M M 10 21 90
9 54 45 50 4 15 0 0.53 0.0 0 6.1 22 300 M M 10 1 29 290
10 52 40 46 0 19 0 T 0.0 0 21.9 39 300 M M 6 58 310
11 60 35 48 1 17 0 0.00 0.0 0 12.7 25 290 M M 0 40 290
12 73 42 58 11 7 0 0.00 0.0 0 5.6 16 320 M M 1 24 260
13 75 44 60 13 5 0 0.00 0.0 0 3.1 16 240 M M 1 20 210
14 82 43 63 15 2 0 0.00 0.0 0 1.7 10 190 M M 0 17 290
15 72 58 65 17 0 0 T 0.0 0 8.6 20 330 M M 6 29 270
16 73 47 60 12 5 0 0.00 0.0 0 6.4 21 310 M M 2 28 310
17 69 50 60 12 5 0 0.00 0.0 0 12.7 29 260 M M 4 43 260
18 52 35 44 -5 21 0 0.00 0.0 0 13.3 28 310 M M 4 37 310
19 56 33 45 -4 20 0 0.00 0.0 0 13.2 23 310 M M 4 33 290
20 70 46 58 9 7 0 0.00 0.0 0 15.9 36 280 M M 2 53 290
21 64 35 50 0 15 0 0.00 0.0 0 7.9 17 300 M M 2 28 290
22 56 39 48 -2 17 0 0.23 0.0 0 5.3 16 110 M M 7 1 20 100
23 65 35 50 0 15 0 0.63 0.0 0 11.9 25 340 M M 7 1 35 340
24 56 30 43 -8 22 0 0.00 0.0 0 6.2 16 320 M M 0 21 330
25 59 32 46 -5 19 0 0.00 0.0 0 5.0 15 140 M M 0 21 120
26 51 41 46 -5 19 0 0.14 0.0 0 4.3 14 140 M M 8 1 20 140
27 58 46 52 0 13 0 0.09 0.0 0 3.8 9 150 M M 10 1 13 150
28 62 45 54 2 11 0 0.00 0.0 0 11.8 30 330 M M 3 42 310
29 69 46 58 6 7 0 0.00 0.0 0 15.7 35 290 M M 2 56 280
30 77 52 65 12 0 0 0.00 0.0 0 10.0 24 240 M M 1 35 230
31 74 58 66 13 0 1 0.16 0.0 0 6.6 22 20 M M 5 29 20
================================================================================
SM 1996 1344 336 1 2.91 0.0 236.5 M 139
================================================================================
AV 64.4 43.4 7.6 FASTST M M 4 MAX(MPH)
MISC ----> 39 300 58 310
================================================================================
NOTES:
# LAST OF SEVERAL OCCURRENCES
COLUMN 17 PEAK WIND IN M.P.H.
PRELIMINARY LOCAL CLIMATOLOGICAL DATA (WS FORM: F-6) , PAGE 2
STATION: ROANOKE VA
MONTH: MARCH
YEAR: 2024
LATITUDE: 37 19 N
LONGITUDE: 79 58 W
[TEMPERATURE DATA] [PRECIPITATION DATA] SYMBOLS USED IN COLUMN 16
AVERAGE MONTHLY: 53.9 TOTAL FOR MONTH: 2.91 1 = FOG OR MIST
DPTR FM NORMAL: 5.6 DPTR FM NORMAL: -0.60 2 = FOG REDUCING VISIBILITY
HIGHEST: 82 ON 14 GRTST 24HR 0.86 ON 22-23 TO 1/4 MILE OR LESS
LOWEST: 27 ON 1 3 = THUNDER
SNOW, ICE PELLETS, HAIL 4 = ICE PELLETS
TOTAL MONTH: 0.0 INCH 5 = HAIL
GRTST 24HR 0.0 6 = FREEZING RAIN OR DRIZZLE
GRTST DEPTH: 0 7 = DUSTSTORM OR SANDSTORM:
VSBY 1/2 MILE OR LESS
8 = SMOKE OR HAZE
[NO. OF DAYS WITH] [WEATHER - DAYS WITH] 9 = BLOWING SNOW
X = TORNADO
MAX 32 OR BELOW: 0 0.01 INCH OR MORE: 11
MAX 90 OR ABOVE: 0 0.10 INCH OR MORE: 8
MIN 32 OR BELOW: 3 0.50 INCH OR MORE: 3
MIN 0 OR BELOW: 0 1.00 INCH OR MORE: 0
[HDD (BASE 65) ]
TOTAL THIS MO. 336 CLEAR (SCALE 0-3) 12
DPTR FM NORMAL -187 PTCLDY (SCALE 4-7) 13
TOTAL FM JUL 1 2925 CLOUDY (SCALE 8-10) 6
DPTR FM NORMAL -618
[CDD (BASE 65) ]
TOTAL THIS MO. 1
DPTR FM NORMAL -4 [PRESSURE DATA]
TOTAL FM JAN 1 2 HIGHEST SLP M ON M
DPTR FM NORMAL -3 LOWEST SLP 29.61 ON 17
[REMARKS]
#FINAL-03-24#