000
CXUS51 KRNK 011940
CF6ROA
PRELIMINARY LOCAL CLIMATOLOGICAL DATA (WS FORM: F-6)
STATION: ROANOKE VA
MONTH: JANUARY
YEAR: 2022
LATITUDE: 37 19 N
LONGITUDE: 79 58 W
TEMPERATURE IN F: :PCPN: SNOW: WIND :SUNSHINE: SKY :PK WND
================================================================================
1 2 3 4 5 6A 6B 7 8 9 10 11 12 13 14 15 16 17 18
12Z AVG MX 2MIN
DY MAX MIN AVG DEP HDD CDD WTR SNW DPTH SPD SPD DIR MIN PSBL S-S WX SPD DR
================================================================================
1 75 49 62 23 3 0 0.22 0.0 0 3.4 14 180 M M 8 12 20 190
2 65 51 58 20 7 0 0.88 0.0 0 6.2 18 360 M M 9 1 23 350
3 51 28 40 2 25 0 0.87 2.0 1 13.2 25 310 M M 7 12 35 350
4 41 22 32 -6 33 0 0.00 0.0 0 6.1 14 150 M M 0 17 180
5 49 28 39 1 26 0 0.00 0.0 0 4.8 15 260 M M 5 22 290
6 50 34 42 4 23 0 0.10 T 0 8.0 17 300 M M 7 14 23 300
7 34 18 26 -12 39 0 0.00 0.0 0 12.3 22 310 M M 4 28 320
8 36 15 26 -12 39 0 0.00 0.0 0 5.6 12 140 M M 0 15 120
9 52 25 39 1 26 0 0.15 0.0 0 5.4 22 320 M M 6 1 30 310
10 41 28 35 -3 30 0 0.00 0.0 0 14.3 26 300 M M 2 35 310
11 40 19 30 -8 35 0 0.00 0.0 0 6.4 22 300 M M 0 28 280
12 56 20 38 0 27 0 0.00 0.0 0 6.0 16 270 M M 1 22 240
13 52 33 43 5 22 0 T 0.0 0 5.5 15 270 M M 5 19 270
14 51 33 42 4 23 0 0.00 0.0 0 8.9 21 310 M M 6 27 320
15 38 28 33 -5 32 0 0.00 0.0 0 7.7 14 120 M M 9 18 140
16 29 19 24 -14 41 0 1.38 8.0 8 9.5 21 20 M M 10 14 25 10
17 38 26 32 -6 33 0 T T 7 18.9 35 310 M M 8 9 48 280
18 39 27 33 -5 32 0 0.00 0.0 6 9.7 29 300 M M 5 39 300
19 43 23 33 -5 32 0 0.00 0.0 5 1.0 7 40 M M 6 9 230
20 41 28 35 -3 30 0 0.04 T 4 8.4 16 310 M M 10 19 320
21 28 20 24 -14 41 0 0.00 0.0 4 8.8 16 10 M M 9 21 20
22 35 10 23 -15 42 0 0.00 0.0 3 2.3 10 20 M M 0 13 10
23 45 22 34 -4 31 0 0.00 0.0 3 8.2 26 300 M M 4 38 270
24 47 28 38 0 27 0 0.00 0.0 2 5.0 22 300 M M 2 27 310
25 54 31 43 5 22 0 0.00 0.0 1 6.4 20 310 M M 5 24 310
26 39 23 31 -7 34 0 0.00 0.0 1 5.6 14 290 M M 0 18 280
27 38 16 27 -11 38 0 0.00 0.0 0 2.5 10 110 M M 1 12 120
28 41 27 34 -4 31 0 0.12 0.8 1 2.5 14 350 M M 9 1 18 320
29 31 18 25 -13 40 0 T 0.3 0 12.9 25 330 M M 3 1 35 330
30 36 16 26 -12 39 0 0.00 0.0 0 4.0 15 120 M M 3 18 110
31 40 19 30 -8 35 0 0.00 0.0 0 1.6 12 140 M M 3 13 150
================================================================================
SM 1355 784 938 0 3.76 11.1 221.1 M 147
================================================================================
AV 43.7 25.3 7.1 FASTST M M 5 MAX(MPH)
MISC ----> 35 310 48 280
================================================================================
NOTES:
# LAST OF SEVERAL OCCURRENCES
COLUMN 17 PEAK WIND IN M.P.H.
PRELIMINARY LOCAL CLIMATOLOGICAL DATA (WS FORM: F-6) , PAGE 2
STATION: ROANOKE VA
MONTH: JANUARY
YEAR: 2022
LATITUDE: 37 19 N
LONGITUDE: 79 58 W
[TEMPERATURE DATA] [PRECIPITATION DATA] SYMBOLS USED IN COLUMN 16
AVERAGE MONTHLY: 34.5 TOTAL FOR MONTH: 3.76 1 = FOG OR MIST
DPTR FM NORMAL: -3.4 DPTR FM NORMAL: 0.59 2 = FOG REDUCING VISIBILITY
HIGHEST: 75 ON 1 GRTST 24HR 1.38 ON 16-16 TO 1/4 MILE OR LESS
LOWEST: 10 ON 22 3 = THUNDER
SNOW, ICE PELLETS, HAIL 4 = ICE PELLETS
TOTAL MONTH: 11.1 INCHES 5 = HAIL
GRTST 24HR 8.0 ON 16-16 6 = FREEZING RAIN OR DRIZZLE
GRTST DEPTH: 8 ON 16 7 = DUSTSTORM OR SANDSTORM:
VSBY 1/2 MILE OR LESS
8 = SMOKE OR HAZE
[NO. OF DAYS WITH] [WEATHER - DAYS WITH] 9 = BLOWING SNOW
X = TORNADO
MAX 32 OR BELOW: 3 0.01 INCH OR MORE: 8
MAX 90 OR ABOVE: 0 0.10 INCH OR MORE: 7
MIN 32 OR BELOW: 26 0.50 INCH OR MORE: 3
MIN 0 OR BELOW: 0 1.00 INCH OR MORE: 1
[HDD (BASE 65) ]
TOTAL THIS MO. 938 CLEAR (SCALE 0-3) 10
DPTR FM NORMAL 98 PTCLDY (SCALE 4-7) 14
TOTAL FM JUL 1 2113 CLOUDY (SCALE 8-10) 7
DPTR FM NORMAL -223
[CDD (BASE 65) ]
TOTAL THIS MO. 0
DPTR FM NORMAL 0 [PRESSURE DATA]
TOTAL FM JAN 1 0 HIGHEST SLP 30.69 ON 8
DPTR FM NORMAL 0 LOWEST SLP 29.26 ON 17
[REMARKS]
#FINAL-01-22#