000
CXUS55 KABQ 011131
CLMROW
CLIMATE REPORT
NATIONAL WEATHER SERVICE ALBUQUERQUE NM
431 AM MST FRI MAR 01 2024
...................................
...THE ROSWELL NM CLIMATE SUMMARY FOR THE MONTH OF FEBRUARY 2024...
CLIMATE NORMAL PERIOD 1991 TO 2020
CLIMATE RECORD PERIOD 1893 TO 2024
WEATHER OBSERVED NORMAL DEPART LAST YEAR`S
VALUE DATE(S) VALUE FROM VALUE DATE(S)
NORMAL
................................................................
TEMPERATURE (F)
RECORD
HIGH 99 02/18/2021
LOW -11 02/04/2011
HIGHEST 85 02/21 MM MM 82 02/26
02/26
LOWEST 24 02/12 MM MM 16 02/17
AVG. MAXIMUM 64.9 63.2 1.7 62.7
AVG. MINIMUM 35.8 32.5 3.3 30.3
MEAN 50.4 47.8 2.6 46.5
DAYS MAX >= 90 0 0.0 0.0 0
DAYS MAX <= 32 0 0.5 -0.5 0
DAYS MIN <= 32 9 16.6 -7.6 16
DAYS MIN <= 0 0 0.1 -0.1 0
PRECIPITATION (INCHES)
TOTALS 0.62 0.35 0.27 0.07
DAILY AVG. 0.02 NAN NAN 0.00
DAYS >= .01 2 2.8 -0.8 2
DAYS >= .10 2 1.1 0.9 0
DAYS >= .50 0 0.1 -0.1 0
DAYS >= 1.00 0 0.0 0.0 0
GREATEST
24 HR. TOTAL 0.40 02/11 TO 02/11 0.06
SNOWFALL (INCHES)
TOTALS 6.0 1.1 4.9 0.0
SINCE 7/1 6.0 8.9 -2.9 MM
DAYS >= 1.0 2 0.4 1.6 0
GREATEST
SNOW DEPTH 2 02/12 0 MM
02/29
24 HR TOTAL MM 0.0
DEGREE DAYS
HEATING TOTAL 419 481 -62 511
SINCE 7/1 2153 2454 -301 MM
COOLING TOTAL 2 1 1 0
SINCE 1/1 2 1 1 MM
................................................................
WIND (MPH)
AVERAGE WIND SPEED 9.5
HIGHEST WIND SPEED/DIRECTION 51/250 DATE 02/27
HIGHEST GUST SPEED/DIRECTION 72/250 DATE 02/27
SKY COVER
AVERAGE SKY COVER 0.16
AVERAGE RH (PERCENT) 46
WEATHER CONDITIONS. NUMBER OF DAYS WITH
THUNDERSTORM 0 MIXED PRECIP 0
HEAVY RAIN 1 RAIN 1
LIGHT RAIN 5 FREEZING RAIN 0
LT FREEZING RAIN 0 HAIL 0
HEAVY SNOW 0 SNOW 0
LIGHT SNOW 2 SLEET 0
FOG 4 FOG W/VIS <= 1/4 MILE 1
HAZE 9
- INDICATES NEGATIVE NUMBERS.
R INDICATES RECORD WAS SET OR TIED.
MM INDICATES DATA IS MISSING.
T INDICATES TRACE AMOUNT.
$$