000
CXUS54 KFWD 072133
CF6RPH
PRELIMINARY LOCAL CLIMATOLOGICAL DATA (WS FORM: F-6)
STATION: GRAHAM
MONTH: MARCH
YEAR: 2022
LATITUDE: 33 6 N
LONGITUDE: 98 30 W
TEMPERATURE IN F: :PCPN: SNOW: WIND :SUNSHINE: SKY :PK WND
================================================================================
1 2 3 4 5 6A 6B 7 8 9 10 11 12 13 14 15 16 17 18
12Z AVG MX 2MIN
DY MAX MIN AVG DEP HDD CDD WTR SNW DPTH SPD SPD DIR MIN PSBL S-S WX SPD DR
================================================================================
1 74 31 53 3 12 0 0.00 M M 2.8 6 120 M M 0 8 M M
2 78 37 58 8 7 0 0.00 M M 2.9 7 120 M M 4 8 M M
3 79 37 58 7 7 0 0.00 M M 4.1 9 150 M M 0 18 90
4 75 53 64 13 1 0 0.00 M M 9.0 15 140 M M 3 24 170
5 85 61 73 22 0 8 0.00 M M 10.4 17 240 M M 2 8 24 250
6 65 35 50 -2 15 0 0.08 M M 9.8 18 330 M M 9 18 30 330
7 47 30 39 -13 26 0 T M M 10.9 16 360 M M 4 24 350
8 48 30 39 -13 26 0 T M M 3.8 7 99 M M 3 M M
9 59 22 41 -12 24 0 0.00 M M 3.5 12 120 M M 0 18 120
10 69 32 51 -2 14 0 0.00 M M 9.5 18 360 M M 0 30 M
11 37 25 31 -22 34 0 T M M 15.7 22 350 M M 7 1 32 M
12 58 15 37 -17 28 0 0.00 M M 4.5 12 210 M M 0 8 20 210
13 68 36 52 -2 13 0 0.00 M M 10.0 18 200 M M 0 24 200
14 76 50 63 9 2 0 0.00 M M 12.2 18 320 M M 3 30 320
15 70 42 56 2 9 0 0.00 M M 8.8 15 320 M M 1 22 320
16 83 36 60 5 5 0 0.00 M M 6.5 16 180 M M 0 21 180
17 86 51 69 14 0 4 0.00 M M 13.9 24 300 M M 1 8 35 260
18 66 39 53 -2 12 0 0.00 M M 14.9 26 300 M M 4 36 M
19 77 28 53 -3 12 0 0.00 M M 3.9 8 120 M M 0 18 150
20 81 48 65 9 0 0 0.00 M M 10.4 20 140 M M 0 33 M
21 68 51 60 4 5 0 0.04 M M 10.1 17 140 M M 6 1 31 150
22 51 43 47 -9 18 0 0.00 M M 14.0 25 320 M M 8 38 320
23 61 40 51 -6 14 0 0.00 M M 11.8 23 300 M M 2 31 300
24 69 32 51 -6 14 0 0.00 M M 6.4 20 300 M M 1 25 310
25 82 35 59 2 6 0 0.00 M M 3.1 7 120 M M 0 8 M M
26 85 49 67 9 0 2 0.00 M M 6.0 9 240 M M 0 17 240
27 95 46 71 13 0 6 0.00 M M 6.6 14 230 M M 0 21 170
28 89 58 74 16 0 9 0.00 M M 9.1 15 140 M M 1 23 190
29 80 64 72 14 0 7 T M M 13.0 20 150 M M 6 1 31 M
30 67 42 55 -3 10 0 T M M 11.5 24 300 M M 4 35 330
31 69 43 56 -3 9 0 T M M 6.5 14 330 M M 3 22 310
================================================================================
SM 2197 1241 323 36 0.12 M 265.4 M 72
================================================================================
AV 70.9 40.0 8.6 FASTST M M 2 MAX(MPH)
MISC ----> 26 300 38 320
================================================================================
NOTES:
# LAST OF SEVERAL OCCURRENCES
COLUMN 17 PEAK WIND IN M.P.H.
PRELIMINARY LOCAL CLIMATOLOGICAL DATA (WS FORM: F-6) , PAGE 2
STATION: GRAHAM
MONTH: MARCH
YEAR: 2022
LATITUDE: 33 6 N
LONGITUDE: 98 30 W
[TEMPERATURE DATA] [PRECIPITATION DATA] SYMBOLS USED IN COLUMN 16
AVERAGE MONTHLY: 55.5 TOTAL FOR MONTH: 0.12 1 = FOG OR MIST
DPTR FM NORMAL: 0.9 DPTR FM NORMAL: -2.73 2 = FOG REDUCING VISIBILITY
HIGHEST: 95 ON 27 GRTST 24HR 0.08 ON 6- 6 TO 1/4 MILE OR LESS
LOWEST: 15 ON 12 3 = THUNDER
SNOW, ICE PELLETS, HAIL 4 = ICE PELLETS
TOTAL MONTH: M 5 = HAIL
GRTST 24HR M ON M 6 = FREEZING RAIN OR DRIZZLE
GRTST DEPTH: M ON M 7 = DUSTSTORM OR SANDSTORM:
VSBY 1/2 MILE OR LESS
8 = SMOKE OR HAZE
[NO. OF DAYS WITH] [WEATHER - DAYS WITH] 9 = BLOWING SNOW
X = TORNADO
MAX 32 OR BELOW: 0 0.01 INCH OR MORE: 2
MAX 90 OR ABOVE: 1 0.10 INCH OR MORE: 0
MIN 32 OR BELOW: 9 0.50 INCH OR MORE: 0
MIN 0 OR BELOW: 0 1.00 INCH OR MORE: 0
[HDD (BASE 65) ]
TOTAL THIS MO. 323 CLEAR (SCALE 0-3) 19
DPTR FM NORMAL -18 PTCLDY (SCALE 4-7) 11
TOTAL FM JUL 1 2277 CLOUDY (SCALE 8-10) 1
DPTR FM NORMAL -462
[CDD (BASE 65) ]
TOTAL THIS MO. 36
DPTR FM NORMAL 17 [PRESSURE DATA]
TOTAL FM JAN 1 38 HIGHEST SLP M ON M
DPTR FM NORMAL 18 LOWEST SLP M ON M
[REMARKS]
#FINAL-03-22#