000
CXUS54 KTSA 010850
CF6RVS
PRELIMINARY LOCAL CLIMATOLOGICAL DATA (WS FORM: F-6)
STATION: TULSA-RIVERSIDE OKLAHOMA
MONTH: APRIL
YEAR: 2022
LATITUDE: 36 2 N
LONGITUDE: 95 59 W
TEMPERATURE IN F: :PCPN: SNOW: WIND :SUNSHINE: SKY :PK WND
================================================================================
1 2 3 4 5 6A 6B 7 8 9 10 11 12 13 14 15 16 17 18
12Z AVG MX 2MIN
DY MAX MIN AVG DEP HDD CDD WTR SNW DPTH SPD SPD DIR MIN PSBL S-S WX SPD DR
================================================================================
1 67 30 49 -9 16 0 0.01 0.0 M 6.4 15 150 M M 2 24 150
2 71 45 58 0 7 0 0.07 0.0 M 3.0 12 10 M M 3 1 20 30
3 81 44 63 5 2 0 0.04 0.0 M 8.3 22 170 M M 2 3 34 150
4 62 54 58 0 7 0 0.24 0.0 M 6.1 16 40 M M 8 13 24 350
5 77 47 62 3 3 0 0.00 0.0 M 8.9 31 10 M M 5 12 48 360
6 68 50 59 0 6 0 0.00 0.0 M 9.5 25 20 M M 5 42 20
7 61 42 52 -7 13 0 0.00 0.0 M 8.2 20 300 M M 4 35 340
8 60 36 48 -12 17 0 0.00 0.0 M 7.7 18 320 M M 0 39 350
9 79 30 55 -5 10 0 0.00 0.0 M 7.7 22 200 M M 0 33 220
10 81 62 72 12 0 7 0.00 0.0 M 13.8 28 190 M M 0 3 40 180
11 72 56 64 4 1 0 0.35 0.0 M 8.0 16 50 M M 9 13 29 330
12 84 55 70 10 0 5 0.00 0.0 M 15.2 31 180 M M 5 46 170
13 71 41 56 -5 9 0 0.01 0.0 M 9.9 22 10 M M 4 36 350
14 69 34 52 -9 13 0 0.00 0.0 M 4.8 15 180 M M 0 22 200
15 82 54 68 7 0 3 T 0.0 M 10.8 28 190 M M 3 3 41 200
16 62 47 55 -7 10 0 0.15 0.0 M 14.7 28 30 M M 10 3 43 20
17 58 46 52 -10 13 0 T 0.0 M 7.9 20 30 M M 10 26 20
18 64 42 53 -9 12 0 0.00 0.0 M 7.5 18 30 M M 3 26 20
19 72 36 54 -8 11 0 T 0.0 M 10.5 22 180 M M 2 36 180
20 77 55 66 4 0 1 0.01 0.0 M 11.5 22 170 M M 7 1 33 160
21 82 58 70 7 0 5 0.00 0.0 M 10.2 24 170 M M 8 1 34 170
22 84 70 77 14 0 12 0.00 0.0 M 16.3 28 190 M M 7 42 160
23 79 67 73 10 0 8 0.40 0.0 M 18.4 31 180 M M 6 13 45 170
24 68 54 61 -3 4 0 0.30 0.0 M 6.0 17 360 M M 9 1 27 130
25 67 49 58 -6 7 0 0.00 0.0 M 8.5 18 20 M M 0 30 360
26 71 40 56 -8 9 0 0.00 0.0 M 3.9 15 90 M M 0 8 20 80
27 77 44 61 -3 4 0 0.00 0.0 M 9.3 21 170 M M 1 29 170
28 75 58 67 3 0 2 0.30 0.0 M 10.5 30 170 M M 8 13 44 170
29 80 67 74 9 0 9 0.00 0.0 M 15.2 24 170 M M 8 39 170
30 76 53 65 0 0 0 0.11 0.0 M 4.8 21 190 M M 1 138 33 180
================================================================================
SM 2177 1466 174 52 1.99 0.0 283.5 M 130
================================================================================
AV 72.6 48.9 9.4 FASTST M M 4 MAX(MPH)
MISC ----> # 31 10 48 360
================================================================================
NOTES:
# LAST OF SEVERAL OCCURRENCES
COLUMN 17 PEAK WIND IN M.P.H.
PRELIMINARY LOCAL CLIMATOLOGICAL DATA (WS FORM: F-6) , PAGE 2
STATION: TULSA-RIVERSIDE OKLAHOMA
MONTH: APRIL
YEAR: 2022
LATITUDE: 36 2 N
LONGITUDE: 95 59 W
[TEMPERATURE DATA] [PRECIPITATION DATA] SYMBOLS USED IN COLUMN 16
AVERAGE MONTHLY: 60.7 TOTAL FOR MONTH: 1.99 1 = FOG OR MIST
DPTR FM NORMAL: -0.6 DPTR FM NORMAL: -2.47 2 = FOG REDUCING VISIBILITY
HIGHEST: 84 ON 22,12 GRTST 24HR 0.70 ON 23-24 TO 1/4 MILE OR LESS
LOWEST: 30 ON 9, 1 3 = THUNDER
SNOW, ICE PELLETS, HAIL 4 = ICE PELLETS
TOTAL MONTH: 0.0 INCH 5 = HAIL
GRTST 24HR 0.0 6 = FREEZING RAIN OR DRIZZLE
GRTST DEPTH: M ON M 7 = DUSTSTORM OR SANDSTORM:
VSBY 1/2 MILE OR LESS
8 = SMOKE OR HAZE
[NO. OF DAYS WITH] [WEATHER - DAYS WITH] 9 = BLOWING SNOW
X = TORNADO
MAX 32 OR BELOW: 0 0.01 INCH OR MORE: 12
MAX 90 OR ABOVE: 0 0.10 INCH OR MORE: 7
MIN 32 OR BELOW: 2 0.50 INCH OR MORE: 0
MIN 0 OR BELOW: 0 1.00 INCH OR MORE: 0
[HDD (BASE 65) ]
TOTAL THIS MO. 174 CLEAR (SCALE 0-3) 13
DPTR FM NORMAL 6 PTCLDY (SCALE 4-7) 11
TOTAL FM JUL 1 3082 CLOUDY (SCALE 8-10) 6
DPTR FM NORMAL -256
[CDD (BASE 65) ]
TOTAL THIS MO. 52
DPTR FM NORMAL -6 [PRESSURE DATA]
TOTAL FM JAN 1 64 HIGHEST SLP 30.48 ON 26
DPTR FM NORMAL -12 LOWEST SLP 29.43 ON 5
[REMARKS]
#FINAL-04-22#