000
CXUS55 KCYS 020054 CCA
CF6RWL
PRELIMINARY LOCAL CLIMATOLOGICAL DATA (WS FORM: F-6)...CORRECTED
STATION: RAWLINS WYOMING AIRPORT
MONTH: MARCH
YEAR: 2022
LATITUDE: 41 47 N
LONGITUDE: 107 12 W
TEMPERATURE IN F: :PCPN: SNOW: WIND :SUNSHINE: SKY :PK WND
================================================================================
1 2 3 4 5 6A 6B 7 8 9 10 11 12 13 14 15 16 17 18
12Z AVG MX 2MIN
DY MAX MIN AVG DEP HDD CDD WTR SNW DPTH SPD SPD DIR MIN PSBL S-S WX SPD DR
================================================================================
1 49 31 40 12 25 0 0.00 M M 16.0 31 180 M M 0 41 190
2 56 31 44 16 21 0 0.00 M M 9.2 23 180 M M 0 32 180
3 56 33 45 16 20 0 0.00 M M 11.4 23 150 M M 0 34 140
4 50 32 41 12 24 0 0.01 M M 10.6 31 210 M M 5 45 200
5 34 18 26 -4 39 0 0.20 M M 9.5 18 40 M M 10 28 40
6 19 -2 9 -21 56 0 0.02 M M 13.1 21 40 M M 10 27 30
7 22 -10 6 -25 59 0 0.00 M M 6.9 20 240 M M 1 27 240
8 28 10 19 -12 46 0 0.05 M M 17.5 28 230 M M 6 39 240
9 12 -11 1 -30 64 0 0.03 M M 13.2 24 40 M M 9 32 50
10 12 -24 -6 -38 71 0 T M M 9.4 22 270 M M 1 32 260
11 22 0 11 -21 54 0 T M M 20.2 35 250 M M 3 49 240
12 37 21 29 -3 36 0 0.00 M M 22.7 41 240 M M 0 54 240
13 42 27 35 2 30 0 T M M 18.9 36 240 M M 2 49 200
14 39 22 31 -2 34 0 0.00 M M 14.0 28 220 M M 1 38 230
15 49 26 38 4 27 0 0.00 M M 13.4 28 200 M M 1 37 210
16 45 29 37 3 28 0 T M M 12.9 24 250 M M 3 33 250
17 39 19 29 -5 36 0 T M M 8.0 20 350 M M 6 26 350
18 44 25 35 0 30 0 0.00 M M 14.6 30 250 M M 2 41 230
19 49 29 39 4 26 0 0.00 M M 16.1 29 220 M M 0 39 230
20 53 28 41 6 24 0 0.01 M M 15.1 31 210 M M 3 44 200
21 37 21 29 -7 36 0 0.07 M M 7.0 26 360 M M 6 35 360
22 38 19 29 -7 36 0 T M M 10.4 31 330 M M 6 41 330
23 52 20 36 0 29 0 0.00 M M 13.4 24 240 M M 0 34 270
24 58 33 46 10 19 0 0.00 M M 16.1 26 240 M M 1 36 240
25 62 24 43 7 22 0 0.00 M M 10.7 31 260 M M 0 42 260
26 68 44 56 19 9 0 0.00 M M 14.6 28 250 M M 0 37 250
27 70 33 52 15 13 0 0.00 M M 10.7 25 210 M M 0 35 230
28 67 40 54 17 11 0 0.00 M M 13.8 31 230 M M 1 42 210
29 46 27 37 0 28 0 0.11 M M 10.9 25 30 M M 10 1 34 20
30 46 23 35 -3 30 0 T M M 9.7 24 310 M M 3 36 320
31 51 22 37 -1 28 0 0.01 M M 12.1 28 250 M M 3 43 260
================================================================================
SM 1352 640 1011 0 0.51 M 402.1 M 93
================================================================================
AV 43.6 20.6 13.0 FASTST M M 3 MAX(MPH)
MISC ----> 41 240 54 240
================================================================================
NOTES:
# LAST OF SEVERAL OCCURRENCES
COLUMN 17 PEAK WIND IN M.P.H.
PRELIMINARY LOCAL CLIMATOLOGICAL DATA (WS FORM: F-6) , PAGE 2
STATION: RAWLINS WYOMING AIRPORT
MONTH: MARCH
YEAR: 2022
LATITUDE: 41 47 N
LONGITUDE: 107 12 W
[TEMPERATURE DATA] [PRECIPITATION DATA] SYMBOLS USED IN COLUMN 16
AVERAGE MONTHLY: 32.1 TOTAL FOR MONTH: 0.51 1 = FOG OR MIST
DPTR FM NORMAL: -1.5 DPTR FM NORMAL: -0.15 2 = FOG REDUCING VISIBILITY
HIGHEST: 70 ON 27 GRTST 24HR 0.20 ON 5- 5 TO 1/4 MILE OR LESS
LOWEST: -24 ON 10 3 = THUNDER
SNOW, ICE PELLETS, HAIL 4 = ICE PELLETS
TOTAL MONTH: M 5 = HAIL
GRTST 24HR M ON M 6 = FREEZING RAIN OR DRIZZLE
GRTST DEPTH: M ON M 7 = DUSTSTORM OR SANDSTORM:
VSBY 1/2 MILE OR LESS
8 = SMOKE OR HAZE
[NO. OF DAYS WITH] [WEATHER - DAYS WITH] 9 = BLOWING SNOW
X = TORNADO
MAX 32 OR BELOW: 6 0.01 INCH OR MORE: 9
MAX 90 OR ABOVE: 0 0.10 INCH OR MORE: 2
MIN 32 OR BELOW: 26 0.50 INCH OR MORE: 0
MIN 0 OR BELOW: 5 1.00 INCH OR MORE: 0
[HDD (BASE 65) ]
TOTAL THIS MO. 1011 CLEAR (SCALE 0-3) 21
DPTR FM NORMAL 36 PTCLDY (SCALE 4-7) 6
TOTAL FM JUL 1 6217 CLOUDY (SCALE 8-10) 4
DPTR FM NORMAL -566
[CDD (BASE 65) ]
TOTAL THIS MO. 0
DPTR FM NORMAL 0 [PRESSURE DATA]
TOTAL FM JAN 1 0 HIGHEST SLP 30.48 ON 7
DPTR FM NORMAL 0 LOWEST SLP 29.46 ON 29
[REMARKS]
MARCH 2...RECORD HIGH 56 DEGREES (PREVIOUS 55 DEGREES IN 1986)
MARCH 5...RECORD PRECIPITATION 0.20" (PREVIOUS 0.11" IN 2010)
MARCH 6...RECORD LOW -2 DEGREES (PREVIOUS 1 DEGREE IN 2008)
MARCH 9...TIED RECORD LOW -11 DEGREES PREVIOUSLY SET IN 1969
MARCH 10...RECORD LOW -24 DEGREES (PREVIOUS -13 DEGREES IN 1969)
*ALL-TIME RECORD LOW FOR MARCH
MARCH 26...RECORD HIGH 68 DEGREES (PREVIOUS 65 DEGREES IN 2012)
MARCH 27...RECORD HIGH 70 DEGREES (PREVIOUS 68 DEGREES IN 2015)
#FINAL-03-22#