000
CXUS54 KEWX 011010
CF6RYW
PRELIMINARY LOCAL CLIMATOLOGICAL DATA (WS FORM: F-6)
STATION: LAGO VISTA
MONTH: APRIL
YEAR: 2021
LATITUDE: 30 30 N
LONGITUDE: 97 58 W
TEMPERATURE IN F: :PCPN: SNOW: WIND :SUNSHINE: SKY :PK WND
================================================================================
1 2 3 4 5 6A 6B 7 8 9 10 11 12 13 14 15 16 17 18
12Z AVG MX 2MIN
DY MAX MIN AVG DEP HDD CDD WTR SNW DPTH SPD SPD DIR MIN PSBL S-S WX SPD DR
================================================================================
1 72 38 55 M 10 0 0.00 M M 6.7 15 70 M M 0 18 70
2 73 40 57 M 8 0 0.00 M M 7.3 12 130 M M 3 23 150
3 66 50 58 M 7 0 0.13 M M 6.6 10 100 M M 9 1 22 80
4 76 54 65 M 0 0 0.00 M M 5.1 8 140 M M 6 M M
5 82 56 69 M 0 4 0.00 M M 7.0 12 150 M M 7 1 22 170
6 87 64 76 M 0 11 0.00 M M 11.2 16 180 M M 8 28 150
7 88 59 74 M 0 9 0.00 M M 8.3 16 190 M M 5 25 180
8 92 54 73 M 0 8 0.00 M M 7.2 14 190 M M 3 22 140
9 94 66 80 M 0 15 0.00 M M 8.3 12 200 M M 4 1 23 190
10 82 54 68 M 0 3 0.00 M M 9.5 16 360 M M 0 27 360
11 90 52 71 M 0 6 0.00 M M 7.1 14 170 M M 0 22 170
12 91 62 77 M 0 12 0.00 M M 8.0 15 190 M M 3 20 190
13 84 65 75 M 0 10 0.00 M M 6.1 13 30 M M 9 17 30
14 M M M M M M 0.00 M M M 8 20 M M 7 M M
15 68 58 63 M 2 0 0.11 M M 7.1 15 70 M M 10 12 24 100
16 66 55 61 M 4 0 0.05 M M 6.8 14 360 M M 10 12 24 10
17 61 47 54 M 11 0 0.00 M M 10.1 18 10 M M 7 26 340
18 70 46 58 M 7 0 0.00 M M 6.2 10 350 M M 2 20 10
19 77 48 63 M 2 0 0.00 M M 4.1 8 100 M M 3 M M
20 83 47 65 M 0 0 0.00 M M 8.8 17 20 M M 0 25 360
21 66 40 53 M 12 0 0.00 M M 9.3 15 60 M M 5 24 60
22 62 47 55 M 10 0 0.00 M M 7.0 12 80 M M 9 16 80
23 75 60 68 M 0 3 0.09 M M 6.2 10 140 M M 9 1 16 140
24 83 56 70 M 0 5 0.00 M M 8.2 15 340 M M 0 1 23 340
25 89 52 71 M 0 6 0.00 M M 7.8 12 150 M M 0 22 150
26 87 63 75 M 0 10 0.00 M M 10.4 15 150 M M 4 24 170
27 77 67 72 M 0 7 0.02 M M 8.9 14 150 M M 10 1 24 140
28 87 71 79 M 0 14 0.01 M M 10.6 16 150 M M 9 27 170
29 73 65 69 M 0 4 0.35 M M 6.6 10 50 M M 10 13 21 140
30 66 63 65 M 0 0 0.12 M M 8.0 10 40 M M 10 13 18 20
================================================================================
SM 2267 1599 73 127 0.88 M 224.3 M 162
================================================================================
AV 78.2 55.1 7.7 FASTST M M 5 MAX(MPH)
MISC ----> 18 10 28 150
================================================================================
NOTES:
# LAST OF SEVERAL OCCURRENCES
COLUMN 17 PEAK WIND IN M.P.H.
PRELIMINARY LOCAL CLIMATOLOGICAL DATA (WS FORM: F-6) , PAGE 2
STATION: LAGO VISTA
MONTH: APRIL
YEAR: 2021
LATITUDE: 30 30 N
LONGITUDE: 97 58 W
[TEMPERATURE DATA] [PRECIPITATION DATA] SYMBOLS USED IN COLUMN 16
AVERAGE MONTHLY: 66.7 TOTAL FOR MONTH: 0.88 1 = FOG OR MIST
DPTR FM NORMAL: 0.0 DPTR FM NORMAL: M 2 = FOG REDUCING VISIBILITY
HIGHEST: 94 ON 9 GRTST 24HR 0.35 ON 29-29 TO 1/4 MILE OR LESS
LOWEST: 38 ON 1 3 = THUNDER
SNOW, ICE PELLETS, HAIL 4 = ICE PELLETS
TOTAL MONTH: M 5 = HAIL
GRTST 24HR M ON M 6 = FREEZING RAIN OR DRIZZLE
GRTST DEPTH: M ON M 7 = DUSTSTORM OR SANDSTORM:
VSBY 1/2 MILE OR LESS
8 = SMOKE OR HAZE
[NO. OF DAYS WITH] [WEATHER - DAYS WITH] 9 = BLOWING SNOW
X = TORNADO
MAX 32 OR BELOW: 0 0.01 INCH OR MORE: 8
MAX 90 OR ABOVE: 4 0.10 INCH OR MORE: 4
MIN 32 OR BELOW: 0 0.50 INCH OR MORE: 0
MIN 0 OR BELOW: 0 1.00 INCH OR MORE: 0
[HDD (BASE 65) ]
TOTAL THIS MO. 73 CLEAR (SCALE 0-3) 9
DPTR FM NORMAL M PTCLDY (SCALE 4-7) 10
TOTAL FM JUL 1 1579 CLOUDY (SCALE 8-10) 11
DPTR FM NORMAL M
[CDD (BASE 65) ]
TOTAL THIS MO. 127
DPTR FM NORMAL M [PRESSURE DATA]
TOTAL FM JAN 1 193 HIGHEST SLP M ON M
DPTR FM NORMAL M LOWEST SLP M ON M
[REMARKS]
#FINAL-04-21#