000
CXUS52 KCHS 040354
CF6SAV
PRELIMINARY LOCAL CLIMATOLOGICAL DATA (WS FORM: F-6)
STATION: SAVANNAH GA
MONTH: DECEMBER
YEAR: 2021
LATITUDE: 32 7 N
LONGITUDE: 81 12 W
TEMPERATURE IN F: :PCPN: SNOW: WIND :SUNSHINE: SKY :PK WND
================================================================================
1 2 3 4 5 6A 6B 7 8 9 10 11 12 13 14 15 16 17 18
12Z AVG MX 2MIN
DY MAX MIN AVG DEP HDD CDD WTR SNW DPTH SPD SPD DIR MIN PSBL S-S WX SPD DR
================================================================================
1 70 36 53 -3 12 0 0.00 0.0 0 2.3 12 160 M M 5 13 160
2 74 40 57 2 8 0 0.00 0.0 0 5.0 15 250 M M 1 20 250
3 78 49 64 9 1 0 0.00 0.0 0 3.6 8 290 M M 2 1 10 290
4 74 50 62 7 3 0 0.00 0.0 0 5.1 12 260 M M 4 1 14 260
5 73 49 61 6 4 0 0.00 0.0 0 2.4 10 200 M M 4 12 12 190
6 72 49 61 6 4 0 0.00 0.0 0 4.8 16 230 M M 7 12 20 260
7 70 56 63 9 2 0 T 0.0 0 4.8 16 110 M M 8 1 18 110
8 70 50 60 6 5 0 0.29 0.0 0 8.1 29 300 M M 9 13 38 290
9 63 47 55 1 10 0 0.00 0.0 0 5.4 14 60 M M 8 17 50
10 68 45 57 3 8 0 0.03 0.0 0 3.7 9 150 M M 6 18 11 160
11 82 57 70 16 0 5 0.00 0.0 0 9.2 20 210 M M 5 1 26 240
12 65 43 54 0 11 0 0.10 0.0 0 7.7 16 300 M M 5 1 23 300
13 69 40 55 1 10 0 0.00 0.0 0 3.3 13 30 M M 1 15 30
14 71 41 56 3 9 0 0.00 0.0 0 4.1 10 50 M M 3 1 14 80
15 71 50 61 8 4 0 0.00 0.0 0 7.3 14 30 M M 5 16 20
16 78 51 65 12 0 0 0.01 0.0 0 5.2 16 160 M M 5 12 19 160
17 78 59 69 16 0 4 0.22 0.0 0 2.9 12 230 M M 8 1 15 210
18 79 61 70 17 0 5 0.00 0.0 0 7.0 16 170 M M 5 12 20 200
19 72 51 62 9 3 0 0.19 0.0 0 8.7 21 40 M M 8 1 26 30
20 50 41 46 -6 19 0 T 0.0 0 10.7 20 40 M M 9 26 30
21 48 40 44 -8 21 0 0.28 0.0 0 9.6 18 10 M M 10 1 22 340
22 60 40 50 -2 15 0 0.01 0.0 0 7.9 17 270 M M 5 1 21 300
23 60 36 48 -4 17 0 0.00 0.0 0 5.0 13 40 M M 0 17 40
24 69 34 52 0 13 0 0.00 0.0 0 3.9 13 200 M M 1 19 210
25 73 49 61 9 4 0 0.00 0.0 0 9.1 18 250 M M 1 25 260
26 78 57 68 16 0 3 0.00 0.0 0 7.8 16 260 M M 2 1 22 250
27 77 56 67 15 0 2 0.00 0.0 0 6.8 21 250 M M 4 12 26 240
28 79 60 70 18 0 5 0.00 0.0 0 8.9 17 210 M M 4 1 22 210
29 79 60 70 19 0 5 0.00 0.0 0 9.1 20 220 M M 3 8 26 210
30 80 65 73 22 0 8 0.01 0.0 0 9.0 20 240 M M 6 1 26 250
31 81 67 74 23 0 9 T 0.0 0 6.8 17 240 M M 5 22 240
================================================================================
SM 2211 1529 183 46 1.14 0.0 195.2 M 149
================================================================================
AV 71.3 49.3 6.3 FASTST M M 5 MAX(MPH)
MISC ----> 29 300 38 290
================================================================================
NOTES:
# LAST OF SEVERAL OCCURRENCES
COLUMN 17 PEAK WIND IN M.P.H.
PRELIMINARY LOCAL CLIMATOLOGICAL DATA (WS FORM: F-6) , PAGE 2
STATION: SAVANNAH GA
MONTH: DECEMBER
YEAR: 2021
LATITUDE: 32 7 N
LONGITUDE: 81 12 W
[TEMPERATURE DATA] [PRECIPITATION DATA] SYMBOLS USED IN COLUMN 16
AVERAGE MONTHLY: 60.3 TOTAL FOR MONTH: 1.14 1 = FOG OR MIST
DPTR FM NORMAL: 7.1 DPTR FM NORMAL: -2.07 2 = FOG REDUCING VISIBILITY
HIGHEST: 82 ON 11 GRTST 24HR 0.29 ON 7- 8 TO 1/4 MILE OR LESS
LOWEST: 34 ON 24 3 = THUNDER
SNOW, ICE PELLETS, HAIL 4 = ICE PELLETS
TOTAL MONTH: 0.0 INCH 5 = HAIL
GRTST 24HR 0.0 6 = FREEZING RAIN OR DRIZZLE
GRTST DEPTH: 0 7 = DUSTSTORM OR SANDSTORM:
VSBY 1/2 MILE OR LESS
8 = SMOKE OR HAZE
[NO. OF DAYS WITH] [WEATHER - DAYS WITH] 9 = BLOWING SNOW
X = TORNADO
MAX 32 OR BELOW: 0 0.01 INCH OR MORE: 9
MAX 90 OR ABOVE: 0 0.10 INCH OR MORE: 5
MIN 32 OR BELOW: 0 0.50 INCH OR MORE: 0
MIN 0 OR BELOW: 0 1.00 INCH OR MORE: 0
[HDD (BASE 65) ]
TOTAL THIS MO. 183 CLEAR (SCALE 0-3) 8
DPTR FM NORMAL -196 PTCLDY (SCALE 4-7) 19
TOTAL FM JUL 1 510 CLOUDY (SCALE 8-10) 4
DPTR FM NORMAL -128
[CDD (BASE 65) ]
TOTAL THIS MO. 46
DPTR FM NORMAL 34 [PRESSURE DATA]
TOTAL FM JAN 1 2483 HIGHEST SLP 30.45 ON 15
DPTR FM NORMAL -113 LOWEST SLP 29.76 ON 21
[REMARKS]
#FINAL-12-21#