000
CXUS56 KLOX 011155
CF6SBA
PRELIMINARY LOCAL CLIMATOLOGICAL DATA (WS FORM: F-6)
STATION: SANTA BARBARA AIRPORT CA
MONTH: APRIL
YEAR: 2022
LATITUDE: 34 25 N
LONGITUDE: 119 50 W
TEMPERATURE IN F: :PCPN: SNOW: WIND :SUNSHINE: SKY :PK WND
================================================================================
1 2 3 4 5 6A 6B 7 8 9 10 11 12 13 14 15 16 17 18
12Z AVG MX 2MIN
DY MAX MIN AVG DEP HDD CDD WTR SNW DPTH SPD SPD DIR MIN PSBL S-S WX SPD DR
================================================================================
1 65 44 55 -2 10 0 0.00 M M 4.6 13 260 M M 2 18 15 240
2 62 50 56 -1 9 0 0.00 M M 5.3 12 150 M M 9 18 14 130
3 65 46 56 -1 9 0 0.00 M M 4.9 17 270 M M 6 1 21 250
4 74 46 60 3 5 0 0.00 M M 5.9 18 330 M M 3 128 22 320
5 90 58 74 17 0 9 0.00 M M 11.5 24 300 M M 0 31 310
6 77 53 65 8 0 0 0.00 M M 4.7 12 150 M M 1 128 13 140
7 92 53 73 16 0 8 0.00 M M 4.8 14 260 M M 0 1 16 260
8 90 52 71 14 0 6 0.00 M M 4.5 12 250 M M 0 18 13 250
9 72 53 63 6 2 0 0.00 M M 5.0 14 130 M M 0 18 17 150
10 66 49 58 0 7 0 0.00 M M 5.8 13 40 M M 2 18 15 40
11 73 46 60 2 5 0 0.00 M M 11.6 31 270 M M 0 8 38 290
12 72 42 57 -1 8 0 0.00 M M 10.4 26 280 M M 0 37 310
13 71 42 57 -1 8 0 0.00 M M 7.0 21 260 M M 0 25 250
14 72 42 57 -1 8 0 0.00 M M 5.7 21 320 M M 0 27 320
15 69 49 59 1 6 0 0.00 M M 6.8 16 130 M M 0 19 130
16 64 51 58 0 7 0 0.00 M M 9.5 24 270 M M 2 32 260
17 65 49 57 -1 8 0 0.00 M M 5.8 14 240 M M 3 18 270
18 67 48 58 0 7 0 0.00 M M 5.0 14 140 M M 2 17 150
19 81 56 69 11 0 4 0.00 M M 11.4 29 250 M M 0 37 240
20 65 48 57 -1 8 0 0.00 M M 8.1 18 260 M M 0 23 260
21 66 44 55 -3 10 0 0.25 M M 5.2 16 260 M M 4 1 21 260
22 67 50 59 1 6 0 0.00 M M 12.5 26 260 M M 3 34 260
23 72 50 61 3 4 0 0.00 M M 7.8 21 10 M M 0 8 26 30
24 81 47 64 5 1 0 0.00 M M 5.1 15 250 M M 0 8 18 250
25 83 48 66 7 0 1 0.00 M M 4.9 14 250 M M 0 18 16 240
26 66 50 58 -1 7 0 0.00 M M 5.9 14 160 M M 0 18 17 200
27 67 48 58 -1 7 0 0.00 M M 6.5 14 60 M M 0 8 18 50
28 68 43 56 -3 9 0 0.00 M M 5.8 14 340 M M 1 17 230
29 67 45 56 -3 9 0 0.00 M M 4.5 13 140 M M 0 1 18 240
30 72 46 59 0 6 0 0.00 M M 4.7 26 340 M M 0 8 33 330
================================================================================
SM 2161 1448 166 28 0.25 M 201.2 M 38
================================================================================
AV 72.0 48.3 6.7 FASTST M M 1 MAX(MPH)
MISC ----> 31 270 38 290
================================================================================
NOTES:
# LAST OF SEVERAL OCCURRENCES
COLUMN 17 PEAK WIND IN M.P.H.
PRELIMINARY LOCAL CLIMATOLOGICAL DATA (WS FORM: F-6) , PAGE 2
STATION: SANTA BARBARA AIRPORT CA
MONTH: APRIL
YEAR: 2022
LATITUDE: 34 25 N
LONGITUDE: 119 50 W
[TEMPERATURE DATA] [PRECIPITATION DATA] SYMBOLS USED IN COLUMN 16
AVERAGE MONTHLY: 60.2 TOTAL FOR MONTH: 0.25 1 = FOG OR MIST
DPTR FM NORMAL: 2.2 DPTR FM NORMAL: -0.66 2 = FOG REDUCING VISIBILITY
HIGHEST: 92 ON 7 GRTST 24HR 0.25 ON 21-21 TO 1/4 MILE OR LESS
LOWEST: 42 ON 14,13 3 = THUNDER
SNOW, ICE PELLETS, HAIL 4 = ICE PELLETS
TOTAL MONTH: M 5 = HAIL
GRTST 24HR M ON M 6 = FREEZING RAIN OR DRIZZLE
GRTST DEPTH: M ON M 7 = DUSTSTORM OR SANDSTORM:
VSBY 1/2 MILE OR LESS
8 = SMOKE OR HAZE
[NO. OF DAYS WITH] [WEATHER - DAYS WITH] 9 = BLOWING SNOW
X = TORNADO
MAX 32 OR BELOW: 0 0.01 INCH OR MORE: 1
MAX 90 OR ABOVE: 3 0.10 INCH OR MORE: 1
MIN 32 OR BELOW: 0 0.50 INCH OR MORE: 0
MIN 0 OR BELOW: 0 1.00 INCH OR MORE: 0
[HDD (BASE 65) ]
TOTAL THIS MO. 166 CLEAR (SCALE 0-3) 26
DPTR FM NORMAL -51 PTCLDY (SCALE 4-7) 3
TOTAL FM JUL 1 1937 CLOUDY (SCALE 8-10) 1
DPTR FM NORMAL -108
[CDD (BASE 65) ]
TOTAL THIS MO. 28
DPTR FM NORMAL 22 [PRESSURE DATA]
TOTAL FM JAN 1 34 HIGHEST SLP 30.18 ON 17
DPTR FM NORMAL 26 LOWEST SLP 29.73 ON 9
[REMARKS]
#FINAL-04-22#