000
CXUS53 KIWX 010910
CF6SBN
PRELIMINARY LOCAL CLIMATOLOGICAL DATA (WS FORM: F-6)
STATION: SOUTH BEND
MONTH: NOVEMBER
YEAR: 2021
LATITUDE: 41 42 N
LONGITUDE: 86 19 W
TEMPERATURE IN F: :PCPN: SNOW: WIND :SUNSHINE: SKY :PK WND
================================================================================
1 2 3 4 5 6A 6B 7 8 9 10 11 12 13 14 15 16 17 18
12Z AVG MX 2MIN
DY MAX MIN AVG DEP HDD CDD WTR SNW DPTH SPD SPD DIR MIN PSBL S-S WX SPD DR
================================================================================
1 49 34 42 -4 23 0 0.00 0.0 0 9.2 21 290 M M 5 32 290
2 47 35 41 -4 24 0 T T 0 8.5 20 290 M M 10 27 280
3 47 29 38 -7 27 0 T T 0 4.6 14 290 M M 3 19 280
4 49 28 39 -5 26 0 0.00 0.0 0 2.9 13 330 M M 4 15 340
5 52 30 41 -3 24 0 0.00 0.0 0 4.7 14 160 M M 3 21 210
6 57 28 43 -1 22 0 0.00 0.0 0 5.8 17 200 M M 0 22 200
7 65 39 52 9 13 0 0.00 0.0 0 7.9 18 210 M M 0 23 210
8 66 46 56 13 9 0 0.00 0.0 0 8.2 17 230 M M 0 24 220
9 56 37 47 5 18 0 T 0.0 0 3.2 10 20 M M 4 128 12 20
10 58 32 45 3 20 0 T 0.0 0 9.0 20 120 M M 2 12 27 120
11 59 38 49 7 16 0 0.17 0.0 0 12.9 25 260 M M 5 18 35 270
12 44 33 39 -2 26 0 0.09 T 0 14.1 25 240 M M 8 1 37 260
13 41 33 37 -4 28 0 0.33 T 0 12.4 22 240 M M 10 1 28 230
14 39 33 36 -4 29 0 0.56 1.2 1 13.2 30 330 M M 10 18 40 330
15 37 31 34 -6 31 0 T 0.1 1 8.9 18 240 M M 10 1 23 240
16 50 31 41 1 24 0 0.00 0.0 0 10.2 18 140 M M 6 12 27 150
17 62 44 53 14 12 0 0.30 0.0 0 12.8 23 300 M M 10 18 31 310
18 44 32 38 -1 27 0 T T 0 14.6 26 270 M M 6 37 280
19 41 33 37 -1 28 0 T T 0 8.2 16 310 M M 5 23 310
20 47 34 41 3 24 0 0.00 0.0 0 8.9 17 190 M M 4 8 24 180
21 53 33 43 5 22 0 T 0.0 0 10.0 32 320 M M 4 46 320
22 37 22 30 -7 35 0 0.00 0.0 0 10.7 20 290 M M 5 27 290
23 43 21 32 -5 33 0 0.00 0.0 0 8.0 16 190 M M 0 23 200
24 52 35 44 8 21 0 0.01 0.0 0 13.5 22 200 M M 2 33 220
25 50 32 41 5 24 0 0.32 0.5 T 12.3 23 320 M M 10 12 31 330
26 32 25 29 -7 36 0 T T T 9.4 21 330 M M 10 29 300
27 39 25 32 -3 33 0 T T 0 9.2 20 320 M M 8 4 27 320
28 39 25 32 -3 33 0 T T 0 12.3 24 310 M M 9 36 320
29 40 24 32 -2 33 0 0.01 T 0 8.5 17 160 M M 5 8 25 170
30 48 29 39 5 26 0 0.00 0.0 0 8.5 21 300 M M 1 18 27 300
================================================================================
SM 1443 951 747 0 1.79 1.8 282.6 M 159
================================================================================
AV 48.1 31.7 9.4 FASTST M M 5 MAX(MPH)
MISC ----> 32 320 46 320
================================================================================
NOTES:
# LAST OF SEVERAL OCCURRENCES
COLUMN 17 PEAK WIND IN M.P.H.
PRELIMINARY LOCAL CLIMATOLOGICAL DATA (WS FORM: F-6) , PAGE 2
STATION: SOUTH BEND
MONTH: NOVEMBER
YEAR: 2021
LATITUDE: 41 42 N
LONGITUDE: 86 19 W
[TEMPERATURE DATA] [PRECIPITATION DATA] SYMBOLS USED IN COLUMN 16
AVERAGE MONTHLY: 39.9 TOTAL FOR MONTH: 1.79 1 = FOG OR MIST
DPTR FM NORMAL: 0.1 DPTR FM NORMAL: -0.99 2 = FOG REDUCING VISIBILITY
HIGHEST: 66 ON 8 GRTST 24HR 0.56 ON 14-14 TO 1/4 MILE OR LESS
LOWEST: 21 ON 23 3 = THUNDER
SNOW, ICE PELLETS, HAIL 4 = ICE PELLETS
TOTAL MONTH: 1.8 INCHES 5 = HAIL
GRTST 24HR 1.2 ON 14-14 6 = FREEZING RAIN OR DRIZZLE
GRTST DEPTH: 1 ON 15,14 7 = DUSTSTORM OR SANDSTORM:
VSBY 1/2 MILE OR LESS
8 = SMOKE OR HAZE
[NO. OF DAYS WITH] [WEATHER - DAYS WITH] 9 = BLOWING SNOW
X = TORNADO
MAX 32 OR BELOW: 1 0.01 INCH OR MORE: 8
MAX 90 OR ABOVE: 0 0.10 INCH OR MORE: 5
MIN 32 OR BELOW: 16 0.50 INCH OR MORE: 1
MIN 0 OR BELOW: 0 1.00 INCH OR MORE: 0
[HDD (BASE 65) ]
TOTAL THIS MO. 747 CLEAR (SCALE 0-3) 9
DPTR FM NORMAL -11 PTCLDY (SCALE 4-7) 11
TOTAL FM JUL 1 1014 CLOUDY (SCALE 8-10) 10
DPTR FM NORMAL -295
[CDD (BASE 65) ]
TOTAL THIS MO. 0
DPTR FM NORMAL 0 [PRESSURE DATA]
TOTAL FM JAN 1 1167 HIGHEST SLP 30.54 ON 19
DPTR FM NORMAL 444 LOWEST SLP 29.56 ON 11
[REMARKS]
#FINAL-11-21#