000
CXUS56 KLOX 011725
CF6SBP
PRELIMINARY LOCAL CLIMATOLOGICAL DATA (WS FORM: F-6)
STATION: SAN LUIS OBISPO AIRPORT CA
MONTH: AUGUST
YEAR: 2020
LATITUDE: 35 13 N
LONGITUDE: 120 38 W
TEMPERATURE IN F: :PCPN: SNOW: WIND :SUNSHINE: SKY :PK WND
================================================================================
1 2 3 4 5 6A 6B 7 8 9 10 11 12 13 14 15 16 17 18
12Z AVG MX 2MIN
DY MAX MIN AVG DEP HDD CDD WTR SNW DPTH SPD SPD DIR MIN PSBL S-S WX SPD DR
================================================================================
1 84 53 69 3 0 4 0.00 0.0 0 10.5 24 320 M M 2 12 29 320
2 87 49 68 2 0 3 0.00 0.0 0 7.6 23 310 M M 3 12 28 300
3 90 53 72 6 0 7 0.00 0.0 0 9.5 25 310 M M 0 30 310
4 78 53 66 0 0 1 0.00 0.0 0 8.0 23 310 M M 5 18 27 320
5 74 57 66 0 0 1 0.00 0.0 0 9.5 23 310 M M 7 27 290
6 75 51 63 -3 2 0 0.00 0.0 0 6.6 17 300 M M 3 1 21 320
7 73 53 63 -4 2 0 0.00 0.0 0 7.9 22 310 M M 5 1 27 300
8 78 58 68 1 0 3 0.00 0.0 0 4.0 13 300 M M 3 17 310
9 78 53 66 -1 0 1 0.00 0.0 0 3.4 12 310 M M 1 12 15 310
10 76 54 65 -2 0 0 0.00 0.0 0 4.3 12 300 M M 4 12 18 320
11 77 55 66 -1 0 1 0.00 0.0 0 7.3 17 310 M M 4 1 20 310
12 80 55 68 1 0 3 0.00 0.0 0 7.6 15 300 M M 3 18 18 300
13 82 55 69 2 0 4 0.01 0.0 0 6.3 26 310 M M 6 13 30 310
14 99 66 83 16 0 18 0.00 0.0 0 4.3 12 280 M M 0 M M
15 96 63 80 13 0 15 0.00 0.0 0 5.5 25 320 M M 1 3 29 320
16 91 64 78 11 0 13 0.00 0.0 0 5.1 16 210 M M 0 21 210
17 93 64 79 12 0 14 0.00 0.0 0 5.7 22 310 M M 0 24 310
18 100 63 82 15 0 17 0.00 0.0 0 6.2 22 310 M M 0 8 29 290
19 97 70 84 17 0 19 0.00 0.0 0 12.4 23 310 M M 6 8 28 300
20 90 58 74 7 0 9 0.00 0.0 0 10.3 23 310 M M 10 8 29 330
21 88 55 72 5 0 7 0.00 0.0 0 3.6 14 300 M M 10 18 17 320
22 90 59 75 8 0 10 0.00 0.0 0 3.9 14 250 M M 4 8 19 240
23 83 62 73 6 0 8 0.00 0.0 0 3.5 13 230 M M 0 8 16 210
24 84 59 72 5 0 7 0.00 0.0 0 5.3 15 320 M M 0 18 19 330
25 79 58 69 1 0 4 0.00 0.0 0 9.8 22 300 M M 6 18 25 310
26 76 57 67 -1 0 2 0.00 0.0 0 11.6 25 310 M M 5 1 28 310
27 74 55 65 -3 0 0 0.00 0.0 0 10.8 21 310 M M 6 1 24 310
28 78 56 67 -1 0 2 0.00 0.0 0 5.6 13 300 M M 5 1 20 320
29 75 55 65 -3 0 0 0.00 0.0 0 4.5 13 300 M M 5 1 16 310
30 73 55 64 -4 1 0 0.00 0.0 0 5.4 14 310 M M 5 1 17 310
31 75 55 65 -3 0 0 0.00 0.0 0 4.6 14 320 M M 7 18 16 320
================================================================================
SM 2573 1773 5 173 0.01 0.0 210.6 M 116
================================================================================
AV 83.0 57.2 6.8 FASTST M M 4 MAX(MPH)
MISC ----> # 26 310 # 30 310
================================================================================
NOTES:
# LAST OF SEVERAL OCCURRENCES
COLUMN 17 PEAK WIND IN M.P.H.
PRELIMINARY LOCAL CLIMATOLOGICAL DATA (WS FORM: F-6) , PAGE 2
STATION: SAN LUIS OBISPO AIRPORT CA
MONTH: AUGUST
YEAR: 2020
LATITUDE: 35 13 N
LONGITUDE: 120 38 W
[TEMPERATURE DATA] [PRECIPITATION DATA] SYMBOLS USED IN COLUMN 16
AVERAGE MONTHLY: 70.1 TOTAL FOR MONTH: 0.01 1 = FOG OR MIST
DPTR FM NORMAL: 3.1 DPTR FM NORMAL: -0.03 2 = FOG REDUCING VISIBILITY
HIGHEST: 100 ON 18 GRTST 24HR 0.01 ON 13-13 TO 1/4 MILE OR LESS
LOWEST: 49 ON 2 3 = THUNDER
SNOW, ICE PELLETS, HAIL 4 = ICE PELLETS
TOTAL MONTH: 0.0 INCH 5 = HAIL
GRTST 24HR 0.0 6 = FREEZING RAIN OR DRIZZLE
GRTST DEPTH: 0 7 = DUSTSTORM OR SANDSTORM:
VSBY 1/2 MILE OR LESS
8 = SMOKE OR HAZE
[NO. OF DAYS WITH] [WEATHER - DAYS WITH] 9 = BLOWING SNOW
X = TORNADO
MAX 32 OR BELOW: 0 0.01 INCH OR MORE: 1
MAX 90 OR ABOVE: 9 0.10 INCH OR MORE: 0
MIN 32 OR BELOW: 0 0.50 INCH OR MORE: 0
MIN 0 OR BELOW: 0 1.00 INCH OR MORE: 0
[HDD (BASE 65) ]
TOTAL THIS MO. 5 CLEAR (SCALE 0-3) 11
DPTR FM NORMAL -7 PTCLDY (SCALE 4-7) 18
TOTAL FM JUL 1 15 CLOUDY (SCALE 8-10) 2
DPTR FM NORMAL -29
[CDD (BASE 65) ]
TOTAL THIS MO. 173
DPTR FM NORMAL 99 [PRESSURE DATA]
TOTAL FM JAN 1 332 HIGHEST SLP 30.02 ON 13
DPTR FM NORMAL 165 LOWEST SLP 29.72 ON 20
[REMARKS]
#FINAL-08-20#