000
CXUS51 KAKQ 011157
CF6SBY
PRELIMINARY LOCAL CLIMATOLOGICAL DATA (WS FORM: F-6)
STATION: SALISBURY MD
MONTH: JULY
YEAR: 2022
LATITUDE: 38 20 N
LONGITUDE: 75 30 W
TEMPERATURE IN F: :PCPN: SNOW: WIND :SUNSHINE: SKY :PK WND
================================================================================
1 2 3 4 5 6A 6B 7 8 9 10 11 12 13 14 15 16 17 18
12Z AVG MX 2MIN
DY MAX MIN AVG DEP HDD CDD WTR SNW DPTH SPD SPD DIR MIN PSBL S-S WX SPD DR
================================================================================
1 91 68 80 3 0 15 0.00 0.0 0 9.1 20 200 M M 1 1 24 200
2 90 76 83 6 0 18 0.00 0.0 0 9.8 20 200 M M 0 27 250
3 87 68 78 1 0 13 0.00 0.0 0 5.6 14 330 M M 3 1 17 330
4 88 65 77 -1 0 12 0.00 0.0 0 4.7 14 110 M M 1 128 18 140
5 89 63 76 -2 0 11 0.93 0.0 0 7.2 20 190 M M 4 13 25 190
6 91 73 82 4 0 17 0.00 0.0 0 5.4 15 260 M M 0 18 270
7 80 72 76 -2 0 11 0.04 0.0 0 5.4 13 40 M M 7 1 16 20
8 85 72 79 1 0 14 0.00 0.0 0 4.4 12 180 M M 6 14 180
9 76 67 72 -6 0 7 0.14 0.0 0 6.9 17 30 M M 9 1 23 20
10 81 62 72 -6 0 7 0.00 0.0 0 6.3 17 70 M M 6 1 23 70
11 84 59 72 -6 0 7 0.00 0.0 0 4.3 13 110 M M 0 1 19 110
12 89 65 77 -1 0 12 0.76 0.0 0 8.6 41 270 M M 1 138 56 270
13 91 71 81 3 0 16 0.00 0.0 0 4.6 13 250 M M 2 16 280
14 90 74 82 4 0 17 0.00 0.0 0 5.1 14 310 M M 2 1 19 260
15 84 68 76 -2 0 11 1.14 0.0 0 5.1 20 280 M M 5 13 26 340
16 87 69 78 0 0 13 0.09 0.0 0 4.5 16 10 M M 6 13 18 20
17 88 71 80 2 0 15 0.00 0.0 0 5.4 13 150 M M 2 17 150
18 91 75 83 5 0 18 0.00 0.0 0 8.8 18 270 M M 1 25 270
19 90 73 82 4 0 17 0.00 0.0 0 4.3 12 300 M M 3 15 270
20 93 71 82 4 0 17 0.00 0.0 0 5.1 14 190 M M 1 1 18 190
21 93 75 84 6 0 19 0.26 0.0 0 8.3 18 260 M M 2 13 22 230
22 92 74 83 5 0 18 0.00 0.0 0 6.3 14 240 M M 0 1 18 270
23 94 75 85 7 0 20 0.00 0.0 0 M M M M M 1 8 M M
24 94 76 85 7 0 20 0.00 0.0 0 7.6 14 200 M M 1 14 200
25 93 73 83 5 0 18 1.36 0.0 0 12.3 30 240 M M 2 13 41 330
26 84 73 79 1 0 14 0.38 0.0 0 4.3 14 60 M M 6 18 16 70
27 88 73 81 3 0 16 0.21 0.0 0 3.7 10 130 M M 6 1 13 250
28 92 75 84 6 0 19 0.27 0.0 0 5.6 23 230 M M 1 13 30 270
29 89 71 80 2 0 15 T 0.0 0 4.4 13 140 M M 2 18 180
30 89 69 79 1 0 14 0.00 0.0 0 6.4 18 340 M M 1 24 340
31 89 66 78 0 0 13 0.00 0.0 0 3.5 13 180 M M 3 17 150
================================================================================
SM 2742 2182 0 454 5.58 0.0 183.0 M 85
================================================================================
AV 88.5 70.4 6.1 FASTST M M 3 MAX(MPH)
MISC ----> 41 270 56 270
================================================================================
NOTES:
# LAST OF SEVERAL OCCURRENCES
COLUMN 17 PEAK WIND IN M.P.H.
PRELIMINARY LOCAL CLIMATOLOGICAL DATA (WS FORM: F-6) , PAGE 2
STATION: SALISBURY MD
MONTH: JULY
YEAR: 2022
LATITUDE: 38 20 N
LONGITUDE: 75 30 W
[TEMPERATURE DATA] [PRECIPITATION DATA] SYMBOLS USED IN COLUMN 16
AVERAGE MONTHLY: 79.4 TOTAL FOR MONTH: 5.58 1 = FOG OR MIST
DPTR FM NORMAL: 1.5 DPTR FM NORMAL: 0.85 2 = FOG REDUCING VISIBILITY
HIGHEST: 94 ON 24,23 GRTST 24HR 1.58 ON 25-26 TO 1/4 MILE OR LESS
LOWEST: 59 ON 11 3 = THUNDER
SNOW, ICE PELLETS, HAIL 4 = ICE PELLETS
TOTAL MONTH: 0.0 INCH 5 = HAIL
GRTST 24HR 0.0 6 = FREEZING RAIN OR DRIZZLE
GRTST DEPTH: 0 7 = DUSTSTORM OR SANDSTORM:
VSBY 1/2 MILE OR LESS
8 = SMOKE OR HAZE
[NO. OF DAYS WITH] [WEATHER - DAYS WITH] 9 = BLOWING SNOW
X = TORNADO
MAX 32 OR BELOW: 0 0.01 INCH OR MORE: 11
MAX 90 OR ABOVE: 14 0.10 INCH OR MORE: 9
MIN 32 OR BELOW: 0 0.50 INCH OR MORE: 4
MIN 0 OR BELOW: 0 1.00 INCH OR MORE: 2
[HDD (BASE 65) ]
TOTAL THIS MO. 0 CLEAR (SCALE 0-3) 22
DPTR FM NORMAL 0 PTCLDY (SCALE 4-7) 8
TOTAL FM JUL 1 0 CLOUDY (SCALE 8-10) 1
DPTR FM NORMAL 0
[CDD (BASE 65) ]
TOTAL THIS MO. 454
DPTR FM NORMAL 54 [PRESSURE DATA]
TOTAL FM JAN 1 850 HIGHEST SLP 30.20 ON 31
DPTR FM NORMAL 94 LOWEST SLP 29.70 ON 21
[REMARKS]
#FINAL-07-22#