000
CXUS51 KAKQ 010810
CF6SBY
PRELIMINARY LOCAL CLIMATOLOGICAL DATA (WS FORM: F-6)
STATION: SALISBURY MD
MONTH: DECEMBER
YEAR: 2023
LATITUDE: 38 20 N
LONGITUDE: 75 30 W
TEMPERATURE IN F: :PCPN: SNOW: WIND :SUNSHINE: SKY :PK WND
================================================================================
1 2 3 4 5 6A 6B 7 8 9 10 11 12 13 14 15 16 17 18
12Z AVG MX 2MIN
DY MAX MIN AVG DEP HDD CDD WTR SNW DPTH SPD SPD DIR MIN PSBL S-S WX SPD DR
================================================================================
1 63 29 46 2 19 0 0.18 0.0 0 7.2 18 200 M M 4 1 26 200
2 62 54 58 14 7 0 T 0.0 0 5.1 14 240 M M 10 12 23 250
3 65 53 59 16 6 0 0.47 0.0 0 5.6 14 270 M M 10 12 21 250
4 58 37 48 5 17 0 0.00 0.0 0 3.3 13 300 M M 2 1 18 310
5 52 31 42 -1 23 0 0.00 0.0 0 2.2 10 330 M M 2 1 14 320
6 47 34 41 -2 24 0 T 0.0 0 8.6 23 310 M M 7 3 30 310
7 48 26 37 -5 28 0 T 0.0 0 5.1 18 210 M M 4 22 220
8 58 30 44 2 21 0 0.00 0.0 0 3.4 13 140 M M 0 1 18 180
9 63 35 49 7 16 0 0.00 0.0 0 4.7 17 220 M M 2 12 25 220
10 70 48 59 17 6 0 1.06 0.0 0 12.7 33 310 M M 9 13 46 310
11 49 29 39 -3 26 0 0.55 T 0 10.6 28 320 M M 6 13 36 310
12 48 25 37 -4 28 0 0.00 0.0 0 1.9 12 220 M M 0 15 270
13 54 28 41 0 24 0 0.00 0.0 0 5.4 21 310 M M 0 29 320
14 45 24 35 -6 30 0 0.00 0.0 0 2.8 13 360 M M 0 18 10
15 59 26 43 2 22 0 0.00 0.0 0 3.9 16 290 M M 0 22 280
16 61 30 46 6 19 0 0.00 0.0 0 1.9 12 90 M M 0 12 14 50
17 63 37 50 10 15 0 1.14 0.0 0 11.4 33 90 M M 8 12 59 120
18 66 42 54 14 11 0 4.04 0.0 0 13.5 33 150 M M 7 1 51 170
19 44 33 39 -1 26 0 0.00 0.0 0 11.3 23 310 M M 6 33 320
20 46 29 38 -2 27 0 0.00 0.0 0 6.9 16 320 M M 0 23 330
21 48 28 38 -2 27 0 0.00 0.0 0 2.9 14 10 M M 3 21 20
22 52 34 43 4 22 0 0.00 0.0 0 2.4 8 110 M M 7 12 110
23 51 32 42 3 23 0 0.00 0.0 0 2.3 8 110 M M 4 11 110
24 58 35 47 8 18 0 T 0.0 0 1.1 7 100 M M 6 1 9 180
25 61 40 51 12 14 0 0.00 0.0 0 4.5 12 90 M M 5 1 15 80
26 57 48 53 14 12 0 0.00 0.0 0 7.0 12 70 M M 10 1 15 70
27 65 49 57 19 8 0 0.30 0.0 0 8.7 20 110 M M 10 1 30 110
28 59 45 52 14 13 0 0.20 0.0 0 6.5 13 310 M M 8 12 20 350
29 57 43 50 12 15 0 0.11 0.0 0 3.0 10 310 M M 7 12 14 290
30 49 37 43 5 22 0 0.02 0.0 0 8.7 20 260 M M 6 27 300
31 49 28 39 1 26 0 0.00 0.0 0 2.9 13 310 M M 1 17 320
================================================================================
SM 1727 1099 595 0 8.07 T 177.5 M 144
================================================================================
AV 55.7 35.5 5.7 FASTST M M 5 MAX(MPH)
MISC ----> # 33 310 59 120
================================================================================
NOTES:
# LAST OF SEVERAL OCCURRENCES
COLUMN 17 PEAK WIND IN M.P.H.
PRELIMINARY LOCAL CLIMATOLOGICAL DATA (WS FORM: F-6) , PAGE 2
STATION: SALISBURY MD
MONTH: DECEMBER
YEAR: 2023
LATITUDE: 38 20 N
LONGITUDE: 75 30 W
[TEMPERATURE DATA] [PRECIPITATION DATA] SYMBOLS USED IN COLUMN 16
AVERAGE MONTHLY: 45.6 TOTAL FOR MONTH: 8.07 1 = FOG OR MIST
DPTR FM NORMAL: 5.0 DPTR FM NORMAL: 4.48 2 = FOG REDUCING VISIBILITY
HIGHEST: 70 ON 10 GRTST 24HR 4.04 ON 18-18 TO 1/4 MILE OR LESS
LOWEST: 24 ON 14 3 = THUNDER
SNOW, ICE PELLETS, HAIL 4 = ICE PELLETS
TOTAL MONTH: T 5 = HAIL
GRTST 24HR T ON 11-11 6 = FREEZING RAIN OR DRIZZLE
GRTST DEPTH: 0 7 = DUSTSTORM OR SANDSTORM:
VSBY 1/2 MILE OR LESS
8 = SMOKE OR HAZE
[NO. OF DAYS WITH] [WEATHER - DAYS WITH] 9 = BLOWING SNOW
X = TORNADO
MAX 32 OR BELOW: 0 0.01 INCH OR MORE: 10
MAX 90 OR ABOVE: 0 0.10 INCH OR MORE: 9
MIN 32 OR BELOW: 14 0.50 INCH OR MORE: 4
MIN 0 OR BELOW: 0 1.00 INCH OR MORE: 3
[HDD (BASE 65) ]
TOTAL THIS MO. 595 CLEAR (SCALE 0-3) 12
DPTR FM NORMAL -162 PTCLDY (SCALE 4-7) 13
TOTAL FM JUL 1 1282 CLOUDY (SCALE 8-10) 6
DPTR FM NORMAL -245
[CDD (BASE 65) ]
TOTAL THIS MO. 0
DPTR FM NORMAL 0 [PRESSURE DATA]
TOTAL FM JAN 1 1372 HIGHEST SLP 30.76 ON 14
DPTR FM NORMAL 72 LOWEST SLP 29.10 ON 18
[REMARKS]
#FINAL-12-23#