000
CXUS55 KPSR 011005
CF6SDL
PRELIMINARY LOCAL CLIMATOLOGICAL DATA (WS FORM: F-6)
STATION: SCOTTSDALE AZ
MONTH: OCTOBER
YEAR: 2021
LATITUDE: 33 37 N
LONGITUDE: 111 54 W
TEMPERATURE IN F: :PCPN: SNOW: WIND :SUNSHINE: SKY :PK WND
================================================================================
1 2 3 4 5 6A 6B 7 8 9 10 11 12 13 14 15 16 17 18
12Z AVG MX 2MIN
DY MAX MIN AVG DEP HDD CDD WTR SNW DPTH SPD SPD DIR MIN PSBL S-S WX SPD DR
================================================================================
1 90 63 77 -4 0 12 0.00 M M 1.7 8 20 M M 0 13 30
2 91 64 78 -2 0 13 0.00 M M 2.1 9 230 M M 0 12 260
3 95 66 81 1 0 16 0.00 0.0 M 2.5 10 120 M M 0 14 110
4 96 71 84 4 0 19 0.00 0.0 M 4.7 17 250 M M 0 27 250
5 86 69 78 -1 0 13 0.08 0.0 M 5.7 20 40 M M 4 3 25 40
6 88 64 76 -3 0 11 0.00 M M 2.0 10 190 M M 0 17 150
7 89 68 79 1 0 14 0.00 M M 3.2 10 160 M M 0 15 170
8 89 68 79 1 0 14 0.00 0.0 M 3.8 12 250 M M 0 17 140
9 84 69 77 -1 0 12 0.00 M M 4.1 12 270 M M 3 20 270
10 82 58 70 -7 0 5 0.00 M M 2.8 10 230 M M 0 14 230
11 85 57 71 -6 0 6 T M M 7.0 24 210 M M 1 8 41 250
12 68 56 62 -14 3 0 0.00 0.0 M 6.5 18 220 M M 2 8 29 270
13 74 48 61 -15 4 0 0.00 M M 2.6 9 240 M M 0 14 240
14 77 51 64 -12 1 0 0.00 0.0 M 1.8 10 150 M M 0 14 160
15 84 59 72 -3 0 7 0.00 0.0 M 7.6 20 50 M M 0 24 50
16 90 62 76 1 0 11 0.00 M M 7.0 21 40 M M 0 28 50
17 89 64 77 2 0 12 0.00 M M 2.7 10 160 M M 0 14 170
18 82 63 73 -1 0 8 0.00 M M 5.7 17 250 M M 1 25 250
19 78 57 68 -6 0 3 0.00 M M 2.0 9 170 M M 0 13 170
20 84 57 71 -3 0 6 0.00 M M 1.4 7 190 M M 0 11 170
21 89 56 73 0 0 8 0.00 M M 1.5 8 270 M M 0 12 290
22 88 58 73 0 0 8 0.00 M M 1.6 9 230 M M 0 12 240
23 83 59 71 -1 0 6 0.00 M M 2.2 9 150 M M 0 14 150
24 84 62 73 1 0 8 0.00 M M 2.4 10 160 M M 0 15 160
25 87 60 74 2 0 9 0.00 M M 4.4 17 250 M M 0 8 28 240
26 75 60 68 -3 0 3 0.00 M M 8.9 17 240 M M 1 30 220
27 77 52 65 -6 0 0 0.00 M M 2.7 9 210 M M 0 14 200
28 88 53 71 1 0 6 0.00 M M 2.0 8 220 M M 0 10 210
29 91 59 75 5 0 10 0.00 M M 2.5 12 140 M M 0 18 130
30 86 59 73 3 0 8 0.00 M M 2.4 8 180 M M 0 12 180
31 85 59 72 3 0 7 0.00 M M 2.3 12 160 M M 0 17 50
================================================================================
SM 2634 1871 8 255 0.08 0.0 109.8 M 12
================================================================================
AV 85.0 60.4 3.5 FASTST M M 0 MAX(MPH)
MISC ----> 24 210 41 250
================================================================================
NOTES:
# LAST OF SEVERAL OCCURRENCES
COLUMN 17 PEAK WIND IN M.P.H.
PRELIMINARY LOCAL CLIMATOLOGICAL DATA (WS FORM: F-6) , PAGE 2
STATION: SCOTTSDALE AZ
MONTH: OCTOBER
YEAR: 2021
LATITUDE: 33 37 N
LONGITUDE: 111 54 W
[TEMPERATURE DATA] [PRECIPITATION DATA] SYMBOLS USED IN COLUMN 16
AVERAGE MONTHLY: 72.7 TOTAL FOR MONTH: 0.08 1 = FOG OR MIST
DPTR FM NORMAL: -2.3 DPTR FM NORMAL: -0.54 2 = FOG REDUCING VISIBILITY
HIGHEST: 96 ON 4 GRTST 24HR 0.08 ON 5- 5 TO 1/4 MILE OR LESS
LOWEST: 48 ON 13 3 = THUNDER
SNOW, ICE PELLETS, HAIL 4 = ICE PELLETS
TOTAL MONTH: 0.0 INCH 5 = HAIL
GRTST 24HR 0.0 6 = FREEZING RAIN OR DRIZZLE
GRTST DEPTH: M ON M 7 = DUSTSTORM OR SANDSTORM:
VSBY 1/2 MILE OR LESS
8 = SMOKE OR HAZE
[NO. OF DAYS WITH] [WEATHER - DAYS WITH] 9 = BLOWING SNOW
X = TORNADO
MAX 32 OR BELOW: 0 0.01 INCH OR MORE: 1
MAX 90 OR ABOVE: 6 0.10 INCH OR MORE: 0
MIN 32 OR BELOW: 0 0.50 INCH OR MORE: 0
MIN 0 OR BELOW: 0 1.00 INCH OR MORE: 0
[HDD (BASE 65) ]
TOTAL THIS MO. 8 CLEAR (SCALE 0-3) 30
DPTR FM NORMAL 0 PTCLDY (SCALE 4-7) 1
TOTAL FM JUL 1 8 CLOUDY (SCALE 8-10) 0
DPTR FM NORMAL 3
[CDD (BASE 65) ]
TOTAL THIS MO. 255
DPTR FM NORMAL -63 [PRESSURE DATA]
TOTAL FM JAN 1 4241 HIGHEST SLP 30.16 ON 27
DPTR FM NORMAL 126 LOWEST SLP 29.41 ON 11
[REMARKS]
#FINAL-10-21#