000
CXUS55 KPSR 011005
CF6SDL
PRELIMINARY LOCAL CLIMATOLOGICAL DATA (WS FORM: F-6)
STATION: SCOTTSDALE AZ
MONTH: SEPTEMBER
YEAR: 2020
LATITUDE: 33 37 N
LONGITUDE: 111 54 W
TEMPERATURE IN F: :PCPN: SNOW: WIND :SUNSHINE: SKY :PK WND
================================================================================
1 2 3 4 5 6A 6B 7 8 9 10 11 12 13 14 15 16 17 18
12Z AVG MX 2MIN
DY MAX MIN AVG DEP HDD CDD WTR SNW DPTH SPD SPD DIR MIN PSBL S-S WX SPD DR
================================================================================
1 100 82 91 1 0 26 0.00 M M 6.2 17 250 M M 0 23 250
2 101 83 92 2 0 27 0.00 M M 4.8 13 240 M M 0 18 230
3 106 82 94 4 0 29 0.00 M M 2.7 12 230 M M 0 17 260
4 113 81 97 8 0 32 0.00 M M 2.7 10 160 M M 1 13 160
5 113 86 100 11 0 35 0.00 M M 4.9 16 70 M M 1 22 70
6 111 85 98 9 0 33 0.00 M M 2.5 14 240 M M 1 17 230
7 106 82 94 5 0 29 0.00 M M 4.9 14 250 M M 0 20 240
8 96 77 87 -1 0 22 0.00 M M 7.2 20 240 M M 0 26 250
9 89 67 78 -10 0 13 0.00 M M 4.7 21 50 M M 0 26 60
10 90 66 78 -10 0 13 0.00 M M 3.8 21 50 M M 0 27 40
11 91 69 80 -8 0 15 0.00 M M 2.6 10 200 M M 0 13 200
12 97 68 83 -4 0 18 0.00 M M 2.9 10 230 M M 0 17 150
13 101 74 88 1 0 23 0.00 M M 3.3 10 110 M M 0 15 190
14 102 77 90 3 0 25 0.00 M M 4.6 15 70 M M 0 8 22 100
15 103 76 90 4 0 25 0.00 M M 2.3 10 230 M M 0 15 240
16 107 72 90 4 0 25 0.00 M M 2.8 12 230 M M 0 14 230
17 106 74 90 4 0 25 0.00 M M 2.5 13 160 M M 0 16 110
18 104 78 91 6 0 26 0.00 M M 3.9 12 200 M M 0 19 220
19 102 78 90 5 0 25 0.00 M M 3.7 13 190 M M 0 18 200
20 105 76 91 6 0 26 0.00 M M 2.1 10 260 M M 0 13 260
21 103 78 91 7 0 26 0.00 M M 2.6 14 230 M M 0 8 19 250
22 99 81 90 6 0 25 T M M 3.7 15 30 M M 0 8 18 30
23 103 74 89 6 0 24 0.00 M M 3.4 14 240 M M 0 21 250
24 104 73 89 6 0 24 0.00 M M 2.0 10 250 M M 0 14 300
25 104 74 89 6 0 24 0.00 M M 2.2 12 270 M M 0 16 250
26 101 73 87 5 0 22 0.00 M M 2.8 10 250 M M 0 15 240
27 100 71 86 4 0 21 0.00 M M 2.4 13 230 M M 0 18 230
28 101 69 85 4 0 20 0.00 M M 2.7 10 200 M M 0 16 180
29 100 75 88 7 0 23 0.00 M M 2.8 10 140 M M 0 14 130
30 103 71 87 6 0 22 0.00 M M 2.7 10 240 M M 0 8 13 240
================================================================================
SM 3061 2272 0 723 T M 102.4 M 3
================================================================================
AV102.0 75.7 3.4 FASTST M M 0 MAX(MPH)
MISC ----> # 21 50 27 40
================================================================================
NOTES:
# LAST OF SEVERAL OCCURRENCES
COLUMN 17 PEAK WIND IN M.P.H.
PRELIMINARY LOCAL CLIMATOLOGICAL DATA (WS FORM: F-6) , PAGE 2
STATION: SCOTTSDALE AZ
MONTH: SEPTEMBER
YEAR: 2020
LATITUDE: 33 37 N
LONGITUDE: 111 54 W
[TEMPERATURE DATA] [PRECIPITATION DATA] SYMBOLS USED IN COLUMN 16
AVERAGE MONTHLY: 88.9 TOTAL FOR MONTH: T 1 = FOG OR MIST
DPTR FM NORMAL: 3.1 DPTR FM NORMAL: -0.90 2 = FOG REDUCING VISIBILITY
HIGHEST: 113 ON 5, 4 GRTST 24HR T ON 22-22 TO 1/4 MILE OR LESS
LOWEST: 66 ON 10 3 = THUNDER
SNOW, ICE PELLETS, HAIL 4 = ICE PELLETS
TOTAL MONTH: M 5 = HAIL
GRTST 24HR M ON M 6 = FREEZING RAIN OR DRIZZLE
GRTST DEPTH: M ON M 7 = DUSTSTORM OR SANDSTORM:
VSBY 1/2 MILE OR LESS
8 = SMOKE OR HAZE
[NO. OF DAYS WITH] [WEATHER - DAYS WITH] 9 = BLOWING SNOW
X = TORNADO
MAX 32 OR BELOW: 0 0.01 INCH OR MORE: 0
MAX 90 OR ABOVE: 29 0.10 INCH OR MORE: 0
MIN 32 OR BELOW: 0 0.50 INCH OR MORE: 0
MIN 0 OR BELOW: 0 1.00 INCH OR MORE: 0
[HDD (BASE 65) ]
TOTAL THIS MO. 0 CLEAR (SCALE 0-3) 30
DPTR FM NORMAL 0 PTCLDY (SCALE 4-7) 0
TOTAL FM JUL 1 0 CLOUDY (SCALE 8-10) 0
DPTR FM NORMAL 0
[CDD (BASE 65) ]
TOTAL THIS MO. 723
DPTR FM NORMAL 99 [PRESSURE DATA]
TOTAL FM JAN 1 4289 HIGHEST SLP 30.01 ON 29
DPTR FM NORMAL 670 LOWEST SLP 29.44 ON 8
[REMARKS]
#FINAL-09-20#