000
CXUS56 KSGX 011145
CF6SDM
PRELIMINARY LOCAL CLIMATOLOGICAL DATA (WS FORM: F-6)
STATION: SAN DIEGO/BROWN
MONTH: JANUARY
YEAR: 2024
LATITUDE: 32 34 N
LONGITUDE: 116 59 W
TEMPERATURE IN F: :PCPN: SNOW: WIND :SUNSHINE: SKY :PK WND
================================================================================
1 2 3 4 5 6A 6B 7 8 9 10 11 12 13 14 15 16 17 18
12Z AVG MX 2MIN
DY MAX MIN AVG DEP HDD CDD WTR SNW DPTH SPD SPD DIR MIN PSBL S-S WX SPD DR
================================================================================
1 67 44 56 1 9 0 0.00 M M 5.7 14 250 M M 0 18 18 280
2 65 42 54 -1 11 0 0.00 M M 5.4 10 280 M M 1 1 14 270
3 59 46 53 -2 12 0 0.37 M M 5.8 16 280 M M 6 18 23 280
4 61 41 51 -5 14 0 0.00 M M 5.6 12 270 M M 0 18 14 290
5 66 40 53 -3 12 0 0.00 M M 5.3 10 150 M M 0 14 130
6 67 35 51 -5 14 0 0.00 M M 6.8 12 150 M M 0 19 230
7 59 38 49 -7 16 0 0.11 M M 7.7 21 270 M M 3 18 31 280
8 61 33 47 -9 18 0 0.00 M M 5.4 13 270 M M 0 8 16 360
9 63 33 48 -8 17 0 0.00 M M 5.7 10 280 M M 0 18 15 270
10 63 37 50 -6 15 0 T M M 8.6 15 270 M M 5 8 20 270
11 63 40 52 -4 13 0 0.22 M M 7.3 20 270 M M 5 1 24 270
12 64 37 51 -5 14 0 0.00 M M 5.1 13 270 M M 0 8 17 270
13 64 36 50 -6 15 0 0.00 M M 4.4 14 250 M M 0 18 16 270
14 63 38 51 -5 14 0 0.00 M M 4.9 12 280 M M 2 8 15 270
15 64 40 52 -4 13 0 0.00 M M 3.9 10 270 M M 0 128 13 260
16 67 41 54 -2 11 0 0.00 M M 2.6 14 270 M M 2 128 18 280
17 62 50 56 0 9 0 0.00 M M 2.6 10 280 M M 8 18 13 270
18 68 43 56 0 9 0 0.00 M M 3.7 10 270 M M 0 18 14 280
19 70 47 59 3 6 0 0.00 M M 3.6 12 280 M M 0 18 16 270
20 64 49 57 1 8 0 0.51 M M 5.4 15 150 M M 7 18 19 150
21 61 55 58 2 7 0 0.13 M M 5.6 13 200 M M 10 18 15 200
22 61 57 59 3 6 0 2.00 M M 12.0 28 170 M M 10 128 34 170
23 62 51 57 1 8 0 0.07 M M 5.8 14 260 M M 8 18 19 270
24 61 48 55 -1 10 0 0.00 M M 3.0 12 270 M M 5 18 15 270
25 62 51 57 1 8 0 0.00 M M 2.5 9 280 M M 9 18 11 250
26 71 47 59 3 6 0 0.00 M M 3.2 10 280 M M 0 8 14 290
27 76 44 60 4 5 0 0.00 M M 6.2 18 130 M M 0 8 22 120
28 81 46 64 8 1 0 0.00 M M 3.9 10 210 M M 0 8 12 310
29 78 46 62 6 3 0 0.00 M M 6.1 14 270 M M 0 8 18 130
30 75 45 60 4 5 0 0.00 M M 4.4 14 280 M M 0 18 17 280
31 68 45 57 1 8 0 0.00 M M 4.2 15 200 M M 1 128 18 200
================================================================================
SM 2036 1345 317 0 3.41 M 162.4 M 82
================================================================================
AV 65.7 43.4 5.2 FASTST M M 3 MAX(MPH)
MISC ----> 28 170 34 170
================================================================================
NOTES:
# LAST OF SEVERAL OCCURRENCES
COLUMN 17 PEAK WIND IN M.P.H.
PRELIMINARY LOCAL CLIMATOLOGICAL DATA (WS FORM: F-6) , PAGE 2
STATION: SAN DIEGO/BROWN
MONTH: JANUARY
YEAR: 2024
LATITUDE: 32 34 N
LONGITUDE: 116 59 W
[TEMPERATURE DATA] [PRECIPITATION DATA] SYMBOLS USED IN COLUMN 16
AVERAGE MONTHLY: 54.5 TOTAL FOR MONTH: 3.41 1 = FOG OR MIST
DPTR FM NORMAL: -1.2 DPTR FM NORMAL: 1.58 2 = FOG REDUCING VISIBILITY
HIGHEST: 81 ON 28 GRTST 24HR 2.73 ON 21-22 TO 1/4 MILE OR LESS
LOWEST: 33 ON 9, 8 3 = THUNDER
SNOW, ICE PELLETS, HAIL 4 = ICE PELLETS
TOTAL MONTH: 0.0 INCH 5 = HAIL
GRTST 24HR M ON M 6 = FREEZING RAIN OR DRIZZLE
GRTST DEPTH: 0 7 = DUSTSTORM OR SANDSTORM:
VSBY 1/2 MILE OR LESS
8 = SMOKE OR HAZE
[NO. OF DAYS WITH] [WEATHER - DAYS WITH] 9 = BLOWING SNOW
X = TORNADO
MAX 32 OR BELOW: 0 0.01 INCH OR MORE: 7
MAX 90 OR ABOVE: 0 0.10 INCH OR MORE: 6
MIN 32 OR BELOW: 0 0.50 INCH OR MORE: 2
MIN 0 OR BELOW: 0 1.00 INCH OR MORE: 1
[HDD (BASE 65) ]
TOTAL THIS MO. 317 CLEAR (SCALE 0-3) 21
DPTR FM NORMAL 25 PTCLDY (SCALE 4-7) 7
TOTAL FM JUL 1 643 CLOUDY (SCALE 8-10) 3
DPTR FM NORMAL -171
[CDD (BASE 65) ]
TOTAL THIS MO. 0
DPTR FM NORMAL -4 [PRESSURE DATA]
TOTAL FM JAN 1 0 HIGHEST SLP 30.31 ON 8
DPTR FM NORMAL -4 LOWEST SLP 29.73 ON 22
[REMARKS]
#FINAL-01-24#