000
CXUS56 KSGX 281045
CF6SDM
PRELIMINARY LOCAL CLIMATOLOGICAL DATA (WS FORM: F-6)
STATION: SAN DIEGO/BROWN
MONTH: MARCH
YEAR: 2024
LATITUDE: 32 34 N
LONGITUDE: 116 59 W
TEMPERATURE IN F: :PCPN: SNOW: WIND :SUNSHINE: SKY :PK WND
================================================================================
1 2 3 4 5 6A 6B 7 8 9 10 11 12 13 14 15 16 17 18
12Z AVG MX 2MIN
DY MAX MIN AVG DEP HDD CDD WTR SNW DPTH SPD SPD DIR MIN PSBL S-S WX SPD DR
================================================================================
1 66 47 57 1 8 0 0.00 M M 3.6 13 270 M M 4 18 19 280
2 64 53 59 3 6 0 0.13 M M 8.5 15 240 M M 9 1 21 260
3 62 50 56 0 9 0 0.09 M M 5.7 18 260 M M 8 1 23 260
4 62 49 56 -1 9 0 0.02 M M 5.9 15 270 M M 7 18 22 280
5 65 46 56 -1 9 0 0.00 M M 4.5 13 260 M M 3 18 19 260
6 65 47 56 -1 9 0 0.29 M M 6.0 15 160 M M 5 18 19 200
7 62 50 56 -1 9 0 0.11 M M 5.8 15 270 M M 8 1 19 280
8 68 48 58 1 7 0 0.00 M M 4.2 15 270 M M 2 1 18 280
9 70 45 58 1 7 0 0.00 M M 4.2 15 270 M M 0 18 19 280
10 66 43 55 -2 10 0 0.00 M M 3.9 15 280 M M 0 18 18 270
11 63 47 55 -2 10 0 0.00 M M 4.4 14 260 M M 4 18 17 280
12 63 49 56 -1 9 0 0.00 M M 4.8 14 260 M M 7 18 18 250
13 66 50 58 1 7 0 0.01 M M 5.3 14 260 M M 7 18 19 250
14 65 47 56 -1 9 0 T M M 6.3 20 50 M M 4 18 29 30
15 65 44 55 -2 10 0 T M M 6.3 16 260 M M 4 8 21 220
16 67 44 56 -1 9 0 0.00 M M 5.1 14 270 M M 1 18 19 270
17 67 43 55 -3 10 0 0.00 M M 5.2 14 280 M M 1 18 18 280
18 72 46 59 1 6 0 0.00 M M 4.9 22 50 M M 2 138 33 50
19 72 49 61 3 4 0 0.00 M M 5.8 13 280 M M 0 18 17 280
20 68 49 59 1 6 0 0.00 M M 4.0 12 260 M M 2 128 14 270
21 70 49 60 2 5 0 0.00 M M 6.9 9 250 M M 2 128 9 250
22 68 47 58 0 7 0 0.00 M M 4.6 13 270 M M 2 128 17 280
23 67 51 59 1 6 0 0.46 M M 7.2 18 280 M M 7 18 26 290
24 61 48 55 -3 10 0 0.24 M M 11.7 22 270 M M 8 18 34 280
25 64 44 54 -4 11 0 T M M 7.2 15 260 M M 6 23 250
26 63 46 55 -3 10 0 T M M 5.9 15 270 M M 6 18 22 270
27 70 43 57 -1 8 0 0.00 M M 3.9 14 280 M M 1 18 19 250
================================================================================
SM 1781 1274 220 0 1.35 M 151.8 M 110
================================================================================
AV 66.0 47.2 5.6 FASTST M M 4 MAX(MPH)
MISC ----> # 22 50 34 280
================================================================================
NOTES:
# LAST OF SEVERAL OCCURRENCES
COLUMN 17 PEAK WIND IN M.P.H.
PRELIMINARY LOCAL CLIMATOLOGICAL DATA (WS FORM: F-6) , PAGE 2
STATION: SAN DIEGO/BROWN
MONTH: MARCH
YEAR: 2024
LATITUDE: 32 34 N
LONGITUDE: 116 59 W
[TEMPERATURE DATA] [PRECIPITATION DATA] SYMBOLS USED IN COLUMN 16
AVERAGE MONTHLY: 56.6 TOTAL FOR MONTH: 1.35 1 = FOG OR MIST
DPTR FM NORMAL: -0.7 DPTR FM NORMAL: -0.02 2 = FOG REDUCING VISIBILITY
HIGHEST: 72 ON 19,18 GRTST 24HR 0.55 ON 23-24 TO 1/4 MILE OR LESS
LOWEST: 43 ON 27,17 3 = THUNDER
SNOW, ICE PELLETS, HAIL 4 = ICE PELLETS
TOTAL MONTH: M 5 = HAIL
GRTST 24HR M ON M 6 = FREEZING RAIN OR DRIZZLE
GRTST DEPTH: M ON M 7 = DUSTSTORM OR SANDSTORM:
VSBY 1/2 MILE OR LESS
8 = SMOKE OR HAZE
[NO. OF DAYS WITH] [WEATHER - DAYS WITH] 9 = BLOWING SNOW
X = TORNADO
MAX 32 OR BELOW: 0 0.01 INCH OR MORE: 8
MAX 90 OR ABOVE: 0 0.10 INCH OR MORE: 5
MIN 32 OR BELOW: 0 0.50 INCH OR MORE: 0
MIN 0 OR BELOW: 0 1.00 INCH OR MORE: 0
[HDD (BASE 65) ]
TOTAL THIS MO. 220 CLEAR (SCALE 0-3) 12
DPTR FM NORMAL 6 PTCLDY (SCALE 4-7) 14
TOTAL FM JUL 1 1140 CLOUDY (SCALE 8-10) 1
DPTR FM NORMAL -153
[CDD (BASE 65) ]
TOTAL THIS MO. 0
DPTR FM NORMAL 0 [PRESSURE DATA]
TOTAL FM JAN 1 0 HIGHEST SLP M ON M
DPTR FM NORMAL -8 LOWEST SLP 29.73 ON 14
[REMARKS]