000
CXUS54 KFWD 010731
CF6SEP
PRELIMINARY LOCAL CLIMATOLOGICAL DATA (WS FORM: F-6)
STATION: STEPHENVILLE
MONTH: APRIL
YEAR: 2021
LATITUDE: 32 13 N
LONGITUDE: 98 11 W
TEMPERATURE IN F: :PCPN: SNOW: WIND :SUNSHINE: SKY :PK WND
================================================================================
1 2 3 4 5 6A 6B 7 8 9 10 11 12 13 14 15 16 17 18
12Z AVG MX 2MIN
DY MAX MIN AVG DEP HDD CDD WTR SNW DPTH SPD SPD DIR MIN PSBL S-S WX SPD DR
================================================================================
1 68 35 52 -7 13 0 0.00 M M 4.4 8 110 M M 0 M M
2 69 41 55 -5 10 0 0.00 M M 9.0 18 150 M M 3 24 150
3 65 50 58 -2 7 0 0.00 M M 9.3 15 160 M M 8 22 170
4 70 55 63 3 2 0 0.00 M M 7.6 13 180 M M 8 21 200
5 78 51 65 5 0 0 0.00 M M 8.7 17 170 M M 4 22 150
6 84 63 74 13 0 9 0.00 M M 16.1 22 170 M M 5 32 170
7 78 51 65 4 0 0 0.00 M M 11.7 22 330 M M 3 29 330
8 85 45 65 4 0 0 0.00 M M 5.0 13 150 M M 1 20 170
9 94 60 77 15 0 12 0.00 M M 12.1 18 190 M M 1 31 350
10 73 48 61 -1 4 0 0.00 M M 9.6 17 360 M M 0 25 360
11 86 44 65 3 0 0 0.00 M M 7.4 15 210 M M 0 23 190
12 85 58 72 10 0 7 0.00 0.0 M 6.5 15 360 M M 1 21 350
13 76 52 64 1 1 0 0.00 M M 9.3 15 350 M M 8 26 350
14 74 53 64 1 1 0 0.00 M M 9.4 15 350 M M 8 22 340
15 59 55 57 -6 8 0 0.87 M M 9.0 14 10 M M 10 3 20 60
16 61 50 56 -8 9 0 0.06 M M 9.2 18 10 M M 9 24 10
17 56 44 50 -14 15 0 0.00 M M 13.2 18 340 M M 5 25 350
18 67 39 53 -11 12 0 0.00 M M 6.2 12 350 M M 0 21 360
19 72 40 56 -8 9 0 0.00 M M 2.6 7 220 M M 0 M M
20 59 40 50 -15 15 0 0.00 M M 11.5 25 340 M M 0 29 340
21 55 35 45 -20 20 0 0.00 M M 4.1 8 60 M M 7 M M
22 58 49 54 -11 11 0 M M M 7.0 13 120 M M 10 17 120
23 71 58 65 -1 0 0 M M M 7.2 13 140 M M 9 20 140
24 74 53 64 -2 1 0 M M M 9.0 17 330 M M 4 24 330
25 85 46 66 0 0 1 0.00 M M 8.1 15 180 M M 2 23 180
26 84 63 74 8 0 9 0.00 M M 13.3 18 160 M M 1 27 170
27 76 69 73 6 0 8 M M M 12.9 21 140 M M 8 28 140
28 82 68 75 8 0 10 1.02 M M 8.5 14 180 M M 9 22 160
29 69 62 66 -1 0 1 0.58 M M 11.1 17 10 M M 10 25 320
30 64 59 62 -6 3 0 0.99 M M 9.1 16 350 M M 10 25 40
================================================================================
SM 2177 1536 141 57 3.52 0.0 268.2 M 144
================================================================================
AV 72.6 51.2 8.9 FASTST M M 5 MAX(MPH)
MISC ----> 25 340 32 170
================================================================================
NOTES:
# LAST OF SEVERAL OCCURRENCES
COLUMN 17 PEAK WIND IN M.P.H.
PRELIMINARY LOCAL CLIMATOLOGICAL DATA (WS FORM: F-6) , PAGE 2
STATION: STEPHENVILLE
MONTH: APRIL
YEAR: 2021
LATITUDE: 32 13 N
LONGITUDE: 98 11 W
[TEMPERATURE DATA] [PRECIPITATION DATA] SYMBOLS USED IN COLUMN 16
AVERAGE MONTHLY: 61.9 TOTAL FOR MONTH: 3.52 1 = FOG OR MIST
DPTR FM NORMAL: -1.5 DPTR FM NORMAL: 1.00 2 = FOG REDUCING VISIBILITY
HIGHEST: 94 ON 9 GRTST 24HR 1.02 ON 28-28 TO 1/4 MILE OR LESS
LOWEST: 35 ON 21, 1 3 = THUNDER
SNOW, ICE PELLETS, HAIL 4 = ICE PELLETS
TOTAL MONTH: 0.0 INCH 5 = HAIL
GRTST 24HR 0.0 6 = FREEZING RAIN OR DRIZZLE
GRTST DEPTH: M ON M 7 = DUSTSTORM OR SANDSTORM:
VSBY 1/2 MILE OR LESS
8 = SMOKE OR HAZE
[NO. OF DAYS WITH] [WEATHER - DAYS WITH] 9 = BLOWING SNOW
X = TORNADO
MAX 32 OR BELOW: 0 0.01 INCH OR MORE: 5
MAX 90 OR ABOVE: 1 0.10 INCH OR MORE: 4
MIN 32 OR BELOW: 0 0.50 INCH OR MORE: 4
MIN 0 OR BELOW: 0 1.00 INCH OR MORE: 1
[HDD (BASE 65) ]
TOTAL THIS MO. 141 CLEAR (SCALE 0-3) 13
DPTR FM NORMAL 20 PTCLDY (SCALE 4-7) 7
TOTAL FM JUL 1 2376 CLOUDY (SCALE 8-10) 10
DPTR FM NORMAL -322
[CDD (BASE 65) ]
TOTAL THIS MO. 57
DPTR FM NORMAL -16 [PRESSURE DATA]
TOTAL FM JAN 1 83 HIGHEST SLP M ON M
DPTR FM NORMAL -10 LOWEST SLP M ON M
[REMARKS]
#FINAL-04-21#